[dpdk-test-report] |FAILURE| pw70012-70015 [PATCH] [v4, 1/4] hash: add kv hash library

dpdklab at iol.unh.edu dpdklab at iol.unh.edu
Mon May 11 14:33:49 CEST 2020


Test-Label: iol-testing
Test-Status: FAILURE
http://dpdk.org/patch/70012

_Testing issues_

Submitter: Vladimir Medvedkin <vladimir.medvedkin at intel.com>
Date: Friday, May 08 2020 19:58:50 
DPDK git baseline: Repo:dpdk
  Branch: master
  CommitID:dec44d41109dac609d83805c0b906df446f8680e

70012-70015 --> testing fail

Test environment and result as below:

+---------------------+-------------------+--------------------+--------------+------------------+----------------+
|     Environment     | dpdk_compile_spdk | dpdk_meson_compile | dpdk_compile | dpdk_compile_ovs | dpdk_unit_test |
+=====================+===================+====================+==============+==================+================+
| Ubuntu 18.04        | FAIL              | FAIL               | FAIL         | FAIL             | PASS           |
+---------------------+-------------------+--------------------+--------------+------------------+----------------+
| Fedora 31           | FAIL              | FAIL               | FAIL         | FAIL             | SKIPPED        |
+---------------------+-------------------+--------------------+--------------+------------------+----------------+
| FreeBSD 11.2        | PASS              | PASS               | PASS         | SKIPPED          | SKIPPED        |
+---------------------+-------------------+--------------------+--------------+------------------+----------------+
| CentOS 8            | PASS              | PASS               | PASS         | PASS             | SKIPPED        |
+---------------------+-------------------+--------------------+--------------+------------------+----------------+
| openSUSE Leap 15    | PASS              | PASS               | PASS         | PASS             | SKIPPED        |
+---------------------+-------------------+--------------------+--------------+------------------+----------------+
| Windows Server 2019 | SKIPPED           | PASS               | SKIPPED      | SKIPPED          | SKIPPED        |
+---------------------+-------------------+--------------------+--------------+------------------+----------------+
| Arch Linux          | SKIPPED           | PASS               | PASS         | PASS             | SKIPPED        |
+---------------------+-------------------+--------------------+--------------+------------------+----------------+

Ubuntu 18.04
	Kernel: 4.15.0-generic
	Compiler: gcc 7.4

Fedora 31
	Kernel: 5.3.16
	Compiler: gcc 9.2.1

FreeBSD 11.2
	Kernel: 11.2
	Compiler: gcc 8.3

CentOS 8
	Kernel: 4.18.0.el8_0
	Compiler: gcc 8.3.1

openSUSE Leap 15
	Kernel: 4.12.14
	Compiler: gcc 7.4.1

Windows Server 2019
	Kernel: 10.0
	Compiler: clang 9.0

Arch Linux
	Kernel: latest
	Compiler: gcc latest

To view detailed results, visit:
https://lab.dpdk.org/results/dashboard/patchsets/11005/

UNH-IOL DPDK Community Lab

To manage your email subscriptions, visit: 
https://lab.dpdk.org/results/dashboard/preferences/subscriptions/


More information about the test-report mailing list