[dpdk-test-report] |FAILURE| pw70055 [PATCH] [v1] net/iavf: fix setting wrong RXDID value for Rx queue
dpdklab at iol.unh.edu
dpdklab at iol.unh.edu
Tue May 12 11:26:38 CEST 2020
Test-Label: iol-testing
Test-Status: FAILURE
http://dpdk.org/patch/70055
_Testing issues_
Submitter: Xu, Ting <ting.xu at intel.com>
Date: Monday, May 11 2020 15:27:48
DPDK git baseline: Repo:dpdk
Branch: master
CommitID:dec44d41109dac609d83805c0b906df446f8680e
70055 --> testing fail
Test environment and result as below:
+---------------------+------------------+-------------------+--------------------+--------------+----------------+
| Environment | dpdk_compile_ovs | dpdk_compile_spdk | dpdk_meson_compile | dpdk_compile | dpdk_unit_test |
+=====================+==================+===================+====================+==============+================+
| Ubuntu 18.04 | FAIL | FAIL | FAIL | FAIL | PASS |
+---------------------+------------------+-------------------+--------------------+--------------+----------------+
| Fedora 31 | FAIL | FAIL | FAIL | FAIL | SKIPPED |
+---------------------+------------------+-------------------+--------------------+--------------+----------------+
| CentOS 8 | PASS | PASS | PASS | PASS | SKIPPED |
+---------------------+------------------+-------------------+--------------------+--------------+----------------+
| openSUSE Leap 15 | PASS | PASS | PASS | PASS | SKIPPED |
+---------------------+------------------+-------------------+--------------------+--------------+----------------+
| Arch Linux | PASS | SKIPPED | PASS | PASS | SKIPPED |
+---------------------+------------------+-------------------+--------------------+--------------+----------------+
| FreeBSD 11.2 | SKIPPED | PASS | PASS | PASS | SKIPPED |
+---------------------+------------------+-------------------+--------------------+--------------+----------------+
| Windows Server 2019 | SKIPPED | SKIPPED | PASS | SKIPPED | SKIPPED |
+---------------------+------------------+-------------------+--------------------+--------------+----------------+
Ubuntu 18.04
Kernel: 4.15.0-generic
Compiler: gcc 7.4
Fedora 31
Kernel: 5.3.16
Compiler: gcc 9.2.1
CentOS 8
Kernel: 4.18.0.el8_0
Compiler: gcc 8.3.1
openSUSE Leap 15
Kernel: 4.12.14
Compiler: gcc 7.4.1
Arch Linux
Kernel: latest
Compiler: gcc latest
FreeBSD 11.2
Kernel: 11.2
Compiler: gcc 8.3
Windows Server 2019
Kernel: 10.0
Compiler: clang 9.0
To view detailed results, visit:
https://lab.dpdk.org/results/dashboard/patchsets/11023/
UNH-IOL DPDK Community Lab
To manage your email subscriptions, visit:
https://lab.dpdk.org/results/dashboard/preferences/subscriptions/
More information about the test-report
mailing list