[dpdk-test-report] |FAILURE| pw69959 [PATCH] app/test: handle -ENOTSUP from session init
dpdklab at iol.unh.edu
dpdklab at iol.unh.edu
Tue May 12 14:53:42 CEST 2020
Test-Label: iol-testing
Test-Status: FAILURE
http://dpdk.org/patch/69959
_Testing issues_
Submitter: Ankur Dwivedi <adwivedi at marvell.com>
Date: Thursday, May 07 2020 15:26:10
DPDK git baseline: Repo:dpdk
Branch: master
CommitID:0efc99bed3a0a78a02d55da02cedb5028dbcd6f1
69959 --> testing fail
Test environment and result as below:
+---------------------+------------------+--------------------+-------------------+--------------+----------------+
| Environment | dpdk_compile_ovs | dpdk_meson_compile | dpdk_compile_spdk | dpdk_compile | dpdk_unit_test |
+=====================+==================+====================+===================+==============+================+
| Ubuntu 18.04 | FAIL | FAIL | FAIL | FAIL | PASS |
+---------------------+------------------+--------------------+-------------------+--------------+----------------+
| Fedora 31 | FAIL | FAIL | FAIL | FAIL | SKIPPED |
+---------------------+------------------+--------------------+-------------------+--------------+----------------+
| CentOS 8 | PASS | PASS | PASS | PASS | SKIPPED |
+---------------------+------------------+--------------------+-------------------+--------------+----------------+
| openSUSE Leap 15 | PASS | PASS | PASS | PASS | SKIPPED |
+---------------------+------------------+--------------------+-------------------+--------------+----------------+
| Arch Linux | PASS | PASS | SKIPPED | PASS | SKIPPED |
+---------------------+------------------+--------------------+-------------------+--------------+----------------+
| Windows Server 2019 | SKIPPED | PASS | SKIPPED | SKIPPED | SKIPPED |
+---------------------+------------------+--------------------+-------------------+--------------+----------------+
| FreeBSD 11.2 | SKIPPED | PASS | PASS | PASS | SKIPPED |
+---------------------+------------------+--------------------+-------------------+--------------+----------------+
Ubuntu 18.04
Kernel: 4.15.0-generic
Compiler: gcc 7.4
Fedora 31
Kernel: 5.3.16
Compiler: gcc 9.2.1
CentOS 8
Kernel: 4.18.0.el8_0
Compiler: gcc 8.3.1
openSUSE Leap 15
Kernel: 4.12.14
Compiler: gcc 7.4.1
Arch Linux
Kernel: latest
Compiler: gcc latest
Windows Server 2019
Kernel: 10.0
Compiler: clang 9.0
FreeBSD 11.2
Kernel: 11.2
Compiler: gcc 8.3
To view detailed results, visit:
https://lab.dpdk.org/results/dashboard/patchsets/10984/
UNH-IOL DPDK Community Lab
To manage your email subscriptions, visit:
https://lab.dpdk.org/results/dashboard/preferences/subscriptions/
More information about the test-report
mailing list