[dpdk-test-report] |FAILURE| pw70095 [PATCH] net/i40e: fix the security risk of wild pointer operation
dpdklab at iol.unh.edu
dpdklab at iol.unh.edu
Wed May 13 14:45:36 CEST 2020
Test-Label: iol-testing
Test-Status: FAILURE
http://dpdk.org/patch/70095
_Testing issues_
Submitter: Zhao1, Wei <wei.zhao1 at intel.com>
Date: Tuesday, May 12 2020 15:19:15
DPDK git baseline: Repo:dpdk
Branch: master
CommitID:1d51f154cd93bc8f623985032835d2218e05c893
70095 --> testing fail
Test environment and result as below:
+---------------------+--------------+--------------------+------------------+-------------------+----------------+
| Environment | dpdk_compile | dpdk_meson_compile | dpdk_compile_ovs | dpdk_compile_spdk | dpdk_unit_test |
+=====================+==============+====================+==================+===================+================+
| Fedora 31 | FAIL | FAIL | FAIL | FAIL | SKIPPED |
+---------------------+--------------+--------------------+------------------+-------------------+----------------+
| FreeBSD 11.2 | PASS | PASS | SKIPPED | FAIL | SKIPPED |
+---------------------+--------------+--------------------+------------------+-------------------+----------------+
| openSUSE Leap 15 | PASS | PASS | PASS | FAIL | SKIPPED |
+---------------------+--------------+--------------------+------------------+-------------------+----------------+
| CentOS 8 | PASS | PASS | PASS | FAIL | SKIPPED |
+---------------------+--------------+--------------------+------------------+-------------------+----------------+
| Ubuntu 18.04 | PASS | PASS | PASS | FAIL | PASS |
+---------------------+--------------+--------------------+------------------+-------------------+----------------+
| Arch Linux | PASS | PASS | PASS | SKIPPED | SKIPPED |
+---------------------+--------------+--------------------+------------------+-------------------+----------------+
| Windows Server 2019 | SKIPPED | PASS | SKIPPED | SKIPPED | SKIPPED |
+---------------------+--------------+--------------------+------------------+-------------------+----------------+
Fedora 31
Kernel: 5.3.16
Compiler: gcc 9.2.1
FreeBSD 11.2
Kernel: 11.2
Compiler: gcc 8.3
openSUSE Leap 15
Kernel: 4.12.14
Compiler: gcc 7.4.1
CentOS 8
Kernel: 4.18.0.el8_0
Compiler: gcc 8.3.1
Ubuntu 18.04
Kernel: 4.15.0-generic
Compiler: gcc 7.4
Arch Linux
Kernel: latest
Compiler: gcc latest
Windows Server 2019
Kernel: 10.0
Compiler: clang 9.0
To view detailed results, visit:
https://lab.dpdk.org/results/dashboard/patchsets/11048/
UNH-IOL DPDK Community Lab
To manage your email subscriptions, visit:
https://lab.dpdk.org/results/dashboard/preferences/subscriptions/
More information about the test-report
mailing list