[dpdk-test-report] |FAILURE| pw70168 [PATCH] meter: provide experimental alias of API for old apps
dpdklab at iol.unh.edu
dpdklab at iol.unh.edu
Thu May 14 20:01:23 CEST 2020
Test-Label: iol-testing
Test-Status: FAILURE
http://dpdk.org/patch/70168
_Testing issues_
Submitter: Ferruh Yigit <ferruh.yigit at intel.com>
Date: Wednesday, May 13 2020 12:11:49
DPDK git baseline: Repo:dpdk
Branch: master
CommitID:1d51f154cd93bc8f623985032835d2218e05c893
70168 --> testing fail
Test environment and result as below:
+---------------------+------------------+--------------------+-------------------+--------------+----------------+
| Environment | dpdk_compile_ovs | dpdk_meson_compile | dpdk_compile_spdk | dpdk_compile | dpdk_unit_test |
+=====================+==================+====================+===================+==============+================+
| Fedora 31 | FAIL | FAIL | FAIL | FAIL | SKIPPED |
+---------------------+------------------+--------------------+-------------------+--------------+----------------+
| CentOS 8 | PASS | PASS | FAIL | PASS | SKIPPED |
+---------------------+------------------+--------------------+-------------------+--------------+----------------+
| Ubuntu 18.04 | PASS | PASS | FAIL | PASS | PASS |
+---------------------+------------------+--------------------+-------------------+--------------+----------------+
| openSUSE Leap 15 | PASS | PASS | FAIL | PASS | SKIPPED |
+---------------------+------------------+--------------------+-------------------+--------------+----------------+
| Arch Linux | PASS | PASS | SKIPPED | PASS | SKIPPED |
+---------------------+------------------+--------------------+-------------------+--------------+----------------+
| Windows Server 2019 | SKIPPED | PASS | SKIPPED | SKIPPED | SKIPPED |
+---------------------+------------------+--------------------+-------------------+--------------+----------------+
| FreeBSD 11.2 | SKIPPED | PASS | FAIL | PASS | SKIPPED |
+---------------------+------------------+--------------------+-------------------+--------------+----------------+
Fedora 31
Kernel: 5.3.16
Compiler: gcc 9.2.1
CentOS 8
Kernel: 4.18.0.el8_0
Compiler: gcc 8.3.1
Ubuntu 18.04
Kernel: 4.15.0-generic
Compiler: gcc 7.4
openSUSE Leap 15
Kernel: 4.12.14
Compiler: gcc 7.4.1
Arch Linux
Kernel: latest
Compiler: gcc latest
Windows Server 2019
Kernel: 10.0
Compiler: clang 9.0
FreeBSD 11.2
Kernel: 11.2
Compiler: gcc 8.3
To view detailed results, visit:
https://lab.dpdk.org/results/dashboard/patchsets/11087/
UNH-IOL DPDK Community Lab
To manage your email subscriptions, visit:
https://lab.dpdk.org/results/dashboard/preferences/subscriptions/
More information about the test-report
mailing list