[dpdk-test-report] |FAILURE| pw70349 [PATCH] vfio: remove unused variable
dpdklab at iol.unh.edu
dpdklab at iol.unh.edu
Tue May 19 06:58:40 CEST 2020
Test-Label: iol-testing
Test-Status: FAILURE
http://dpdk.org/patch/70349
_Testing issues_
Submitter: wangyunjian <wangyunjian at huawei.com>
Date: Saturday, May 16 2020 07:58:39
DPDK git baseline: Repo:dpdk
Branch: master
CommitID:2e9088556613ed03a15fc08e866bc96475269c0f
70349 --> testing fail
Test environment and result as below:
+---------------------+--------------------+------------------+-------------------+--------------+----------------+
| Environment | dpdk_meson_compile | dpdk_compile_ovs | dpdk_compile_spdk | dpdk_compile | dpdk_unit_test |
+=====================+====================+==================+===================+==============+================+
| Windows Server 2019 | PASS | SKIPPED | SKIPPED | SKIPPED | SKIPPED |
+---------------------+--------------------+------------------+-------------------+--------------+----------------+
| Fedora 31 | FAIL | FAIL | FAIL | FAIL | SKIPPED |
+---------------------+--------------------+------------------+-------------------+--------------+----------------+
| CentOS 8 | PASS | PASS | FAIL | PASS | SKIPPED |
+---------------------+--------------------+------------------+-------------------+--------------+----------------+
| Ubuntu 18.04 | PASS | PASS | FAIL | PASS | PASS |
+---------------------+--------------------+------------------+-------------------+--------------+----------------+
| Arch Linux | PASS | PASS | SKIPPED | PASS | SKIPPED |
+---------------------+--------------------+------------------+-------------------+--------------+----------------+
| openSUSE Leap 15 | PASS | PASS | FAIL | PASS | SKIPPED |
+---------------------+--------------------+------------------+-------------------+--------------+----------------+
| FreeBSD 11.2 | PASS | SKIPPED | FAIL | PASS | SKIPPED |
+---------------------+--------------------+------------------+-------------------+--------------+----------------+
Windows Server 2019
Kernel: 10.0
Compiler: clang 9.0
Fedora 31
Kernel: 5.3.16
Compiler: gcc 9.2.1
CentOS 8
Kernel: 4.18.0.el8_0
Compiler: gcc 8.3.1
Ubuntu 18.04
Kernel: 4.15.0-generic
Compiler: gcc 7.4
Arch Linux
Kernel: latest
Compiler: gcc latest
openSUSE Leap 15
Kernel: 4.12.14
Compiler: gcc 7.4.1
FreeBSD 11.2
Kernel: 11.2
Compiler: gcc 8.3
To view detailed results, visit:
https://lab.dpdk.org/results/dashboard/patchsets/11163/
UNH-IOL DPDK Community Lab
To manage your email subscriptions, visit:
https://lab.dpdk.org/results/dashboard/preferences/subscriptions/
More information about the test-report
mailing list