[dpdk-test-report] |WARNING| [GIT MASTER] 250b3bdd23774e650dce10f1bdf84ed6f9cc8f19

dpdklab at iol.unh.edu dpdklab at iol.unh.edu
Tue Nov 17 23:03:06 CET 2020


_Testing issues_

Branch: dpdk-next-net-mrvl

250b3bdd23774e650dce10f1bdf84ed6f9cc8f19 --> testing fail

Test environment and result as below:

+---------------------+--------------------+----------------+-------------------+
|     Environment     | dpdk_meson_compile | dpdk_unit_test | dpdk_compile_spdk |
+=====================+====================+================+===================+
| Windows Server 2019 | PASS               | SKIPPED        | SKIPPED           |
+---------------------+--------------------+----------------+-------------------+
| FreeBSD 11.2        | PASS               | SKIPPED        | SKIPPED           |
+---------------------+--------------------+----------------+-------------------+
| CentOS 8            | PASS               | SKIPPED        | SKIPPED           |
+---------------------+--------------------+----------------+-------------------+
| Fedora 31           | PASS               | SKIPPED        | SKIPPED           |
+---------------------+--------------------+----------------+-------------------+
| openSUSE Leap 15    | PASS               | SKIPPED        | SKIPPED           |
+---------------------+--------------------+----------------+-------------------+
| Arch Linux          | PASS               | SKIPPED        | SKIPPED           |
+---------------------+--------------------+----------------+-------------------+
| Ubuntu 18.04        | PASS               | PASS           | FAIL              |
+---------------------+--------------------+----------------+-------------------+

Windows Server 2019
	Kernel: 10.0
	Compiler: clang 9.0

FreeBSD 11.2
	Kernel: 11.2
	Compiler: gcc 8.3

CentOS 8
	Kernel: 4.18.0.el8_0
	Compiler: gcc 8.3.1

Fedora 31
	Kernel: 5.3.16
	Compiler: gcc 9.2.1

openSUSE Leap 15
	Kernel: 4.12.14
	Compiler: gcc 7.4.1

Arch Linux
	Kernel: latest
	Compiler: gcc latest

Ubuntu 18.04
	Kernel: 4.15.0-generic
	Compiler: gcc 7.5

To view detailed results, visit:
https://lab.dpdk.org/results/dashboard/tarballs/12671/

UNH-IOL DPDK Community Lab

To manage your email subscriptions, visit: 
https://lab.dpdk.org/results/dashboard/preferences/subscriptions/


More information about the test-report mailing list