[dpdk-test-report] |WARNING| pw84416-84419 [PATCH] [4/4] net/hns3: fix FEC state query
dpdklab at iol.unh.edu
dpdklab at iol.unh.edu
Sat Nov 21 01:12:02 CET 2020
Test-Label: iol-testing
Test-Status: WARNING
http://dpdk.org/patch/84419
_Testing issues_
Submitter: oulijun <oulijun at huawei.com>
Date: Friday, November 20 2020 11:27:36
DPDK git baseline: Repo:dpdk
Branch: master
CommitID:aba2af9936b671e1b492f9c044b3e7f4b7e7628b
84416-84419 --> testing fail
Test environment and result as below:
+---------------------+-------------------+--------------------+----------------+
| Environment | dpdk_compile_spdk | dpdk_meson_compile | dpdk_unit_test |
+=====================+===================+====================+================+
| Ubuntu 18.04 | FAIL | PASS | PASS |
+---------------------+-------------------+--------------------+----------------+
| Windows Server 2019 | SKIPPED | PASS | SKIPPED |
+---------------------+-------------------+--------------------+----------------+
| FreeBSD 11.2 | SKIPPED | PASS | SKIPPED |
+---------------------+-------------------+--------------------+----------------+
| CentOS 8 | SKIPPED | PASS | SKIPPED |
+---------------------+-------------------+--------------------+----------------+
| Fedora 31 | SKIPPED | PASS | SKIPPED |
+---------------------+-------------------+--------------------+----------------+
| openSUSE Leap 15 | SKIPPED | PASS | SKIPPED |
+---------------------+-------------------+--------------------+----------------+
| Arch Linux | SKIPPED | PASS | SKIPPED |
+---------------------+-------------------+--------------------+----------------+
Ubuntu 18.04
Kernel: 4.15.0-generic
Compiler: gcc 7.5
Windows Server 2019
Kernel: 10.0
Compiler: clang 9.0
FreeBSD 11.2
Kernel: 11.2
Compiler: gcc 8.3
CentOS 8
Kernel: 4.18.0.el8_0
Compiler: gcc 8.3.1
Fedora 31
Kernel: 5.3.16
Compiler: gcc 9.2.1
openSUSE Leap 15
Kernel: 4.12.14
Compiler: gcc 7.4.1
Arch Linux
Kernel: latest
Compiler: gcc latest
To view detailed results, visit:
https://lab.dpdk.org/results/dashboard/patchsets/14593/
UNH-IOL DPDK Community Lab
To manage your email subscriptions, visit:
https://lab.dpdk.org/results/dashboard/preferences/subscriptions/
More information about the test-report
mailing list