[dpdk-test-report] |FAILURE| pw79585-79586 [PATCH] [v4, 4/4] app/testpmd: add commands for tunnel offload API
dpdklab at iol.unh.edu
dpdklab at iol.unh.edu
Tue Oct 6 16:53:43 CEST 2020
Test-Label: iol-testing
Test-Status: FAILURE
http://dpdk.org/patch/79586
_Testing issues_
Submitter: Gregory Etelson <getelson at nvidia.com>
Date: Sunday, October 04 2020 13:50:40
DPDK git baseline: Repo:dpdk
Branch: master
CommitID:4e1b5092ad1ce3e3bd66eb20a9976d027e424b0a
79585-79586 --> testing fail
Test environment and result as below:
+---------------------+--------------------+----------------+
| Environment | dpdk_meson_compile | dpdk_unit_test |
+=====================+====================+================+
| openSUSE Leap 15 | PASS | SKIPPED |
+---------------------+--------------------+----------------+
| Windows Server 2019 | PASS | SKIPPED |
+---------------------+--------------------+----------------+
| CentOS 8 | FAIL | SKIPPED |
+---------------------+--------------------+----------------+
| FreeBSD 11.2 | PASS | SKIPPED |
+---------------------+--------------------+----------------+
| Ubuntu 18.04 | PASS | PASS |
+---------------------+--------------------+----------------+
| Fedora 31 | PASS | SKIPPED |
+---------------------+--------------------+----------------+
| Fedora Rawhide | FAIL | SKIPPED |
+---------------------+--------------------+----------------+
| Arch Linux | FAIL | SKIPPED |
+---------------------+--------------------+----------------+
openSUSE Leap 15
Kernel: 4.12.14
Compiler: gcc 7.4.1
Windows Server 2019
Kernel: 10.0
Compiler: clang 9.0
CentOS 8
Kernel: 4.18.0.el8_0
Compiler: gcc 8.3.1
FreeBSD 11.2
Kernel: 11.2
Compiler: gcc 8.3
Ubuntu 18.04
Kernel: 4.15.0-generic
Compiler: gcc 7.4
Fedora 31
Kernel: 5.3.16
Compiler: gcc 9.2.1
Fedora Rawhide
Kernel: 5.6.8
Compiler: gcc 10.2.1
Arch Linux
Kernel: latest
Compiler: gcc latest
To view detailed results, visit:
https://lab.dpdk.org/results/dashboard/patchsets/13441/
UNH-IOL DPDK Community Lab
To manage your email subscriptions, visit:
https://lab.dpdk.org/results/dashboard/preferences/subscriptions/
More information about the test-report
mailing list