[dpdk-test-report] |FAILURE| pw80562-80567 [PATCH] [5/5] net/mlx5: enforce limitation on IPv6 next proto
dpdklab at iol.unh.edu
dpdklab at iol.unh.edu
Tue Oct 13 17:04:05 CEST 2020
Test-Label: iol-testing
Test-Status: FAILURE
http://dpdk.org/patch/80567
_Testing issues_
Submitter: Dekel Peled <dekelp at nvidia.com>
Date: Tuesday, October 13 2020 14:16:15
DPDK git baseline: Repo:dpdk-next-net-mlx
Branch: master
CommitID:88c380bb51fc19d78dc7005ed107d1d12fde36be
80562-80567 --> testing fail
Test environment and result as below:
+---------------------+--------------------+----------------+
| Environment | dpdk_meson_compile | dpdk_unit_test |
+=====================+====================+================+
| Windows Server 2019 | PASS | SKIPPED |
+---------------------+--------------------+----------------+
| CentOS 8 | FAIL | SKIPPED |
+---------------------+--------------------+----------------+
| Ubuntu 18.04 | PASS | PASS |
+---------------------+--------------------+----------------+
| openSUSE Leap 15 | FAIL | SKIPPED |
+---------------------+--------------------+----------------+
| FreeBSD 11.2 | PASS | SKIPPED |
+---------------------+--------------------+----------------+
| Fedora 31 | PASS | SKIPPED |
+---------------------+--------------------+----------------+
| Arch Linux | FAIL | SKIPPED |
+---------------------+--------------------+----------------+
Windows Server 2019
Kernel: 10.0
Compiler: clang 9.0
CentOS 8
Kernel: 4.18.0.el8_0
Compiler: gcc 8.3.1
Ubuntu 18.04
Kernel: 4.15.0-generic
Compiler: gcc 7.4
openSUSE Leap 15
Kernel: 4.12.14
Compiler: gcc 7.4.1
FreeBSD 11.2
Kernel: 11.2
Compiler: gcc 8.3
Fedora 31
Kernel: 5.3.16
Compiler: gcc 9.2.1
Arch Linux
Kernel: latest
Compiler: gcc latest
To view detailed results, visit:
https://lab.dpdk.org/results/dashboard/patchsets/13670/
UNH-IOL DPDK Community Lab
To manage your email subscriptions, visit:
https://lab.dpdk.org/results/dashboard/preferences/subscriptions/
More information about the test-report
mailing list