[dpdk-test-report] |FAILURE| pw82058-82065 [PATCH] [v4, 8/8] test/ring: user uintptr_t instead of unsigned long
dpdklab at iol.unh.edu
dpdklab at iol.unh.edu
Sat Oct 24 18:52:03 CEST 2020
Test-Label: iol-testing
Test-Status: FAILURE
http://dpdk.org/patch/82065
_Testing issues_
Submitter: Honnappa Nagarahalli <honnappa.nagarahalli at arm.com>
Date: Saturday, October 24 2020 16:11:12
DPDK git baseline: Repo:dpdk
Branch: master
CommitID:513ee0ab74c872a6b95f993bb02d677f3d39c85e
82058-82065 --> testing fail
Test environment and result as below:
+---------------------+--------------------+----------------+
| Environment | dpdk_meson_compile | dpdk_unit_test |
+=====================+====================+================+
| Windows Server 2019 | PASS | SKIPPED |
+---------------------+--------------------+----------------+
| FreeBSD 11.2 | PASS | SKIPPED |
+---------------------+--------------------+----------------+
| Ubuntu 18.04 | PASS | PASS |
+---------------------+--------------------+----------------+
| CentOS 8 | FAIL | SKIPPED |
+---------------------+--------------------+----------------+
| Fedora 31 | FAIL | SKIPPED |
+---------------------+--------------------+----------------+
| openSUSE Leap 15 | FAIL | SKIPPED |
+---------------------+--------------------+----------------+
| Arch Linux | FAIL | SKIPPED |
+---------------------+--------------------+----------------+
Windows Server 2019
Kernel: 10.0
Compiler: clang 9.0
FreeBSD 11.2
Kernel: 11.2
Compiler: gcc 8.3
Ubuntu 18.04
Kernel: 4.15.0-generic
Compiler: gcc 7.4
CentOS 8
Kernel: 4.18.0.el8_0
Compiler: gcc 8.3.1
Fedora 31
Kernel: 5.3.16
Compiler: gcc 9.2.1
openSUSE Leap 15
Kernel: 4.12.14
Compiler: gcc 7.4.1
Arch Linux
Kernel: latest
Compiler: gcc latest
To view detailed results, visit:
https://lab.dpdk.org/results/dashboard/patchsets/13990/
UNH-IOL DPDK Community Lab
To manage your email subscriptions, visit:
https://lab.dpdk.org/results/dashboard/preferences/subscriptions/
More information about the test-report
mailing list