[dpdk-test-report] |FAILURE| pw76451-76456 [PATCH] [7/7] test/crypto: Add PDCP-SDAP cases
dpdklab at iol.unh.edu
dpdklab at iol.unh.edu
Thu Sep 3 21:13:52 CEST 2020
Test-Label: iol-testing
Test-Status: FAILURE
http://dpdk.org/patch/76456
_Testing issues_
Submitter: Akhil Goyal <akhil.goyal at nxp.com>
Date: Thursday, September 03 2020 16:06:52
DPDK git baseline: Repo:dpdk
Branch: master
CommitID:cd6f1d7a5fde76c4f1e771de9f7aafdf59d691e4
76451-76456 --> testing fail
Test environment and result as below:
+---------------------+--------------------+-------------------+------------------+----------------+
| Environment | dpdk_meson_compile | dpdk_compile_spdk | dpdk_compile_ovs | dpdk_unit_test |
+=====================+====================+===================+==================+================+
| Windows Server 2019 | PASS | SKIPPED | SKIPPED | SKIPPED |
+---------------------+--------------------+-------------------+------------------+----------------+
| FreeBSD 11.2 | PASS | PASS | SKIPPED | SKIPPED |
+---------------------+--------------------+-------------------+------------------+----------------+
| Ubuntu 18.04 | PASS | PASS | PASS | PASS |
+---------------------+--------------------+-------------------+------------------+----------------+
| CentOS 8 | PASS | PASS | PASS | SKIPPED |
+---------------------+--------------------+-------------------+------------------+----------------+
| Arch Linux | FAIL | SKIPPED | FAIL | SKIPPED |
+---------------------+--------------------+-------------------+------------------+----------------+
| openSUSE Leap 15 | PASS | PASS | PASS | SKIPPED |
+---------------------+--------------------+-------------------+------------------+----------------+
| Fedora 31 | PASS | PASS | PASS | SKIPPED |
+---------------------+--------------------+-------------------+------------------+----------------+
Windows Server 2019
Kernel: 10.0
Compiler: clang 9.0
FreeBSD 11.2
Kernel: 11.2
Compiler: gcc 8.3
Ubuntu 18.04
Kernel: 4.15.0-generic
Compiler: gcc 7.4
CentOS 8
Kernel: 4.18.0.el8_0
Compiler: gcc 8.3.1
Arch Linux
Kernel: latest
Compiler: gcc latest
openSUSE Leap 15
Kernel: 4.12.14
Compiler: gcc 7.4.1
Fedora 31
Kernel: 5.3.16
Compiler: gcc 9.2.1
To view detailed results, visit:
https://lab.dpdk.org/results/dashboard/patchsets/12818/
UNH-IOL DPDK Community Lab
To manage your email subscriptions, visit:
https://lab.dpdk.org/results/dashboard/preferences/subscriptions/
More information about the test-report
mailing list