[dpdk-test-report] |FAILURE| [GIT MASTER] ae6a74b88741a321f40cea064a2f3226d73796a3
dpdklab at iol.unh.edu
dpdklab at iol.unh.edu
Fri Apr 16 18:05:57 CEST 2021
_Testing issues_
Branch: dpdk-next-net-mlx
ae6a74b88741a321f40cea064a2f3226d73796a3 --> testing fail
Test environment and result as below:
+---------------------+----------------------+--------------------+----------------+-------------------+
| Environment | dpdk_mingw64_compile | dpdk_meson_compile | dpdk_unit_test | dpdk_compile_spdk |
+=====================+======================+====================+================+===================+
| Windows Server 2019 | PASS | PASS | SKIPPED | SKIPPED |
+---------------------+----------------------+--------------------+----------------+-------------------+
| Ubuntu 18.04 ARM | SKIPPED | PASS | SKIPPED | SKIPPED |
+---------------------+----------------------+--------------------+----------------+-------------------+
| Ubuntu 18.04 | SKIPPED | PASS | PASS | PASS |
+---------------------+----------------------+--------------------+----------------+-------------------+
| openSUSE Leap 15 | SKIPPED | PASS | SKIPPED | SKIPPED |
+---------------------+----------------------+--------------------+----------------+-------------------+
| Fedora 32 | SKIPPED | PASS | SKIPPED | SKIPPED |
+---------------------+----------------------+--------------------+----------------+-------------------+
| Fedora 31 | SKIPPED | PASS | SKIPPED | PASS |
+---------------------+----------------------+--------------------+----------------+-------------------+
| FreeBSD 11.2 | SKIPPED | PASS | SKIPPED | SKIPPED |
+---------------------+----------------------+--------------------+----------------+-------------------+
| RHEL 7 | SKIPPED | FAIL | SKIPPED | SKIPPED |
+---------------------+----------------------+--------------------+----------------+-------------------+
| CentOS Stream 8 | SKIPPED | PASS | SKIPPED | SKIPPED |
+---------------------+----------------------+--------------------+----------------+-------------------+
| RHEL8 | SKIPPED | PASS | SKIPPED | SKIPPED |
+---------------------+----------------------+--------------------+----------------+-------------------+
| Arch Linux | SKIPPED | PASS | SKIPPED | SKIPPED |
+---------------------+----------------------+--------------------+----------------+-------------------+
| Ubuntu 20.04 | SKIPPED | PASS | SKIPPED | SKIPPED |
+---------------------+----------------------+--------------------+----------------+-------------------+
==== 20 line log output for RHEL 7 (dpdk_meson_compile): ====
^
cc1: all warnings being treated as errors
[227/2686] Generating symbol file lib/librte_telemetry.so.21.2.p/librte_telemetry.so.21.2.symbols
[228/2686] Compiling C object lib/librte_gro.a.p/librte_gro_gro_udp4.c.o
[229/2686] Generating cfgfile.sym_chk with a meson_exe.py custom command
[230/2686] Compiling C object lib/librte_gro.a.p/librte_gro_rte_gro.c.o
[231/2686] Generating metrics.sym_chk with a meson_exe.py custom command
[232/2686] Compiling C object lib/librte_gro.a.p/librte_gro_gro_tcp4.c.o
[233/2686] Compiling C object lib/librte_gro.a.p/librte_gro_gro_vxlan_tcp4.c.o
[234/2686] Generating bitratestats.sym_chk with a meson_exe.py custom command
[235/2686] Generating efd.sym_chk with a meson_exe.py custom command
[236/2686] Generating distributor.sym_chk with a meson_exe.py custom command
[237/2686] Compiling C object lib/librte_eventdev.a.p/librte_eventdev_rte_event_eth_tx_adapter.c.o
[238/2686] Compiling C object lib/librte_eventdev.a.p/librte_eventdev_rte_eventdev.c.o
[239/2686] Generating bbdev.sym_chk with a meson_exe.py custom command
[240/2686] Generating cryptodev.sym_chk with a meson_exe.py custom command
[241/2686] Generating compressdev.sym_chk with a meson_exe.py custom command
[242/2686] Generating ethdev.sym_chk with a meson_exe.py custom command
[243/2686] Generating eal.sym_chk with a meson_exe.py custom command
ninja: build stopped: subcommand failed.
==== End log output ====
Windows Server 2019
Kernel: 10.0
Compiler: clang 9.0 and gcc 8.1.0 (MinGW)
Ubuntu 18.04 ARM
Kernel: 5.4.0-53-generic
Compiler: gcc 9.3
Ubuntu 18.04
Kernel: 4.18.0-240.10.1.el8_3.x86_64
Compiler: gcc 7.5.0-3ubuntu1~18.04
openSUSE Leap 15
Kernel: 4.18.0-240.10.1.el8_3.x86_64
Compiler: gcc 7.5.0
Fedora 32
Kernel: 4.18.0-240.10.1.el8_3.x86_64
Compiler: gcc 10.2.1
Fedora 31
Kernel: 4.18.0-240.10.1.el8_3.x86_64
Compiler: gcc 9.3.1
FreeBSD 11.2
Kernel: 11.2
Compiler: gcc 8.3
RHEL 7
Kernel: 4.18.0-240.10.1.el8_3.x86_64
Compiler: gcc 4.8.5 20150623 (Red Hat 4.8.5-44)
CentOS Stream 8
Kernel: 4.18.0-240.10.1.el8_3.x86_64
Compiler: gcc 8.4.1 20200928
RHEL8
Kernel: 4.18.0-240.10.1.el8_3.x86_64
Compiler: gcc 8.3.1 20191121 (Red Hat 8.3.1-5)
Arch Linux
Kernel: 4.18.0-240.10.1.el8_3.x86_64
Compiler: gcc 10.2.0
Ubuntu 20.04
Kernel: 4.18.0-240.10.1.el8_3.x86_64
Compiler: gcc 9.3.0-17ubuntu1~20.04
To view detailed results, visit:
https://lab.dpdk.org/results/dashboard/tarballs/14630/
UNH-IOL DPDK Community Lab
To manage your email subscriptions, visit:
https://lab.dpdk.org/results/dashboard/preferences/subscriptions/
More information about the test-report
mailing list