[dpdk-test-report] |FAILURE| [GIT MASTER] 4142492c2f91eed2d59adde73140557df4033160
dpdklab at iol.unh.edu
dpdklab at iol.unh.edu
Mon Apr 19 00:11:24 CEST 2021
_Testing issues_
Branch: dpdk-next-net-intel
4142492c2f91eed2d59adde73140557df4033160 --> testing fail
Test environment and result as below:
+---------------------+----------------------+-------------------+--------------------+----------------+
| Environment | dpdk_mingw64_compile | dpdk_compile_spdk | dpdk_meson_compile | dpdk_unit_test |
+=====================+======================+===================+====================+================+
| Windows Server 2019 | PASS | SKIPPED | PASS | SKIPPED |
+---------------------+----------------------+-------------------+--------------------+----------------+
| Ubuntu 18.04 | SKIPPED | PASS | PASS | PASS |
+---------------------+----------------------+-------------------+--------------------+----------------+
| Fedora 32 | SKIPPED | SKIPPED | PASS | SKIPPED |
+---------------------+----------------------+-------------------+--------------------+----------------+
| Fedora 31 | SKIPPED | SKIPPED | PASS | SKIPPED |
+---------------------+----------------------+-------------------+--------------------+----------------+
| RHEL 7 | SKIPPED | SKIPPED | FAIL | SKIPPED |
+---------------------+----------------------+-------------------+--------------------+----------------+
| RHEL8 | SKIPPED | SKIPPED | PASS | SKIPPED |
+---------------------+----------------------+-------------------+--------------------+----------------+
| CentOS Stream 8 | SKIPPED | SKIPPED | PASS | SKIPPED |
+---------------------+----------------------+-------------------+--------------------+----------------+
| Arch Linux | SKIPPED | SKIPPED | PASS | SKIPPED |
+---------------------+----------------------+-------------------+--------------------+----------------+
| Ubuntu 20.04 | SKIPPED | SKIPPED | PASS | SKIPPED |
+---------------------+----------------------+-------------------+--------------------+----------------+
| openSUSE Leap 15 | SKIPPED | SKIPPED | PASS | SKIPPED |
+---------------------+----------------------+-------------------+--------------------+----------------+
| FreeBSD 11.2 | SKIPPED | SKIPPED | PASS | SKIPPED |
+---------------------+----------------------+-------------------+--------------------+----------------+
| Ubuntu 18.04 ARM | SKIPPED | SKIPPED | PASS | PASS |
+---------------------+----------------------+-------------------+--------------------+----------------+
==== 20 line log output for RHEL 7 (dpdk_meson_compile): ====
^
cc1: all warnings being treated as errors
[249/2686] Linking static target lib/librte_gso.a
[250/2686] Compiling C object lib/librte_ip_frag.a.p/librte_ip_frag_rte_ipv4_reassembly.c.o
[251/2686] Compiling C object lib/librte_ip_frag.a.p/librte_ip_frag_rte_ipv6_fragmentation.c.o
[252/2686] Compiling C object lib/librte_ip_frag.a.p/librte_ip_frag_rte_ipv6_reassembly.c.o
[253/2686] Compiling C object lib/librte_table.a.p/librte_table_rte_table_acl.c.o
[254/2686] Compiling C object lib/librte_ip_frag.a.p/librte_ip_frag_rte_ip_frag_common.c.o
[255/2686] Compiling C object lib/librte_ip_frag.a.p/librte_ip_frag_ip_frag_internal.c.o
[256/2686] Generating cfgfile.sym_chk with a meson_exe.py custom command
[257/2686] Generating rte_ip_frag_def with a custom command
[258/2686] Generating distributor.sym_chk with a meson_exe.py custom command
[259/2686] Generating efd.sym_chk with a meson_exe.py custom command
[260/2686] Generating gro.sym_chk with a meson_exe.py custom command
[261/2686] Generating bbdev.sym_chk with a meson_exe.py custom command
[262/2686] Generating cryptodev.sym_chk with a meson_exe.py custom command
[263/2686] Generating compressdev.sym_chk with a meson_exe.py custom command
[264/2686] Generating ethdev.sym_chk with a meson_exe.py custom command
[265/2686] Generating eal.sym_chk with a meson_exe.py custom command
ninja: build stopped: subcommand failed.
==== End log output ====
Windows Server 2019
Kernel: 10.0
Compiler: clang 9.0 and gcc 8.1.0 (MinGW)
Ubuntu 18.04
Kernel: 4.18.0-240.10.1.el8_3.x86_64
Compiler: gcc 7.5.0-3ubuntu1~18.04
Fedora 32
Kernel: 4.18.0-240.10.1.el8_3.x86_64
Compiler: gcc 10.2.1
Fedora 31
Kernel: 4.18.0-240.10.1.el8_3.x86_64
Compiler: gcc 9.3.1
RHEL 7
Kernel: 4.18.0-240.10.1.el8_3.x86_64
Compiler: gcc 4.8.5 20150623 (Red Hat 4.8.5-44)
RHEL8
Kernel: 4.18.0-240.10.1.el8_3.x86_64
Compiler: gcc 8.3.1 20191121 (Red Hat 8.3.1-5)
CentOS Stream 8
Kernel: 4.18.0-240.10.1.el8_3.x86_64
Compiler: gcc 8.4.1 20200928
Arch Linux
Kernel: 4.18.0-240.10.1.el8_3.x86_64
Compiler: gcc 10.2.0
Ubuntu 20.04
Kernel: 4.18.0-240.10.1.el8_3.x86_64
Compiler: gcc 9.3.0-17ubuntu1~20.04
openSUSE Leap 15
Kernel: 4.18.0-240.10.1.el8_3.x86_64
Compiler: gcc 7.5.0
FreeBSD 11.2
Kernel: 11.2
Compiler: gcc 8.3
Ubuntu 18.04 ARM
Kernel: 5.4.0-53-generic
Compiler: gcc 9.3
To view detailed results, visit:
https://lab.dpdk.org/results/dashboard/tarballs/14736/
UNH-IOL DPDK Community Lab
To manage your email subscriptions, visit:
https://lab.dpdk.org/results/dashboard/preferences/subscriptions/
More information about the test-report
mailing list