[dpdk-test-report] |FAILURE| pw91970 [PATCH] usertools/devbind: add dlb
dpdklab at iol.unh.edu
dpdklab at iol.unh.edu
Thu Apr 22 04:58:01 CEST 2021
Test-Label: iol-testing
Test-Status: FAILURE
http://dpdk.org/patch/91970
_Testing issues_
Submitter: Timothy McDaniel <timothy.mcdaniel at intel.com>
Date: Wednesday, April 21 2021 20:04:01
DPDK git baseline: Repo:dpdk
Branch: master
CommitID:ff4cf5265cc9dfdf41eabaded8617f73afb1283e
91970 --> testing fail
Test environment and result as below:
+---------------------+----------------------+-------------------+--------------------+----------------+
| Environment | dpdk_mingw64_compile | dpdk_compile_spdk | dpdk_meson_compile | dpdk_unit_test |
+=====================+======================+===================+====================+================+
| Windows Server 2019 | PASS | SKIPPED | PASS | SKIPPED |
+---------------------+----------------------+-------------------+--------------------+----------------+
| Ubuntu 18.04 | SKIPPED | PASS | PASS | PASS |
+---------------------+----------------------+-------------------+--------------------+----------------+
| Fedora 31 | SKIPPED | SKIPPED | PASS | SKIPPED |
+---------------------+----------------------+-------------------+--------------------+----------------+
| Fedora 32 | SKIPPED | SKIPPED | PASS | SKIPPED |
+---------------------+----------------------+-------------------+--------------------+----------------+
| CentOS Stream 8 | SKIPPED | SKIPPED | PASS | SKIPPED |
+---------------------+----------------------+-------------------+--------------------+----------------+
| Ubuntu 20.04 | SKIPPED | SKIPPED | PASS | SKIPPED |
+---------------------+----------------------+-------------------+--------------------+----------------+
| RHEL 7 | SKIPPED | SKIPPED | FAIL | SKIPPED |
+---------------------+----------------------+-------------------+--------------------+----------------+
| RHEL8 | SKIPPED | SKIPPED | PASS | SKIPPED |
+---------------------+----------------------+-------------------+--------------------+----------------+
| Arch Linux | SKIPPED | SKIPPED | PASS | SKIPPED |
+---------------------+----------------------+-------------------+--------------------+----------------+
| openSUSE Leap 15 | SKIPPED | SKIPPED | PASS | SKIPPED |
+---------------------+----------------------+-------------------+--------------------+----------------+
| FreeBSD 11.2 | SKIPPED | SKIPPED | PASS | SKIPPED |
+---------------------+----------------------+-------------------+--------------------+----------------+
| Ubuntu 18.04 ARM | SKIPPED | SKIPPED | PASS | PASS |
+---------------------+----------------------+-------------------+--------------------+----------------+
==== 20 line log output for RHEL 7 (dpdk_meson_compile): ====
^
cc1: all warnings being treated as errors
[851/2694] Generating rte_mempool_bucket.sym_chk with a meson_exe.py custom command
[852/2694] Generating rte_mempool_dpaa.sym_chk with a meson_exe.py custom command
[853/2694] Generating rte_mempool_octeontx.sym_chk with a meson_exe.py custom command
[854/2694] Generating rte_mempool_dpaa2.sym_chk with a meson_exe.py custom command
[855/2694] Generating rte_mempool_cnxk.sym_chk with a meson_exe.py custom command
[856/2694] Generating rte_mempool_ring.sym_chk with a meson_exe.py custom command
[857/2694] Generating symbol file lib/librte_ring.so.21.2.p/librte_ring.so.21.2.symbols
[858/2694] Generating symbol file lib/librte_pci.so.21.2.p/librte_pci.so.21.2.symbols
[859/2694] Generating symbol file lib/librte_meter.so.21.2.p/librte_meter.so.21.2.symbols
[860/2694] Generating symbol file lib/librte_timer.so.21.2.p/librte_timer.so.21.2.symbols
[861/2694] Generating rte_mempool_octeontx2.sym_chk with a meson_exe.py custom command
[862/2694] Generating symbol file lib/librte_acl.so.21.2.p/librte_acl.so.21.2.symbols
[863/2694] Generating rte_bus_dpaa.sym_chk with a meson_exe.py custom command
[864/2694] Generating rte_bus_fslmc.sym_chk with a meson_exe.py custom command
[865/2694] Generating rte_common_mlx5.sym_chk with a meson_exe.py custom command
[866/2694] Generating rte_common_cnxk.sym_chk with a meson_exe.py custom command
[867/2694] Generating rte_common_sfc_efx.sym_chk with a meson_exe.py custom command
ninja: build stopped: subcommand failed.
==== End log output ====
Windows Server 2019
Kernel: 10.0
Compiler: clang 9.0 and gcc 8.1.0 (MinGW)
Ubuntu 18.04
Kernel: 4.18.0-240.10.1.el8_3.x86_64
Compiler: gcc 7.5.0-3ubuntu1~18.04
Fedora 31
Kernel: 4.18.0-240.10.1.el8_3.x86_64
Compiler: gcc 9.3.1
Fedora 32
Kernel: 4.18.0-240.10.1.el8_3.x86_64
Compiler: gcc 10.2.1
CentOS Stream 8
Kernel: 4.18.0-240.10.1.el8_3.x86_64
Compiler: gcc 8.4.1 20200928
Ubuntu 20.04
Kernel: 4.18.0-240.10.1.el8_3.x86_64
Compiler: gcc 9.3.0-17ubuntu1~20.04
RHEL 7
Kernel: 4.18.0-240.10.1.el8_3.x86_64
Compiler: gcc 4.8.5 20150623 (Red Hat 4.8.5-44)
RHEL8
Kernel: 4.18.0-240.10.1.el8_3.x86_64
Compiler: gcc 8.3.1 20191121 (Red Hat 8.3.1-5)
Arch Linux
Kernel: 4.18.0-240.10.1.el8_3.x86_64
Compiler: gcc 10.2.0
openSUSE Leap 15
Kernel: 4.18.0-240.10.1.el8_3.x86_64
Compiler: gcc 7.5.0
FreeBSD 11.2
Kernel: 11.2
Compiler: gcc 8.3
Ubuntu 18.04 ARM
Kernel: 5.4.0-53-generic
Compiler: gcc 9.3
To view detailed results, visit:
https://lab.dpdk.org/results/dashboard/patchsets/16705/
UNH-IOL DPDK Community Lab
To manage your email subscriptions, visit:
https://lab.dpdk.org/results/dashboard/preferences/subscriptions/
More information about the test-report
mailing list