[dpdk-test-report] |FAILURE| pw92553 [PATCH] [v1] raw/ptdma: introduce ptdma driver
dpdklab at iol.unh.edu
dpdklab at iol.unh.edu
Fri Apr 30 17:10:42 CEST 2021
Test-Label: iol-testing
Test-Status: FAILURE
http://dpdk.org/patch/92553
_Testing issues_
Submitter: Selwin Sebastian <ssebasti at amd.com>
Date: Friday, April 30 2021 14:05:59
DPDK git baseline: Repo:dpdk
Branch: master
CommitID:1b593b9c832e9b284cc59665fe662242a3fc1daf
92553 --> testing fail
Test environment and result as below:
+---------------------+----------------------+--------------------+-------------------+----------------+
| Environment | dpdk_mingw64_compile | dpdk_meson_compile | dpdk_compile_spdk | dpdk_unit_test |
+=====================+======================+====================+===================+================+
| Windows Server 2019 | PASS | PASS | SKIPPED | SKIPPED |
+---------------------+----------------------+--------------------+-------------------+----------------+
| Fedora 31 | SKIPPED | FAIL | SKIPPED | SKIPPED |
+---------------------+----------------------+--------------------+-------------------+----------------+
| FreeBSD 11.2 | SKIPPED | FAIL | SKIPPED | SKIPPED |
+---------------------+----------------------+--------------------+-------------------+----------------+
| Ubuntu 18.04 | SKIPPED | FAIL | FAIL | FAIL |
+---------------------+----------------------+--------------------+-------------------+----------------+
| CentOS 8 | SKIPPED | FAIL | SKIPPED | SKIPPED |
+---------------------+----------------------+--------------------+-------------------+----------------+
| CentOS Stream 8 | SKIPPED | FAIL | SKIPPED | SKIPPED |
+---------------------+----------------------+--------------------+-------------------+----------------+
| Ubuntu 20.04 | SKIPPED | FAIL | SKIPPED | SKIPPED |
+---------------------+----------------------+--------------------+-------------------+----------------+
| Fedora 32 | SKIPPED | FAIL | SKIPPED | SKIPPED |
+---------------------+----------------------+--------------------+-------------------+----------------+
| RHEL8 | SKIPPED | FAIL | SKIPPED | SKIPPED |
+---------------------+----------------------+--------------------+-------------------+----------------+
| RHEL 7 | SKIPPED | FAIL | SKIPPED | SKIPPED |
+---------------------+----------------------+--------------------+-------------------+----------------+
| openSUSE Leap 15 | SKIPPED | FAIL | SKIPPED | SKIPPED |
+---------------------+----------------------+--------------------+-------------------+----------------+
| Arch Linux | SKIPPED | FAIL | SKIPPED | SKIPPED |
+---------------------+----------------------+--------------------+-------------------+----------------+
| Ubuntu 18.04 ARM | SKIPPED | PASS | SKIPPED | PASS |
+---------------------+----------------------+--------------------+-------------------+----------------+
==== 20 line log output for Ubuntu 18.04 (dpdk_compile_spdk): ====
../drivers/raw/ptdma/ptdma_rawdev.c:58:40: error: dereferencing 'void *' pointer [-Werror]
cc1: all warnings being treated as errors
[2031/2943] Compiling C object drivers/librte_raw_octeontx2_dma.a.p/meson-generated_.._rte_raw_octeontx2_dma.pmd.c.o
[2032/2943] Compiling C object drivers/librte_raw_octeontx2_ep.a.p/meson-generated_.._rte_raw_octeontx2_ep.pmd.c.o
[2033/2943] Compiling C object drivers/librte_raw_octeontx2_dma.so.21.2.p/meson-generated_.._rte_raw_octeontx2_dma.pmd.c.o
[2034/2943] Compiling C object drivers/libtmp_rte_crypto_bcmfs.a.p/crypto_bcmfs_bcmfs_vfio.c.o
[2035/2943] Compiling C object drivers/libtmp_rte_raw_ptdma.a.p/raw_ptdma_ptdma_dev.c.o
[2036/2943] Linking target drivers/librte_net_vdev_netvsc.so.21.2
[2037/2943] Generating rte_raw_dpaa2_qdma.sym_chk with a custom command (wrapped by meson to capture output)
[2038/2943] Generating rte_raw_skeleton.pmd.c with a custom command
[2039/2943] Compiling C object drivers/libtmp_rte_net_txgbe.a.p/net_txgbe_txgbe_ethdev.c.o
[2040/2943] Compiling C object drivers/libtmp_rte_raw_ptdma.a.p/raw_ptdma_ptdma_rawdev_test.c.o
[2041/2943] Generating rte_net_vmxnet3.sym_chk with a custom command (wrapped by meson to capture output)
[2042/2943] Generating rte_net_virtio.sym_chk with a custom command (wrapped by meson to capture output)
[2043/2943] Generating rte_raw_ioat.sym_chk with a custom command (wrapped by meson to capture output)
[2044/2943] Generating rte_net_softnic.sym_chk with a custom command (wrapped by meson to capture output)
[2045/2943] Generating rte_raw_dpaa2_cmdif.sym_chk with a custom command (wrapped by meson to capture output)
[2046/2943] Generating rte_raw_ntb.sym_chk with a custom command (wrapped by meson to capture output)
[2047/2943] Generating rte_net_qede.sym_chk with a custom command (wrapped by meson to capture output)
ninja: build stopped: subcommand failed.
==== End log output ====
Windows Server 2019
Kernel: 10.0
Compiler: clang 9.0 and gcc 8.1.0 (MinGW)
Fedora 31
Kernel: 4.18.0-240.10.1.el8_3.x86_64
Compiler: gcc 9.3.1
FreeBSD 11.2
Kernel: 11.2
Compiler: gcc 8.3
Ubuntu 18.04
Kernel: 4.18.0-240.10.1.el8_3.x86_64
Compiler: gcc 7.5.0-3ubuntu1~18.04
CentOS 8
Kernel: 4.18.0-240.10.1.el8_3.x86_64
Compiler: gcc 8.3.1 20191121 (Red Hat 8.3.1-5)
CentOS Stream 8
Kernel: 4.18.0-240.10.1.el8_3.x86_64
Compiler: gcc 8.4.1 20200928
Ubuntu 20.04
Kernel: 4.18.0-240.10.1.el8_3.x86_64
Compiler: gcc 9.3.0-17ubuntu1~20.04
Fedora 32
Kernel: 4.18.0-240.10.1.el8_3.x86_64
Compiler: gcc 10.2.1
RHEL8
Kernel: 4.18.0-240.10.1.el8_3.x86_64
Compiler: gcc 8.3.1 20191121 (Red Hat 8.3.1-5)
RHEL 7
Kernel: 4.18.0-240.10.1.el8_3.x86_64
Compiler: gcc 4.8.5 20150623 (Red Hat 4.8.5-44)
openSUSE Leap 15
Kernel: 4.18.0-240.10.1.el8_3.x86_64
Compiler: gcc 7.5.0
Arch Linux
Kernel: 4.18.0-240.10.1.el8_3.x86_64
Compiler: gcc 10.2.0
Ubuntu 18.04 ARM
Kernel: 5.4.0-53-generic
Compiler: gcc 9.3
To view detailed results, visit:
https://lab.dpdk.org/results/dashboard/patchsets/16895/
UNH-IOL DPDK Community Lab
To manage your email subscriptions, visit:
https://lab.dpdk.org/results/dashboard/preferences/subscriptions/
More information about the test-report
mailing list