[dpdk-test-report] |WARNING| pw87598 [PATCH] devtools: add acronyms in dictionary for commit checks

dpdklab at iol.unh.edu dpdklab at iol.unh.edu
Wed Feb 3 01:01:04 CET 2021


Test-Label: iol-testing
Test-Status: WARNING
http://dpdk.org/patch/87598

_Testing issues_

Submitter: Ferruh Yigit <ferruh.yigit at intel.com>
Date: Monday, February 01 2021 22:47:24 
DPDK git baseline: Repo:dpdk
  Branch: master
  CommitID:3021257a8111d204dc7741bd67a2502efffb6842

87598 --> testing fail

Test environment and result as below:

+---------------------+----------------------+----------------+--------------------+-------------------+
|     Environment     | dpdk_mingw64_compile | dpdk_unit_test | dpdk_meson_compile | dpdk_compile_spdk |
+=====================+======================+================+====================+===================+
| Windows Server 2019 | FAIL                 | SKIPPED        | PASS               | SKIPPED           |
+---------------------+----------------------+----------------+--------------------+-------------------+
| Ubuntu 18.04        | SKIPPED              | PASS           | PASS               | FAIL              |
+---------------------+----------------------+----------------+--------------------+-------------------+
| Ubuntu 18.04 ARM    | SKIPPED              | PASS           | PASS               | SKIPPED           |
+---------------------+----------------------+----------------+--------------------+-------------------+
| FreeBSD 11.2        | SKIPPED              | SKIPPED        | PASS               | SKIPPED           |
+---------------------+----------------------+----------------+--------------------+-------------------+
| CentOS 8            | SKIPPED              | SKIPPED        | PASS               | SKIPPED           |
+---------------------+----------------------+----------------+--------------------+-------------------+
| openSUSE Leap 15    | SKIPPED              | SKIPPED        | PASS               | SKIPPED           |
+---------------------+----------------------+----------------+--------------------+-------------------+
| Arch Linux          | SKIPPED              | SKIPPED        | PASS               | SKIPPED           |
+---------------------+----------------------+----------------+--------------------+-------------------+
| Fedora 31           | SKIPPED              | SKIPPED        | PASS               | FAIL              |
+---------------------+----------------------+----------------+--------------------+-------------------+

==== 20 line log output for Windows Server 2019 (dpdk_mingw64_compile): ====
{standard input}:3548: Error: invalid register for .seh_savexmm
{standard input}:4116: Error: invalid register for .seh_savexmm
{standard input}:4117: Error: invalid register for .seh_savexmm
{standard input}:4118: Error: invalid register for .seh_savexmm
{standard input}:4119: Error: invalid register for .seh_savexmm
{standard input}:4120: Error: invalid register for .seh_savexmm
{standard input}:4121: Error: invalid register for .seh_savexmm
{standard input}:4122: Error: invalid register for .seh_savexmm
{standard input}:4123: Error: invalid register for .seh_savexmm
{standard input}:4124: Error: invalid register for .seh_savexmm
{standard input}:4125: Error: invalid register for .seh_savexmm
{standard input}:4126: Error: invalid register for .seh_savexmm
{standard input}:4127: Error: invalid register for .seh_savexmm
{standard input}:4128: Error: invalid register for .seh_savexmm
[178/229] Compiling C object drivers/a715181@@tmp_rte_net_i40e at sta/net_i40e_i40e_ethdev_vf.c.obj.
[179/229] Compiling C object drivers/a715181@@tmp_rte_net_i40e at sta/net_i40e_i40e_fdir.c.obj.
[180/229] Compiling C object drivers/a715181@@tmp_rte_net_i40e at sta/net_i40e_i40e_pf.c.obj.
[181/229] Compiling C object drivers/a715181@@tmp_rte_net_i40e at sta/net_i40e_i40e_rxtx.c.obj.
[182/229] Compiling C object drivers/a715181@@tmp_rte_net_i40e at sta/net_i40e_i40e_ethdev.c.obj.
ninja: build stopped: subcommand failed.
==== End log output ====

Windows Server 2019
	Kernel: 10.0
	Compiler: clang 9.0 and gcc 8.1.0 (MinGW)

Ubuntu 18.04
	Kernel: 4.15.0-generic
	Compiler: gcc 7.5

Ubuntu 18.04 ARM
	Kernel: 5.4.0-53-generic
	Compiler: gcc 9.3

FreeBSD 11.2
	Kernel: 11.2
	Compiler: gcc 8.3

CentOS 8
	Kernel: 4.18.0.el8_0
	Compiler: gcc 8.3.1

openSUSE Leap 15
	Kernel: 4.12.14
	Compiler: gcc 7.4.1

Arch Linux
	Kernel: latest
	Compiler: gcc latest

Fedora 31
	Kernel: 5.3.16
	Compiler: gcc 9.2.1

To view detailed results, visit:
https://lab.dpdk.org/results/dashboard/patchsets/15470/

UNH-IOL DPDK Community Lab

To manage your email subscriptions, visit: 
https://lab.dpdk.org/results/dashboard/preferences/subscriptions/


More information about the test-report mailing list