[dpdk-test-report] |WARNING| pw87820 [PATCH] net/octeontx2: support for rte_flow_dev_dump api

dpdklab at iol.unh.edu dpdklab at iol.unh.edu
Mon Feb 8 15:04:41 CET 2021


Test-Label: iol-testing
Test-Status: WARNING
http://dpdk.org/patch/87820

_Testing issues_

Submitter:  <psatheesh at marvell.com>
Date: Monday, February 08 2021 13:01:57 
DPDK git baseline: Repo:dpdk
  Branch: master
  CommitID:a69f94e934ccf9a6a6401e4f272cb2407783c2cb

87820 --> testing fail

Test environment and result as below:

+---------------------+----------------------+--------------------+----------------+-------------------+
|     Environment     | dpdk_mingw64_compile | dpdk_meson_compile | dpdk_unit_test | dpdk_compile_spdk |
+=====================+======================+====================+================+===================+
| Windows Server 2019 | PASS                 | PASS               | SKIPPED        | SKIPPED           |
+---------------------+----------------------+--------------------+----------------+-------------------+
| FreeBSD 11.2        | SKIPPED              | PASS               | SKIPPED        | SKIPPED           |
+---------------------+----------------------+--------------------+----------------+-------------------+
| CentOS 8            | SKIPPED              | PASS               | SKIPPED        | SKIPPED           |
+---------------------+----------------------+--------------------+----------------+-------------------+
| openSUSE Leap 15    | SKIPPED              | PASS               | SKIPPED        | SKIPPED           |
+---------------------+----------------------+--------------------+----------------+-------------------+
| Arch Linux          | SKIPPED              | PASS               | SKIPPED        | SKIPPED           |
+---------------------+----------------------+--------------------+----------------+-------------------+
| Ubuntu 18.04 ARM    | SKIPPED              | PASS               | PASS           | SKIPPED           |
+---------------------+----------------------+--------------------+----------------+-------------------+
| Ubuntu 18.04        | SKIPPED              | PASS               | PASS           | FAIL              |
+---------------------+----------------------+--------------------+----------------+-------------------+
| Fedora 31           | SKIPPED              | PASS               | SKIPPED        | FAIL              |
+---------------------+----------------------+--------------------+----------------+-------------------+

==== 20 line log output for Fedora 31 (dpdk_compile_spdk): ====
CXX test/cpp_headers/nvmf_transport.o
CXX test/cpp_headers/crc16.o
CXX test/cpp_headers/accel_engine.o
CXX test/cpp_headers/stdinc.o
CXX test/cpp_headers/vmd.o
CXX test/cpp_headers/scsi.o
CXX test/cpp_headers/jsonrpc.o
CXX test/cpp_headers/blob_bdev.o
CXX test/cpp_headers/crc32.o
CXX test/cpp_headers/idxd.o
CXX test/cpp_headers/trace.o
CXX test/cpp_headers/nvme.o
CXX test/cpp_headers/iscsi_spec.o
CXX test/cpp_headers/queue.o
CXX test/cpp_headers/nvmf_cmd.o
CXX test/cpp_headers/lvol.o
CXX test/cpp_headers/ftl.o
CXX test/cpp_headers/ioat_spec.o
make: *** [/spdk/mk/spdk.subdirs.mk:44: test] Error 2
[2] Error running command.
==== End log output ====

Windows Server 2019
	Kernel: 10.0
	Compiler: clang 9.0 and gcc 8.1.0 (MinGW)

FreeBSD 11.2
	Kernel: 11.2
	Compiler: gcc 8.3

CentOS 8
	Kernel: 4.18.0.el8_0
	Compiler: gcc 8.3.1

openSUSE Leap 15
	Kernel: 4.12.14
	Compiler: gcc 7.4.1

Arch Linux
	Kernel: latest
	Compiler: gcc latest

Ubuntu 18.04 ARM
	Kernel: 5.4.0-53-generic
	Compiler: gcc 9.3

Ubuntu 18.04
	Kernel: 4.15.0-generic
	Compiler: gcc 7.5

Fedora 31
	Kernel: 5.3.16
	Compiler: gcc 9.2.1

To view detailed results, visit:
https://lab.dpdk.org/results/dashboard/patchsets/15575/

UNH-IOL DPDK Community Lab

To manage your email subscriptions, visit: 
https://lab.dpdk.org/results/dashboard/preferences/subscriptions/


More information about the test-report mailing list