[dpdk-test-report] |WARNING| [GIT MASTER] a69f94e934ccf9a6a6401e4f272cb2407783c2cb
dpdklab at iol.unh.edu
dpdklab at iol.unh.edu
Mon Feb 8 21:14:54 CET 2021
_Testing issues_
Branch: dpdk-next-net
a69f94e934ccf9a6a6401e4f272cb2407783c2cb --> testing fail
Test environment and result as below:
+---------------------+----------------------+--------------------+-------------------+----------------+
| Environment | dpdk_mingw64_compile | dpdk_meson_compile | dpdk_compile_spdk | dpdk_unit_test |
+=====================+======================+====================+===================+================+
| Windows Server 2019 | PASS | PASS | SKIPPED | SKIPPED |
+---------------------+----------------------+--------------------+-------------------+----------------+
| FreeBSD 11.2 | SKIPPED | PASS | SKIPPED | SKIPPED |
+---------------------+----------------------+--------------------+-------------------+----------------+
| Ubuntu 18.04 | SKIPPED | PASS | FAIL | PASS |
+---------------------+----------------------+--------------------+-------------------+----------------+
| CentOS 8 | SKIPPED | PASS | SKIPPED | SKIPPED |
+---------------------+----------------------+--------------------+-------------------+----------------+
| Ubuntu 18.04 ARM | SKIPPED | PASS | SKIPPED | PASS |
+---------------------+----------------------+--------------------+-------------------+----------------+
| openSUSE Leap 15 | SKIPPED | PASS | SKIPPED | SKIPPED |
+---------------------+----------------------+--------------------+-------------------+----------------+
| Arch Linux | SKIPPED | PASS | SKIPPED | SKIPPED |
+---------------------+----------------------+--------------------+-------------------+----------------+
| Fedora 31 | SKIPPED | PASS | FAIL | SKIPPED |
+---------------------+----------------------+--------------------+-------------------+----------------+
==== 20 line log output for Fedora 31 (dpdk_compile_spdk): ====
CXX test/cpp_headers/nvmf_transport.o
CXX test/cpp_headers/crc16.o
CXX test/cpp_headers/accel_engine.o
CXX test/cpp_headers/stdinc.o
CXX test/cpp_headers/vmd.o
CXX test/cpp_headers/scsi.o
CXX test/cpp_headers/jsonrpc.o
CXX test/cpp_headers/blob_bdev.o
CXX test/cpp_headers/crc32.o
CXX test/cpp_headers/idxd.o
CXX test/cpp_headers/trace.o
CXX test/cpp_headers/nvme.o
CXX test/cpp_headers/iscsi_spec.o
CXX test/cpp_headers/queue.o
CXX test/cpp_headers/nvmf_cmd.o
CXX test/cpp_headers/lvol.o
CXX test/cpp_headers/ftl.o
CXX test/cpp_headers/ioat_spec.o
make: *** [/spdk/mk/spdk.subdirs.mk:44: test] Error 2
[2] Error running command.
==== End log output ====
Windows Server 2019
Kernel: 10.0
Compiler: clang 9.0 and gcc 8.1.0 (MinGW)
FreeBSD 11.2
Kernel: 11.2
Compiler: gcc 8.3
Ubuntu 18.04
Kernel: 4.15.0-generic
Compiler: gcc 7.5
CentOS 8
Kernel: 4.18.0.el8_0
Compiler: gcc 8.3.1
Ubuntu 18.04 ARM
Kernel: 5.4.0-53-generic
Compiler: gcc 9.3
openSUSE Leap 15
Kernel: 4.12.14
Compiler: gcc 7.4.1
Arch Linux
Kernel: latest
Compiler: gcc latest
Fedora 31
Kernel: 5.3.16
Compiler: gcc 9.2.1
To view detailed results, visit:
https://lab.dpdk.org/results/dashboard/tarballs/13742/
UNH-IOL DPDK Community Lab
To manage your email subscriptions, visit:
https://lab.dpdk.org/results/dashboard/preferences/subscriptions/
More information about the test-report
mailing list