[dpdk-test-report] |FAILURE| [GIT MASTER] 9c345301722160eeb345c3363fa0de1520646465
dpdklab at iol.unh.edu
dpdklab at iol.unh.edu
Sun Feb 14 16:52:57 CET 2021
_Testing issues_
Branch: dpdk-next-net-mlx
9c345301722160eeb345c3363fa0de1520646465 --> testing fail
Test environment and result as below:
+---------------------+----------------------+--------------------+----------------+
| Environment | dpdk_mingw64_compile | dpdk_meson_compile | dpdk_unit_test |
+=====================+======================+====================+================+
| Windows Server 2019 | PASS | PASS | SKIPPED |
+---------------------+----------------------+--------------------+----------------+
| FreeBSD 11.2 | SKIPPED | PASS | SKIPPED |
+---------------------+----------------------+--------------------+----------------+
| Ubuntu 18.04 | SKIPPED | PASS | FAIL |
+---------------------+----------------------+--------------------+----------------+
| Fedora 31 | SKIPPED | PASS | SKIPPED |
+---------------------+----------------------+--------------------+----------------+
| CentOS 8 | SKIPPED | PASS | SKIPPED |
+---------------------+----------------------+--------------------+----------------+
| openSUSE Leap 15 | SKIPPED | PASS | SKIPPED |
+---------------------+----------------------+--------------------+----------------+
| Arch Linux | SKIPPED | PASS | SKIPPED |
+---------------------+----------------------+--------------------+----------------+
| Ubuntu 18.04 ARM | SKIPPED | PASS | PASS |
+---------------------+----------------------+--------------------+----------------+
==== 20 line log output for Ubuntu 18.04 (dpdk_unit_test): ====
94/95 DPDK:fast-tests / pdump_autotest OK 5.31s
Summary of Failures:
71/95 DPDK:fast-tests / delay_us_sleep_autotest FAIL 1.34s (exit status 255 or signal 127 SIGinvalid)
76/95 DPDK:fast-tests / ipsec_autotest SKIP 0.22s
77/95 DPDK:fast-tests / kni_autotest SKIP 0.17s
81/95 DPDK:fast-tests / power_cpufreq_autotest SKIP 0.28s
83/95 DPDK:fast-tests / power_kvm_vm_autotest SKIP 0.29s
95/95 DPDK:fast-tests / compressdev_autotest SKIP 0.24s
Ok: 89
Expected Fail: 0
Fail: 1
Unexpected Pass: 0
Skipped: 5
Timeout: 0
Full log written to /home/jenkins-local/jenkins-agent/workspace/Ubuntu18.04-Unit-Test-DPDK/dpdk/build/meson-logs/testlog.txt
[1] Error running command.
==== End log output ====
Windows Server 2019
Kernel: 10.0
Compiler: clang 9.0 and gcc 8.1.0 (MinGW)
FreeBSD 11.2
Kernel: 11.2
Compiler: gcc 8.3
Ubuntu 18.04
Kernel: 4.15.0-generic
Compiler: gcc 7.5
Fedora 31
Kernel: 5.3.16
Compiler: gcc 9.2.1
CentOS 8
Kernel: 4.18.0.el8_0
Compiler: gcc 8.3.1
openSUSE Leap 15
Kernel: 4.12.14
Compiler: gcc 7.4.1
Arch Linux
Kernel: latest
Compiler: gcc latest
Ubuntu 18.04 ARM
Kernel: 5.4.0-53-generic
Compiler: gcc 9.3
To view detailed results, visit:
https://lab.dpdk.org/results/dashboard/tarballs/13779/
UNH-IOL DPDK Community Lab
To manage your email subscriptions, visit:
https://lab.dpdk.org/results/dashboard/preferences/subscriptions/
More information about the test-report
mailing list