[dpdk-test-report] |FAILURE| pw87973 [PATCH] eal/windows: fix default thread priority
dpdklab at iol.unh.edu
dpdklab at iol.unh.edu
Thu Feb 18 16:50:40 CET 2021
Test-Label: iol-testing
Test-Status: FAILURE
http://dpdk.org/patch/87973
_Testing issues_
Submitter: Tal Shnaiderman <talshn at nvidia.com>
Date: Thursday, February 18 2021 11:40:58
DPDK git baseline: Repo:dpdk
Branch: master
CommitID:442155f70c6bbdf59aa1f7b4d8039b5140f62927
87973 --> testing fail
Test environment and result as below:
+---------------------+----------------------+--------------------+-------------------+----------------+
| Environment | dpdk_mingw64_compile | dpdk_meson_compile | dpdk_compile_spdk | dpdk_unit_test |
+=====================+======================+====================+===================+================+
| Windows Server 2019 | PASS | PASS | SKIPPED | SKIPPED |
+---------------------+----------------------+--------------------+-------------------+----------------+
| FreeBSD 11.2 | SKIPPED | PASS | SKIPPED | SKIPPED |
+---------------------+----------------------+--------------------+-------------------+----------------+
| CentOS 8 | SKIPPED | PASS | SKIPPED | SKIPPED |
+---------------------+----------------------+--------------------+-------------------+----------------+
| openSUSE Leap 15 | SKIPPED | PASS | SKIPPED | SKIPPED |
+---------------------+----------------------+--------------------+-------------------+----------------+
| Arch Linux | SKIPPED | PASS | SKIPPED | SKIPPED |
+---------------------+----------------------+--------------------+-------------------+----------------+
| Fedora 31 | SKIPPED | PASS | PASS | SKIPPED |
+---------------------+----------------------+--------------------+-------------------+----------------+
| Ubuntu 18.04 | SKIPPED | PASS | PASS | FAIL |
+---------------------+----------------------+--------------------+-------------------+----------------+
| Ubuntu 18.04 ARM | SKIPPED | PASS | SKIPPED | PASS |
+---------------------+----------------------+--------------------+-------------------+----------------+
==== 20 line log output for Ubuntu 18.04 (dpdk_unit_test): ====
87/95 DPDK:fast-tests / trace_autotest OK 0.14s
88/95 DPDK:fast-tests / telemetry_json_autotest OK 0.14s
89/95 DPDK:fast-tests / telemetry_data_autotest OK 0.14s
90/95 DPDK:fast-tests / ring_pmd_autotest OK 0.15s
91/95 DPDK:fast-tests / event_eth_tx_adapter_autotest OK 0.84s
92/95 DPDK:fast-tests / bitratestats_autotest OK 0.15s
93/95 DPDK:fast-tests / latencystats_autotest OK 0.22s
94/95 DPDK:fast-tests / pdump_autotest OK 5.20s
95/95 DPDK:fast-tests / compressdev_autotest SKIP 0.15s exit status 77
Ok: 89
Expected Fail: 0
Fail: 1
Unexpected Pass: 0
Skipped: 5
Timeout: 0
Full log written to /home/jenkins-local/jenkins-agent/workspace/Ubuntu18.04-Unit-Test-DPDK/dpdk/build/meson-logs/testlog.txt
[1] Error running command.
==== End log output ====
Windows Server 2019
Kernel: 10.0
Compiler: clang 9.0 and gcc 8.1.0 (MinGW)
FreeBSD 11.2
Kernel: 11.2
Compiler: gcc 8.3
CentOS 8
Kernel: 4.18.0.el8_0
Compiler: gcc 8.3.1
openSUSE Leap 15
Kernel: 4.12.14
Compiler: gcc 7.4.1
Arch Linux
Kernel: latest
Compiler: gcc latest
Fedora 31
Kernel: 5.3.16
Compiler: gcc 9.2.1
Ubuntu 18.04
Kernel: 4.15.0-generic
Compiler: gcc 7.5
Ubuntu 18.04 ARM
Kernel: 5.4.0-53-generic
Compiler: gcc 9.3
To view detailed results, visit:
https://lab.dpdk.org/results/dashboard/patchsets/15644/
UNH-IOL DPDK Community Lab
To manage your email subscriptions, visit:
https://lab.dpdk.org/results/dashboard/preferences/subscriptions/
More information about the test-report
mailing list