[dpdk-test-report] |FAILURE| pw88090 [PATCH] rte_metrics: unconditionally export rte_metrics_tel_xxx functions

dpdklab at iol.unh.edu dpdklab at iol.unh.edu
Tue Feb 23 16:00:43 CET 2021


Test-Label: iol-testing
Test-Status: FAILURE
http://dpdk.org/patch/88090

_Testing issues_

Submitter: Jie <jizh at linux.microsoft.com>
Date: Monday, February 22 2021 21:25:02 
DPDK git baseline: Repo:dpdk
  Branch: master
  CommitID:442155f70c6bbdf59aa1f7b4d8039b5140f62927

88090 --> testing fail

Test environment and result as below:

+---------------------+----------------------+-------------------+--------------------+----------------+
|     Environment     | dpdk_mingw64_compile | dpdk_compile_spdk | dpdk_meson_compile | dpdk_unit_test |
+=====================+======================+===================+====================+================+
| Windows Server 2019 | PASS                 | SKIPPED           | PASS               | SKIPPED        |
+---------------------+----------------------+-------------------+--------------------+----------------+
| Fedora 31           | SKIPPED              | FAIL              | FAIL               | SKIPPED        |
+---------------------+----------------------+-------------------+--------------------+----------------+
| Ubuntu 18.04        | SKIPPED              | FAIL              | FAIL               | PASS           |
+---------------------+----------------------+-------------------+--------------------+----------------+
| FreeBSD 11.2        | SKIPPED              | SKIPPED           | FAIL               | SKIPPED        |
+---------------------+----------------------+-------------------+--------------------+----------------+
| CentOS 8            | SKIPPED              | SKIPPED           | FAIL               | SKIPPED        |
+---------------------+----------------------+-------------------+--------------------+----------------+
| openSUSE Leap 15    | SKIPPED              | SKIPPED           | FAIL               | SKIPPED        |
+---------------------+----------------------+-------------------+--------------------+----------------+
| Ubuntu 18.04 ARM    | SKIPPED              | SKIPPED           | FAIL               | SKIPPED        |
+---------------------+----------------------+-------------------+--------------------+----------------+
| Arch Linux          | SKIPPED              | SKIPPED           | FAIL               | SKIPPED        |
+---------------------+----------------------+-------------------+--------------------+----------------+

==== 20 line log output for Fedora 31 (dpdk_compile_spdk): ====
[160/2871] Linking static target lib/librte_cmdline.a.
[161/2871] Compiling C object 'lib/76b5a35@@rte_hash at sta/librte_hash_rte_fbk_hash.c.o'.
[162/2871] Generating rte_hash_def with a custom command.
[163/2871] Compiling C object 'lib/76b5a35@@rte_metrics at sta/librte_metrics_rte_metrics_telemetry.c.o'.
FAILED: lib/76b5a35@@rte_metrics at sta/librte_metrics_rte_metrics_telemetry.c.o
cc -Ilib/76b5a35@@rte_metrics at sta -Ilib -I../lib -Ilib/librte_metrics/../librte_telemetry -I../lib/librte_metrics/../librte_telemetry -Ilib/librte_metrics -I../lib/librte_metrics -I. -I../ -Iconfig -I../config -Ilib/librte_eal/include -I../lib/librte_eal/include -Ilib/librte_eal/linux/include -I../lib/librte_eal/linux/include -Ilib/librte_eal/x86/include -I../lib/librte_eal/x86/include -Ilib/librte_eal/common -I../lib/librte_eal/common -Ilib/librte_eal -I../lib/librte_eal -Ilib/librte_kvargs -I../lib/librte_kvargs -Ilib/librte_telemetry/../librte_metrics -I../lib/librte_telemetry/../librte_metrics -Ilib/librte_telemetry -I../lib/librte_telemetry -Ilib/librte_ethdev -I../lib/librte_ethdev -Ilib/librte_net -I../lib/librte_net -Ilib/librte_mbuf -I../lib/librte_mbuf -Ilib/librte_mempool -I../lib/librte_mempool -Ilib/librte_ring -I../lib/librte_ring -Ilib/librte_meter -I../lib/librte_meter -fdiagnostics-color=always -pipe -D_FILE_OFFSET_BITS=64 -Wall -Winvalid-pch -Werror -O3 -include rte_config.h -Wextra -Wcast-qual -Wdeprecated -Wformat -Wformat-nonliteral -Wformat-security -Wmissing-declarations -Wmissing-prototypes -Wnested-externs -Wold-style-definition -Wpointer-arith -Wsign-compare -Wstrict-prototypes -Wundef -Wwrite-strings -Wno-address-of-packed-member -Wno-packed-not-aligned -Wno-missing-field-initializers -D_GNU_SOURCE -fPIC -march=native -DALLOW_EXPERIMENTAL_API -DALLOW_INTERNAL_API -Wno-format-truncation -MD -MQ 'lib/76b5a35@@rte_metrics at sta/librte_metrics_rte_metrics_telemetry.c.o' -MF 'lib/76b5a35@@rte_metrics at sta/librte_metrics_rte_metrics_telemetry.c.o.d' -o 'lib/76b5a35@@rte_metrics at sta/librte_metrics_rte_metrics_telemetry.c.o' -c ../lib/librte_metrics/rte_metrics_telemetry.c
../lib/librte_metrics/rte_metrics_telemetry.c:166:1: error: 'rte_metrics_tel_format_port' defined but not used [-Werror=unused-function]
166 | rte_metrics_tel_format_port(uint32_t pid, json_t *ports,
| ^~~~~~~~~~~~~~~~~~~~~~~~~~~
../lib/librte_metrics/rte_metrics_telemetry.c:35:1: error: 'rte_metrics_tel_reg_port_ethdev_to_metrics' defined but not used [-Werror=unused-function]
35 | rte_metrics_tel_reg_port_ethdev_to_metrics(uint16_t port_id)
| ^~~~~~~~~~~~~~~~~~~~~~~~~~~~~~~~~~~~~~~~~~
cc1: all warnings being treated as errors
[164/2871] Generating cmdline.sym_chk with a meson_exe.py custom command.
[165/2871] Compiling C object 'lib/76b5a35@@rte_ethdev at sta/librte_ethdev_rte_ethdev.c.o'.
[166/2871] Compiling C object 'lib/76b5a35@@rte_timer at sta/librte_timer_rte_timer.c.o'.
[167/2871] Generating eal.sym_chk with a meson_exe.py custom command.
[168/2871] Compiling C object 'lib/76b5a35@@rte_hash at sta/librte_hash_rte_cuckoo_hash.c.o'.
ninja: build stopped: subcommand failed.
[1] Error running command.
==== End log output ====

Windows Server 2019
	Kernel: 10.0
	Compiler: clang 9.0 and gcc 8.1.0 (MinGW)

Fedora 31
	Kernel: 5.3.16
	Compiler: gcc 9.2.1

Ubuntu 18.04
	Kernel: 4.15.0-generic
	Compiler: gcc 7.5

FreeBSD 11.2
	Kernel: 11.2
	Compiler: gcc 8.3

CentOS 8
	Kernel: 4.18.0.el8_0
	Compiler: gcc 8.3.1

openSUSE Leap 15
	Kernel: 4.12.14
	Compiler: gcc 7.4.1

Ubuntu 18.04 ARM
	Kernel: 5.4.0-53-generic
	Compiler: gcc 9.3

Arch Linux
	Kernel: latest
	Compiler: gcc latest

To view detailed results, visit:
https://lab.dpdk.org/results/dashboard/patchsets/15685/

UNH-IOL DPDK Community Lab

To manage your email subscriptions, visit: 
https://lab.dpdk.org/results/dashboard/preferences/subscriptions/


More information about the test-report mailing list