[dpdk-test-report] |FAILURE| pw88288 [PATCH] [v1] pflock: implementation of phase-fair reader writer locks

dpdklab at iol.unh.edu dpdklab at iol.unh.edu
Sun Feb 28 20:14:36 CET 2021


Test-Label: iol-testing
Test-Status: FAILURE
http://dpdk.org/patch/88288

_Testing issues_

Submitter: Stephen Hemminger <stephen at networkplumber.org>
Date: Sunday, February 28 2021 17:21:50 
DPDK git baseline: Repo:dpdk
  Branch: master
  CommitID:51fe32138c860992f228dbf19416ffd3b8e8baf4

88288 --> testing fail

Test environment and result as below:

+---------------------+----------------------+--------------------+-------------------+----------------+
|     Environment     | dpdk_mingw64_compile | dpdk_meson_compile | dpdk_compile_spdk | dpdk_unit_test |
+=====================+======================+====================+===================+================+
| Windows Server 2019 | PASS                 | PASS               | SKIPPED           | SKIPPED        |
+---------------------+----------------------+--------------------+-------------------+----------------+
| FreeBSD 11.2        | SKIPPED              | FAIL               | SKIPPED           | SKIPPED        |
+---------------------+----------------------+--------------------+-------------------+----------------+
| CentOS 8            | SKIPPED              | PASS               | SKIPPED           | SKIPPED        |
+---------------------+----------------------+--------------------+-------------------+----------------+
| openSUSE Leap 15    | SKIPPED              | PASS               | SKIPPED           | SKIPPED        |
+---------------------+----------------------+--------------------+-------------------+----------------+
| Ubuntu 18.04        | SKIPPED              | PASS               | PASS              | PASS           |
+---------------------+----------------------+--------------------+-------------------+----------------+
| Arch Linux          | SKIPPED              | PASS               | SKIPPED           | SKIPPED        |
+---------------------+----------------------+--------------------+-------------------+----------------+
| Fedora 31           | SKIPPED              | PASS               | PASS              | SKIPPED        |
+---------------------+----------------------+--------------------+-------------------+----------------+
| Fedora 32           | SKIPPED              | PASS               | SKIPPED           | SKIPPED        |
+---------------------+----------------------+--------------------+-------------------+----------------+
| Ubuntu 18.04 ARM    | SKIPPED              | PASS               | SKIPPED           | PASS           |
+---------------------+----------------------+--------------------+-------------------+----------------+

==== 20 line log output for FreeBSD 11.2 (dpdk_meson_compile): ====
[1884/2097] Compiling C object app/test/dpdk-test.p/test_power_cpufreq.c.o
[1885/2097] Compiling C object app/test/dpdk-test.p/test_pflock.c.o
FAILED: app/test/dpdk-test.p/test_pflock.c.o
cc -Iapp/test/dpdk-test.p -Iapp/test -I../app/test -Ilib/librte_acl -I../lib/librte_acl -I. -I.. -Iconfig -I../config -Ilib/librte_eal/include -I../lib/librte_eal/include -Ilib/librte_eal/freebsd/include -I../lib/librte_eal/freebsd/include -Ilib/librte_eal/x86/include -I../lib/librte_eal/x86/include -Ilib/librte_eal/common -I../lib/librte_eal/common -Ilib/librte_eal -I../lib/librte_eal -Ilib/librte_kvargs -I../lib/librte_kvargs -Ilib/librte_metrics -I../lib/librte_metrics -Ilib/librte_telemetry -I../lib/librte_telemetry -Idrivers/bus/pci -I../drivers/bus/pci -I../drivers/bus/pci/bsd -Ilib/librte_pci -I../lib/librte_pci -Idrivers/bus/vdev -I../drivers/bus/vdev -Ilib/librte_bitratestats -I../lib/librte_bitratestats -Ilib/librte_ethdev -I../lib/librte_ethdev -Ilib/librte_net -I../lib/librte_net -Ilib/librte_mbuf -I../lib/librte_mbuf -Ilib/librte_mempool -I../lib/librte_mempool -Ilib/librte_ring -I../lib/librte_ring -Ilib/librte_meter -I../lib/librte_meter -Ilib/librte_bpf -I../lib/librte_bpf -Ilib/librte_cfgfile -I../lib/librte_cfgfile -Ilib/librte_cmdline -I../lib/librte_cmdline -Ilib/librte_cryptodev -I../lib/librte_cryptodev -Ilib/librte_rcu -I../lib/librte_rcu -Ilib/librte_distributor -I../lib/librte_distributor -Ilib/librte_efd -I../lib/librte_efd -Ilib/librte_hash -I../lib/librte_hash -Ilib/librte_eventdev -I../lib/librte_eventdev -Ilib/librte_timer -I../lib/librte_timer -Ilib/librte_fib -I../lib/librte_fib -Ilib/librte_rib -I../lib/librte_rib -Ilib/librte_flow_classify -I../lib/librte_flow_classify -Ilib/librte_table -I../lib/librte_table -Ilib/librte_port -I../lib/librte_port -Ilib/librte_sched -I../lib/librte_sched -Ilib/librte_ip_frag -I../lib/librte_ip_frag -Ilib/librte_lpm -I../lib/librte_lpm -Ilib/librte_graph -I../lib/librte_graph -Ilib/librte_ipsec -I../lib/librte_ipsec -Ilib/librte_security -I../lib/librte_security -Ilib/librte_latencystats -I../lib/librte_latencystats -Ilib/librte_member -I../lib/librte_member -Ilib/librte_node -I../lib/librte_node -Ilib/librte_pipeline -I../lib/librte_pipeline -Ilib/librte_rawdev -I../lib/librte_rawdev -Ilib/librte_reorder -I../lib/librte_reorder -Ilib/librte_stack -I../lib/librte_stack -Idrivers/mempool/ring -I../drivers/mempool/ring -Idrivers/mempool/stack -I../drivers/mempool/stack -Idrivers/event/skeleton -I../drivers/event/skeleton -Idrivers/net/bonding -I../drivers/net/bonding -Idrivers/net/ring -I../drivers/net/ring -Ilib/librte_pdump -I../lib/librte_pdump -Ilib/librte_compressdev -I../lib/librte_compressdev -Idrivers/crypto/scheduler -I../drivers/crypto/scheduler -I/usr/local/include -Xclang -fcolor-diagnostics -pipe -D_FILE_OFFSET_BITS=64 -Wall -Winvalid-pch -Werror -O3 -include rte_config.h -Wextra -Wcast-qual -Wdeprecated -Wformat -Wformat-nonliteral -Wformat-security -Wmissing-declarations -Wmissing-prototypes -Wnested-externs -Wold-style-definition -Wpointer-arith -Wsign-compare -Wstrict-prototypes -Wundef -Wwrite-strings -Wno-address-of-packed-member -Wno-missing-field-initializers -D__BSD_VISIBLE -march=native -mno-avx512f -DALLOW_EXPERIMENTAL_API -D_GNU_SOURCE -fno-strict-aliasing -DALLOW_INTERNAL_API -MD -MQ app/test/dpdk-test.p/test_pflock.c.o -MF app/test/dpdk-test.p/test_pflock.c.o.d -o app/test/dpdk-test.p/test_pflock.c.o -c ../app/test/test_pflock.c
In file included from ../app/test/test_pflock.c:17:
In file included from ../lib/librte_eal/x86/include/rte_pflock.h:12:
../lib/librte_eal/include/generic/rte_pflock.h:215:33: error: implicit conversion from 'unsigned int' to 'uint16_t' (aka 'unsigned short') changes value from 4294967280 to 65520 [-Werror,-Wconstant-conversion]
__atomic_fetch_and(&pf->rd.in, RTE_PFLOCK_LSB, __ATOMIC_RELEASE);
~~~~~~~~~~~~~~~~~~             ^~~~~~~~~~~~~~
../lib/librte_eal/include/generic/rte_pflock.h:57:26: note: expanded from macro 'RTE_PFLOCK_LSB'
#define RTE_PFLOCK_LSB   0xFFFFFFF0
^~~~~~~~~~
1 error generated.
[1886/2097] Compiling C object app/test/dpdk-test.p/test_power_kvm_vm.c.o
[1887/2097] Compiling C object app/test/dpdk-test.p/test_prefetch.c.o
[1888/2097] Compiling C object app/test/dpdk-test.p/test_mp_secondary.c.o
[1889/2097] Compiling C object app/test/dpdk-test.p/test_pmd_perf.c.o
[1890/2097] Compiling C object app/test/dpdk-test.p/test_memcpy_perf.c.o
ninja: build stopped: subcommand failed.
[1] Error running command.
==== End log output ====

Windows Server 2019
	Kernel: 10.0
	Compiler: clang 9.0 and gcc 8.1.0 (MinGW)

FreeBSD 11.2
	Kernel: 11.2
	Compiler: gcc 8.3

CentOS 8
	Kernel: 4.18.0.el8_0
	Compiler: gcc 8.3.1

openSUSE Leap 15
	Kernel: 4.12.14
	Compiler: gcc 7.4.1

Ubuntu 18.04
	Kernel: 4.15.0-generic
	Compiler: gcc 7.5

Arch Linux
	Kernel: latest
	Compiler: gcc latest

Fedora 31
	Kernel: 5.3.16
	Compiler: gcc 9.2.1

Fedora 32
	Kernel: 4.18.0-240.10.1.el8_3.x86_64
	Compiler: gcc 10.2.1

Ubuntu 18.04 ARM
	Kernel: 5.4.0-53-generic
	Compiler: gcc 9.3

To view detailed results, visit:
https://lab.dpdk.org/results/dashboard/patchsets/15742/

UNH-IOL DPDK Community Lab

To manage your email subscriptions, visit: 
https://lab.dpdk.org/results/dashboard/preferences/subscriptions/


More information about the test-report mailing list