[dpdk-test-report] |FAILURE| [GIT MASTER] 5a0eba6c9b747aa5b89909146de69e390f4f0205
dpdklab at iol.unh.edu
dpdklab at iol.unh.edu
Tue Jan 19 23:23:43 CET 2021
_Testing issues_
Branch: dpdk-next-net-intel
5a0eba6c9b747aa5b89909146de69e390f4f0205 --> testing fail
Test environment and result as below:
+---------------------+----------------------+--------------------+----------------+-------------------+
| Environment | dpdk_mingw64_compile | dpdk_meson_compile | dpdk_unit_test | dpdk_compile_spdk |
+=====================+======================+====================+================+===================+
| Windows Server 2019 | PASS | PASS | SKIPPED | SKIPPED |
+---------------------+----------------------+--------------------+----------------+-------------------+
| FreeBSD 11.2 | SKIPPED | PASS | SKIPPED | SKIPPED |
+---------------------+----------------------+--------------------+----------------+-------------------+
| Fedora 31 | SKIPPED | PASS | SKIPPED | PASS |
+---------------------+----------------------+--------------------+----------------+-------------------+
| CentOS 8 | SKIPPED | PASS | SKIPPED | SKIPPED |
+---------------------+----------------------+--------------------+----------------+-------------------+
| openSUSE Leap 15 | SKIPPED | PASS | SKIPPED | SKIPPED |
+---------------------+----------------------+--------------------+----------------+-------------------+
| Arch Linux | SKIPPED | PASS | SKIPPED | SKIPPED |
+---------------------+----------------------+--------------------+----------------+-------------------+
| Ubuntu 18.04 | SKIPPED | PASS | PASS | PASS |
+---------------------+----------------------+--------------------+----------------+-------------------+
| Ubuntu 18.04 ARM | SKIPPED | FAIL | SKIPPED | SKIPPED |
+---------------------+----------------------+--------------------+----------------+-------------------+
==== 20 line log output for Ubuntu 18.04 ARM (dpdk_meson_compile): ====
[1280/2795] Compiling C object drivers/libtmp_rte_net_i40e.a.p/net_i40e_i40e_ethdev_vf.c.o
[1281/2795] Compiling C object drivers/libtmp_rte_net_i40e.a.p/net_i40e_i40e_fdir.c.o
[1282/2795] Compiling C object drivers/libtmp_rte_net_i40e.a.p/net_i40e_i40e_vf_representor.c.o
[1283/2795] Compiling C object drivers/libtmp_rte_net_i40e.a.p/net_i40e_i40e_flow.c.o
[1284/2795] Generating rte_net_i40e_def with a custom command
[1285/2795] Compiling C object drivers/libtmp_rte_net_i40e.a.p/net_i40e_i40e_rxtx.c.o
FAILED: drivers/libtmp_rte_net_i40e.a.p/net_i40e_i40e_rxtx.c.o
cc -Idrivers/libtmp_rte_net_i40e.a.p -Idrivers -I../drivers -Idrivers/net/i40e -I../drivers/net/i40e -Idrivers/net/i40e/base -I../drivers/net/i40e/base -Ilib/librte_ethdev -I../lib/librte_ethdev -I. -I.. -Iconfig -I../config -Ilib/librte_eal/include -I../lib/librte_eal/include -Ilib/librte_eal/linux/include -I../lib/librte_eal/linux/include -Ilib/librte_eal/arm/include -I../lib/librte_eal/arm/include -Ilib/librte_eal/common -I../lib/librte_eal/common -Ilib/librte_eal -I../lib/librte_eal -Ilib/librte_kvargs -I../lib/librte_kvargs -Ilib/librte_metrics -I../lib/librte_metrics -Ilib/librte_telemetry -I../lib/librte_telemetry -Ilib/librte_net -I../lib/librte_net -Ilib/librte_mbuf -I../lib/librte_mbuf -Ilib/librte_mempool -I../lib/librte_mempool -Ilib/librte_ring -I../lib/librte_ring -Ilib/librte_meter -I../lib/librte_meter -Idrivers/bus/pci -I../drivers/bus/pci -I../drivers/bus/pci/linux -Ilib/librte_pci -I../lib/librte_pci -Idrivers/bus/vdev -I../drivers/bus/vdev -Ilib/librte_hash -I../lib/librte_hash -Ilib/librte_rcu -I../lib/librte_rcu -fdiagnostics-color=always -pipe -D_FILE_OFFSET_BITS=64 -Wall -Winvalid-pch -Werror -O3 -include rte_config.h -Wextra -Wcast-qual -Wdeprecated -Wformat -Wformat-nonliteral -Wformat-security -Wmissing-declarations -Wmissing-prototypes -Wnested-externs -Wold-style-definition -Wpointer-arith -Wsign-compare -Wstrict-prototypes -Wundef -Wwrite-strings -Wno-address-of-packed-member -Wno-packed-not-aligned -Wno-missing-field-initializers -D_GNU_SOURCE -fPIC -march=armv8.1-a+crc+crypto -mcpu=thunderx2t99 -DALLOW_EXPERIMENTAL_API -DALLOW_INTERNAL_API -Wno-format-truncation -DPF_DRIVER -DVF_DRIVER -DINTEGRATED_VF -DX722_A0_SUPPORT -MD -MQ drivers/libtmp_rte_net_i40e.a.p/net_i40e_i40e_rxtx.c.o -MF drivers/libtmp_rte_net_i40e.a.p/net_i40e_i40e_rxtx.c.o.d -o drivers/libtmp_rte_net_i40e.a.p/net_i40e_i40e_rxtx.c.o -c ../drivers/net/i40e/i40e_rxtx.c
../drivers/net/i40e/i40e_rxtx.c: In function ‘get_avx_supported’:
../drivers/net/i40e/i40e_rxtx.c:3122:24: error: unused parameter ‘request_avx512’ [-Werror=unused-parameter]
3122 | get_avx_supported(bool request_avx512)
| ^
cc1: all warnings being treated as errors
[1286/2795] Generating rte_net_i40e_mingw with a custom command
[1287/2795] Compiling C object drivers/libtmp_rte_net_i40e.a.p/net_i40e_i40e_hash.c.o
[1288/2795] Compiling C object drivers/libtmp_rte_net_i40e.a.p/net_i40e_i40e_rxtx_vec_neon.c.o
[1289/2795] Compiling C object drivers/libtmp_rte_net_i40e.a.p/net_i40e_rte_pmd_i40e.c.o
[1290/2795] Compiling C object drivers/libtmp_rte_net_i40e.a.p/net_i40e_i40e_ethdev.c.o
ninja: build stopped: subcommand failed.
[1] Error running command.
==== End log output ====
Windows Server 2019
Kernel: 10.0
Compiler: clang 9.0
FreeBSD 11.2
Kernel: 11.2
Compiler: gcc 8.3
Fedora 31
Kernel: 5.3.16
Compiler: gcc 9.2.1
CentOS 8
Kernel: 4.18.0.el8_0
Compiler: gcc 8.3.1
openSUSE Leap 15
Kernel: 4.12.14
Compiler: gcc 7.4.1
Arch Linux
Kernel: latest
Compiler: gcc latest
Ubuntu 18.04
Kernel: 4.15.0-generic
Compiler: gcc 7.5
Ubuntu 18.04 ARM
Kernel: 5.4.0-53-generic
Compiler: gcc 9.3
To view detailed results, visit:
https://lab.dpdk.org/results/dashboard/tarballs/13380/
UNH-IOL DPDK Community Lab
To manage your email subscriptions, visit:
https://lab.dpdk.org/results/dashboard/preferences/subscriptions/
More information about the test-report
mailing list