[dpdk-test-report] |WARNING| [GIT MASTER] 75191965340189221449e78871cb33d0e9ee562b
dpdklab at iol.unh.edu
dpdklab at iol.unh.edu
Sat Jan 30 12:44:51 CET 2021
_Testing issues_
Branch: dpdk-next-net-mlx
75191965340189221449e78871cb33d0e9ee562b --> testing fail
Test environment and result as below:
+---------------------+----------------------+--------------------+-------------------+----------------+
| Environment | dpdk_mingw64_compile | dpdk_meson_compile | dpdk_compile_spdk | dpdk_unit_test |
+=====================+======================+====================+===================+================+
| Windows Server 2019 | FAIL | PASS | SKIPPED | SKIPPED |
+---------------------+----------------------+--------------------+-------------------+----------------+
| Ubuntu 18.04 | SKIPPED | PASS | PASS | PASS |
+---------------------+----------------------+--------------------+-------------------+----------------+
| FreeBSD 11.2 | SKIPPED | PASS | SKIPPED | SKIPPED |
+---------------------+----------------------+--------------------+-------------------+----------------+
| CentOS 8 | SKIPPED | PASS | SKIPPED | SKIPPED |
+---------------------+----------------------+--------------------+-------------------+----------------+
| openSUSE Leap 15 | SKIPPED | PASS | SKIPPED | SKIPPED |
+---------------------+----------------------+--------------------+-------------------+----------------+
| Arch Linux | SKIPPED | PASS | SKIPPED | SKIPPED |
+---------------------+----------------------+--------------------+-------------------+----------------+
| Fedora 31 | SKIPPED | PASS | PASS | SKIPPED |
+---------------------+----------------------+--------------------+-------------------+----------------+
| Ubuntu 18.04 ARM | SKIPPED | PASS | SKIPPED | PASS |
+---------------------+----------------------+--------------------+-------------------+----------------+
==== 20 line log output for Windows Server 2019 (dpdk_mingw64_compile): ====
{standard input}:3548: Error: invalid register for .seh_savexmm
{standard input}:4116: Error: invalid register for .seh_savexmm
{standard input}:4117: Error: invalid register for .seh_savexmm
{standard input}:4118: Error: invalid register for .seh_savexmm
{standard input}:4119: Error: invalid register for .seh_savexmm
{standard input}:4120: Error: invalid register for .seh_savexmm
{standard input}:4121: Error: invalid register for .seh_savexmm
{standard input}:4122: Error: invalid register for .seh_savexmm
{standard input}:4123: Error: invalid register for .seh_savexmm
{standard input}:4124: Error: invalid register for .seh_savexmm
{standard input}:4125: Error: invalid register for .seh_savexmm
{standard input}:4126: Error: invalid register for .seh_savexmm
{standard input}:4127: Error: invalid register for .seh_savexmm
{standard input}:4128: Error: invalid register for .seh_savexmm
[166/232] Compiling C object drivers/net/i40e/base/2660ee9@@i40e_base at sta/i40e_nvm.c.obj.
[167/232] Compiling C object drivers/net/i40e/base/2660ee9@@i40e_base at sta/i40e_dcb.c.obj.
[168/232] Compiling C object drivers/net/i40e/base/2660ee9@@i40e_base at sta/i40e_common.c.obj.
[169/232] Compiling C object drivers/a715181@@rte_net_i40e at sta/net_i40e_i40e_rxtx.c.obj.
[170/232] Compiling C object drivers/a715181@@rte_net_i40e at sta/net_i40e_i40e_ethdev.c.obj.
ninja: build stopped: subcommand failed.
==== End log output ====
Windows Server 2019
Kernel: 10.0
Compiler: clang 9.0 and gcc 8.1.0 (MinGW)
Ubuntu 18.04
Kernel: 4.15.0-generic
Compiler: gcc 7.5
FreeBSD 11.2
Kernel: 11.2
Compiler: gcc 8.3
CentOS 8
Kernel: 4.18.0.el8_0
Compiler: gcc 8.3.1
openSUSE Leap 15
Kernel: 4.12.14
Compiler: gcc 7.4.1
Arch Linux
Kernel: latest
Compiler: gcc latest
Fedora 31
Kernel: 5.3.16
Compiler: gcc 9.2.1
Ubuntu 18.04 ARM
Kernel: 5.4.0-53-generic
Compiler: gcc 9.3
To view detailed results, visit:
https://lab.dpdk.org/results/dashboard/tarballs/13544/
UNH-IOL DPDK Community Lab
To manage your email subscriptions, visit:
https://lab.dpdk.org/results/dashboard/preferences/subscriptions/
More information about the test-report
mailing list