[dpdk-test-report] |WARNING| pw93913-93922 [PATCH] [v8, 10/10] Enable the new EAL thread API
dpdklab at iol.unh.edu
dpdklab at iol.unh.edu
Sat Jun 5 05:01:34 CEST 2021
Test-Label: iol-abi-testing
Test-Status: WARNING
http://dpdk.org/patch/93922
_Testing issues_
Submitter: Narcisa Ana Maria Vasile <navasile at linux.microsoft.com>
Date: Friday, June 04 2021 23:38:28
DPDK git baseline: Repo:dpdk
Branch: master
CommitID:64307fad7d2b6af3be5e19833e404312f01f6ce5
93913-93922 --> testing fail
Test environment and result as below:
+------------------+----------+
| Environment | abi_test |
+==================+==========+
| Ubuntu 18.04 ARM | FAIL |
+------------------+----------+
| RHEL 7 | FAIL |
+------------------+----------+
| Ubuntu 18.04 | FAIL |
+------------------+----------+
| Fedora 34 | FAIL |
+------------------+----------+
| Ubuntu 20.04 | FAIL |
+------------------+----------+
| Ubuntu20.04 | PASS |
+------------------+----------+
| Arch Linux | FAIL |
+------------------+----------+
| CentOS 8 | FAIL |
+------------------+----------+
| Fedora 33 | FAIL |
+------------------+----------+
| openSUSE Leap 15 | FAIL |
+------------------+----------+
| CentOS Stream 8 | FAIL |
+------------------+----------+
| Fedora 32 | FAIL |
+------------------+----------+
| Fedora 31 | FAIL |
+------------------+----------+
| RHEL8 | FAIL |
+------------------+----------+
==== 20 line log output for Ubuntu 18.04 ARM (abi_test): ====
Variables changes summary: 0 Removed, 0 Changed (1 filtered out), 0 Added variable
Functions changes summary: 0 Removed, 0 Changed (2 filtered out), 0 Added functions
Variables changes summary: 0 Removed, 0 Changed, 0 Added variable
Functions changes summary: 0 Removed, 0 Changed (2 filtered out), 0 Added functions
Variables changes summary: 0 Removed, 0 Changed, 0 Added variable
Functions changes summary: 0 Removed, 0 Changed (14 filtered out), 0 Added functions
Variables changes summary: 0 Removed, 0 Changed (1 filtered out), 0 Added variable
Functions changes summary: 0 Removed, 0 Changed (1 filtered out), 0 Added function
Variables changes summary: 0 Removed, 0 Changed, 0 Added variable
Functions changes summary: 0 Removed, 0 Changed (2 filtered out), 0 Added functions
Variables changes summary: 0 Removed, 0 Changed (1 filtered out), 0 Added variable
Functions changes summary: 0 Removed, 0 Changed, 0 Added function
Variables changes summary: 0 Removed, 0 Changed (1 filtered out), 0 Added variable
==== End log output ====
Ubuntu 18.04 ARM
Kernel: 5.4.0-53-generic
Compiler: gcc 9.3
RHEL 7
Kernel: 4.18.0-240.10.1.el8_3.x86_64
Compiler: gcc 4.8.5 20150623 (Red Hat 4.8.5-44)
Ubuntu 18.04
Kernel: 4.18.0-240.10.1.el8_3.x86_64
Compiler: gcc 7.5.0-3ubuntu1~18.04
Fedora 34
Kernel: 5.4.0-72-generic
Compiler: gcc 11.1.1 20210428 (Red Hat 11.1.1-1)
Ubuntu 20.04
Kernel: 4.18.0-240.10.1.el8_3.x86_64
Compiler: gcc 9.3.0-17ubuntu1~20.04
Ubuntu20.04
Kernel: 5.4.0-72-generic
Compiler: aarch64-linux-gnu-gcc (Ubuntu 9.3.0-17ubuntu1~20.04) 9.3.0
Arch Linux
Kernel: 4.18.0-240.10.1.el8_3.x86_64
Compiler: gcc 10.2.0
CentOS 8
Kernel: 4.18.0-240.10.1.el8_3.x86_64
Compiler: gcc 8.3.1 20191121 (Red Hat 8.3.1-5)
Fedora 33
Kernel: 5.4.0-72-generic
Compiler: gcc 10.3.1 20210422 (Red Hat 10.3.1-1)
openSUSE Leap 15
Kernel: 4.18.0-240.10.1.el8_3.x86_64
Compiler: gcc 7.5.0
CentOS Stream 8
Kernel: 4.18.0-240.10.1.el8_3.x86_64
Compiler: gcc 8.4.1 20200928
Fedora 32
Kernel: 4.18.0-240.10.1.el8_3.x86_64
Compiler: gcc 10.2.1
Fedora 31
Kernel: 4.18.0-240.10.1.el8_3.x86_64
Compiler: gcc 9.3.1
RHEL8
Kernel: 4.18.0-240.10.1.el8_3.x86_64
Compiler: gcc 8.3.1 20191121 (Red Hat 8.3.1-5)
To view detailed results, visit:
https://lab.dpdk.org/results/dashboard/patchsets/17318/
UNH-IOL DPDK Community Lab
To manage your email subscriptions, visit:
https://lab.dpdk.org/results/dashboard/preferences/subscriptions/
More information about the test-report
mailing list