[dpdk-test-report] |FAILURE| pw88493 [PATCH] app/testpmd: support multi-process
dpdklab at iol.unh.edu
dpdklab at iol.unh.edu
Fri Mar 5 05:13:56 CET 2021
Test-Label: iol-testing
Test-Status: FAILURE
http://dpdk.org/patch/88493
_Testing issues_
Submitter: oulijun <oulijun at huawei.com>
Date: Friday, March 05 2021 01:04:36
DPDK git baseline: Repo:dpdk
Branch: master
CommitID:2a2ebeab9e3309ab332baefdbcc1caa7e62ecc82
88493 --> testing fail
Test environment and result as below:
+---------------------+----------------------+--------------------+----------------+-------------------+
| Environment | dpdk_mingw64_compile | dpdk_meson_compile | dpdk_unit_test | dpdk_compile_spdk |
+=====================+======================+====================+================+===================+
| Windows Server 2019 | PASS | PASS | SKIPPED | SKIPPED |
+---------------------+----------------------+--------------------+----------------+-------------------+
| FreeBSD 11.2 | SKIPPED | PASS | SKIPPED | SKIPPED |
+---------------------+----------------------+--------------------+----------------+-------------------+
| Ubuntu 18.04 | SKIPPED | PASS | PASS | PASS |
+---------------------+----------------------+--------------------+----------------+-------------------+
| CentOS 8 | SKIPPED | PASS | SKIPPED | SKIPPED |
+---------------------+----------------------+--------------------+----------------+-------------------+
| Fedora 32 | SKIPPED | PASS | SKIPPED | SKIPPED |
+---------------------+----------------------+--------------------+----------------+-------------------+
| openSUSE Leap 15 | SKIPPED | PASS | SKIPPED | SKIPPED |
+---------------------+----------------------+--------------------+----------------+-------------------+
| Arch Linux | SKIPPED | FAIL | SKIPPED | SKIPPED |
+---------------------+----------------------+--------------------+----------------+-------------------+
| RHEL 7 | SKIPPED | PASS | SKIPPED | SKIPPED |
+---------------------+----------------------+--------------------+----------------+-------------------+
| RHEL8 | SKIPPED | PASS | SKIPPED | SKIPPED |
+---------------------+----------------------+--------------------+----------------+-------------------+
| Fedora 31 | SKIPPED | PASS | SKIPPED | PASS |
+---------------------+----------------------+--------------------+----------------+-------------------+
| Ubuntu 18.04 ARM | SKIPPED | PASS | PASS | SKIPPED |
+---------------------+----------------------+--------------------+----------------+-------------------+
==== 20 line log output for Arch Linux (dpdk_meson_compile): ====
/usr/sbin/ld: app/dpdk-testpmd.p/test-pmd_testpmd.c.o:(.bss+0x3158): multiple definition of `f_quit'; app/dpdk-testpmd.p/test-pmd_5tswap.c.o:(.bss+0xc): first defined here
/usr/sbin/ld: app/dpdk-testpmd.p/test-pmd_testpmd.c.o:(.data+0x604): multiple definition of `testpmd_fd_copy'; app/dpdk-testpmd.p/test-pmd_5tswap.c.o:(.bss+0x8): first defined here
/usr/sbin/ld: app/dpdk-testpmd.p/test-pmd_testpmd.c.o:(.bss+0x3150): multiple definition of `testpmd_cl'; app/dpdk-testpmd.p/test-pmd_5tswap.c.o:(.bss+0x0): first defined here
/usr/sbin/ld: app/dpdk-testpmd.p/test-pmd_txonly.c.o:(.bss+0x0): multiple definition of `testpmd_cl'; app/dpdk-testpmd.p/test-pmd_5tswap.c.o:(.bss+0x0): first defined here
/usr/sbin/ld: app/dpdk-testpmd.p/test-pmd_txonly.c.o:(.bss+0x8): multiple definition of `testpmd_fd_copy'; app/dpdk-testpmd.p/test-pmd_5tswap.c.o:(.bss+0x8): first defined here
/usr/sbin/ld: app/dpdk-testpmd.p/test-pmd_txonly.c.o:(.bss+0xc): multiple definition of `f_quit'; app/dpdk-testpmd.p/test-pmd_5tswap.c.o:(.bss+0xc): first defined here
/usr/sbin/ld: app/dpdk-testpmd.p/test-pmd_util.c.o:(.bss+0x0): multiple definition of `testpmd_cl'; app/dpdk-testpmd.p/test-pmd_5tswap.c.o:(.bss+0x0): first defined here
/usr/sbin/ld: app/dpdk-testpmd.p/test-pmd_util.c.o:(.bss+0x8): multiple definition of `testpmd_fd_copy'; app/dpdk-testpmd.p/test-pmd_5tswap.c.o:(.bss+0x8): first defined here
/usr/sbin/ld: app/dpdk-testpmd.p/test-pmd_util.c.o:(.bss+0xc): multiple definition of `f_quit'; app/dpdk-testpmd.p/test-pmd_5tswap.c.o:(.bss+0xc): first defined here
/usr/sbin/ld: app/dpdk-testpmd.p/test-pmd_bpf_cmd.c.o:(.bss+0x0): multiple definition of `testpmd_cl'; app/dpdk-testpmd.p/test-pmd_5tswap.c.o:(.bss+0x0): first defined here
/usr/sbin/ld: app/dpdk-testpmd.p/test-pmd_bpf_cmd.c.o:(.bss+0x8): multiple definition of `testpmd_fd_copy'; app/dpdk-testpmd.p/test-pmd_5tswap.c.o:(.bss+0x8): first defined here
/usr/sbin/ld: app/dpdk-testpmd.p/test-pmd_bpf_cmd.c.o:(.bss+0xc): multiple definition of `f_quit'; app/dpdk-testpmd.p/test-pmd_5tswap.c.o:(.bss+0xc): first defined here
collect2: error: ld returned 1 exit status
[2520/2879] Compiling C object app/test/dpdk-test.p/packet_burst_generator.c.o
[2521/2879] Compiling C object app/test/dpdk-test.p/test_acl.c.o
[2522/2879] Compiling C object drivers/libtmp_rte_event_octeontx2.a.p/event_octeontx2_otx2_worker.c.o
[2523/2879] Compiling C object drivers/libtmp_rte_event_octeontx2.a.p/event_octeontx2_otx2_worker_dual.c.o
[2524/2879] Compiling C object drivers/libtmp_rte_net_mlx5.a.p/net_mlx5_mlx5_rxtx.c.o
ninja: build stopped: subcommand failed.
[1] Error running command.
==== End log output ====
Windows Server 2019
Kernel: 10.0
Compiler: clang 9.0 and gcc 8.1.0 (MinGW)
FreeBSD 11.2
Kernel: 11.2
Compiler: gcc 8.3
Ubuntu 18.04
Kernel: 4.15.0-generic
Compiler: gcc 7.5
CentOS 8
Kernel: 4.18.0.el8_0
Compiler: gcc 8.3.1
Fedora 32
Kernel: 4.18.0-240.10.1.el8_3.x86_64
Compiler: gcc 10.2.1
openSUSE Leap 15
Kernel: 4.12.14
Compiler: gcc 7.4.1
Arch Linux
Kernel: latest
Compiler: gcc latest
RHEL 7
Kernel: 4.18.0-240.10.1.el8_3.x86_64
Compiler: gcc 4.8.5 20150623 (Red Hat 4.8.5-44)
RHEL8
Kernel: 4.18.0-240.10.1.el8_3.x86_64
Compiler: gcc 8.3.1 20191121 (Red Hat 8.3.1-5)
Fedora 31
Kernel: 5.3.16
Compiler: gcc 9.2.1
Ubuntu 18.04 ARM
Kernel: 5.4.0-53-generic
Compiler: gcc 9.3
To view detailed results, visit:
https://lab.dpdk.org/results/dashboard/patchsets/15804/
UNH-IOL DPDK Community Lab
To manage your email subscriptions, visit:
https://lab.dpdk.org/results/dashboard/preferences/subscriptions/
More information about the test-report
mailing list