[dpdk-test-report] |FAILURE| pw88812 [PATCH] librte_eal/common: fix return type of rte_bsf64
dpdklab at iol.unh.edu
dpdklab at iol.unh.edu
Wed Mar 10 14:08:55 CET 2021
Test-Label: iol-testing
Test-Status: FAILURE
http://dpdk.org/patch/88812
_Testing issues_
Submitter: Tyler Retzlaff <roretzla at linux.microsoft.com>
Date: Wednesday, March 10 2021 06:41:06
DPDK git baseline: Repo:dpdk
Branch: master
CommitID:1e28e842e08428ff5716fbe909bf5acd0365aaf6
88812 --> testing fail
Test environment and result as below:
+---------------------+----------------------+--------------------+-------------------+----------------+
| Environment | dpdk_mingw64_compile | dpdk_meson_compile | dpdk_compile_spdk | dpdk_unit_test |
+=====================+======================+====================+===================+================+
| Windows Server 2019 | PASS | PASS | SKIPPED | SKIPPED |
+---------------------+----------------------+--------------------+-------------------+----------------+
| FreeBSD 11.2 | SKIPPED | FAIL | SKIPPED | SKIPPED |
+---------------------+----------------------+--------------------+-------------------+----------------+
| Ubuntu 18.04 ARM | SKIPPED | FAIL | SKIPPED | SKIPPED |
+---------------------+----------------------+--------------------+-------------------+----------------+
| Ubuntu 18.04 | SKIPPED | FAIL | FAIL | FAIL |
+---------------------+----------------------+--------------------+-------------------+----------------+
| CentOS 8 | SKIPPED | FAIL | SKIPPED | SKIPPED |
+---------------------+----------------------+--------------------+-------------------+----------------+
| openSUSE Leap 15 | SKIPPED | FAIL | SKIPPED | SKIPPED |
+---------------------+----------------------+--------------------+-------------------+----------------+
| Fedora 32 | SKIPPED | PASS | SKIPPED | SKIPPED |
+---------------------+----------------------+--------------------+-------------------+----------------+
| Arch Linux | SKIPPED | FAIL | SKIPPED | SKIPPED |
+---------------------+----------------------+--------------------+-------------------+----------------+
| Fedora 31 | SKIPPED | FAIL | FAIL | SKIPPED |
+---------------------+----------------------+--------------------+-------------------+----------------+
| RHEL8 | SKIPPED | PASS | SKIPPED | SKIPPED |
+---------------------+----------------------+--------------------+-------------------+----------------+
| RHEL 7 | SKIPPED | PASS | SKIPPED | SKIPPED |
+---------------------+----------------------+--------------------+-------------------+----------------+
==== 20 line log output for FreeBSD 11.2 (dpdk_meson_compile): ====
[1867/2098] Compiling C object app/test/dpdk-test.p/test_lpm6.c.o
[1868/2098] Compiling C object app/test/dpdk-test.p/test_ipsec.c.o
[1869/2098] Compiling C object app/test/dpdk-test.p/test_lpm6_perf.c.o
[1870/2098] Compiling C object app/test/dpdk-test.p/test_malloc.c.o
[1871/2098] Compiling C object app/test/dpdk-test.p/test_lpm_perf.c.o
[1872/2098] Compiling C object app/test/dpdk-test.p/test_lpm.c.o
[1873/2098] Compiling C object app/test/dpdk-test.p/test_mbuf.c.o
FAILED: app/test/dpdk-test.p/test_mbuf.c.o
cc -Iapp/test/dpdk-test.p -Iapp/test -I../app/test -Ilib/librte_acl -I../lib/librte_acl -I. -I.. -Iconfig -I../config -Ilib/librte_eal/include -I../lib/librte_eal/include -Ilib/librte_eal/freebsd/include -I../lib/librte_eal/freebsd/include -Ilib/librte_eal/x86/include -I../lib/librte_eal/x86/include -Ilib/librte_eal/common -I../lib/librte_eal/common -Ilib/librte_eal -I../lib/librte_eal -Ilib/librte_kvargs -I../lib/librte_kvargs -Ilib/librte_metrics -I../lib/librte_metrics -Ilib/librte_telemetry -I../lib/librte_telemetry -Idrivers/bus/pci -I../drivers/bus/pci -I../drivers/bus/pci/bsd -Ilib/librte_pci -I../lib/librte_pci -Idrivers/bus/vdev -I../drivers/bus/vdev -Ilib/librte_bitratestats -I../lib/librte_bitratestats -Ilib/librte_ethdev -I../lib/librte_ethdev -Ilib/librte_net -I../lib/librte_net -Ilib/librte_mbuf -I../lib/librte_mbuf -Ilib/librte_mempool -I../lib/librte_mempool -Ilib/librte_ring -I../lib/librte_ring -Ilib/librte_meter -I../lib/librte_meter -Ilib/librte_bpf -I../lib/librte_bpf -Ilib/librte_cfgfile -I../lib/librte_cfgfile -Ilib/librte_cmdline -I../lib/librte_cmdline -Ilib/librte_cryptodev -I../lib/librte_cryptodev -Ilib/librte_rcu -I../lib/librte_rcu -Ilib/librte_distributor -I../lib/librte_distributor -Ilib/librte_efd -I../lib/librte_efd -Ilib/librte_hash -I../lib/librte_hash -Ilib/librte_eventdev -I../lib/librte_eventdev -Ilib/librte_timer -I../lib/librte_timer -Ilib/librte_fib -I../lib/librte_fib -Ilib/librte_rib -I../lib/librte_rib -Ilib/librte_flow_classify -I../lib/librte_flow_classify -Ilib/librte_table -I../lib/librte_table -Ilib/librte_port -I../lib/librte_port -Ilib/librte_sched -I../lib/librte_sched -Ilib/librte_ip_frag -I../lib/librte_ip_frag -Ilib/librte_lpm -I../lib/librte_lpm -Ilib/librte_graph -I../lib/librte_graph -Ilib/librte_ipsec -I../lib/librte_ipsec -Ilib/librte_security -I../lib/librte_security -Ilib/librte_latencystats -I../lib/librte_latencystats -Ilib/librte_member -I../lib/librte_member -Ilib/librte_node -I../lib/librte_node -Ilib/librte_pipeline -I../lib/librte_pipeline -Ilib/librte_rawdev -I../lib/librte_rawdev -Ilib/librte_reorder -I../lib/librte_reorder -Ilib/librte_stack -I../lib/librte_stack -Idrivers/mempool/ring -I../drivers/mempool/ring -Idrivers/mempool/stack -I../drivers/mempool/stack -Idrivers/event/skeleton -I../drivers/event/skeleton -Idrivers/net/bonding -I../drivers/net/bonding -Idrivers/net/ring -I../drivers/net/ring -Ilib/librte_pdump -I../lib/librte_pdump -Ilib/librte_compressdev -I../lib/librte_compressdev -Idrivers/crypto/scheduler -I../drivers/crypto/scheduler -I/usr/local/include -Xclang -fcolor-diagnostics -pipe -D_FILE_OFFSET_BITS=64 -Wall -Winvalid-pch -Werror -O3 -include rte_config.h -Wextra -Wcast-qual -Wdeprecated -Wformat -Wformat-nonliteral -Wformat-security -Wmissing-declarations -Wmissing-prototypes -Wnested-externs -Wold-style-definition -Wpointer-arith -Wsign-compare -Wstrict-prototypes -Wundef -Wwrite-strings -Wno-address-of-packed-member -Wno-missing-field-initializers -D__BSD_VISIBLE -march=native -mno-avx512f -DALLOW_EXPERIMENTAL_API -D_GNU_SOURCE -fno-strict-aliasing -DALLOW_INTERNAL_API -MD -MQ app/test/dpdk-test.p/test_mbuf.c.o -MF app/test/dpdk-test.p/test_mbuf.c.o.d -o app/test/dpdk-test.p/test_mbuf.c.o -c ../app/test/test_mbuf.c
../app/test/test_mbuf.c:2658:12: error: comparison of integers of different signs: 'int' and 'uint32_t' (aka 'unsigned int') [-Werror,-Wsign-compare]
if (flag3 != rte_bsf64(PKT_LAST_FREE))
~~~~~ ^ ~~~~~~~~~~~~~~~~~~~~~~~~
1 error generated.
[1874/2098] Compiling C object app/test/dpdk-test.p/test_memory.c.o
[1875/2098] Compiling C object app/test/dpdk-test.p/test_memcpy.c.o
[1876/2098] Compiling C object app/test/dpdk-test.p/test_member.c.o
[1877/2098] Compiling C object app/test/dpdk-test.p/test_member_perf.c.o
[1878/2098] Compiling C object app/test/dpdk-test.p/test_memcpy_perf.c.o
ninja: build stopped: subcommand failed.
[1] Error running command.
==== End log output ====
Windows Server 2019
Kernel: 10.0
Compiler: clang 9.0 and gcc 8.1.0 (MinGW)
FreeBSD 11.2
Kernel: 11.2
Compiler: gcc 8.3
Ubuntu 18.04 ARM
Kernel: 5.4.0-53-generic
Compiler: gcc 9.3
Ubuntu 18.04
Kernel: 4.15.0-generic
Compiler: gcc 7.5
CentOS 8
Kernel: 4.18.0.el8_0
Compiler: gcc 8.3.1
openSUSE Leap 15
Kernel: 4.12.14
Compiler: gcc 7.4.1
Fedora 32
Kernel: 4.18.0-240.10.1.el8_3.x86_64
Compiler: gcc 10.2.1
Arch Linux
Kernel: latest
Compiler: gcc latest
Fedora 31
Kernel: 5.3.16
Compiler: gcc 9.2.1
RHEL8
Kernel: 4.18.0-240.10.1.el8_3.x86_64
Compiler: gcc 8.3.1 20191121 (Red Hat 8.3.1-5)
RHEL 7
Kernel: 4.18.0-240.10.1.el8_3.x86_64
Compiler: gcc 4.8.5 20150623 (Red Hat 4.8.5-44)
To view detailed results, visit:
https://lab.dpdk.org/results/dashboard/patchsets/15865/
UNH-IOL DPDK Community Lab
To manage your email subscriptions, visit:
https://lab.dpdk.org/results/dashboard/preferences/subscriptions/
More information about the test-report
mailing list