[dpdk-test-report] |WARNING| pw88917-88916 [PATCH] [v2, 3/3] net/ice: disable ice DDP package on Windows

dpdklab at iol.unh.edu dpdklab at iol.unh.edu
Fri Mar 12 18:45:42 CET 2021


Test-Label: iol-testing
Test-Status: WARNING
http://dpdk.org/patch/88916

_Testing issues_

Submitter: Pallavi Kadam <pallavi.kadam at intel.com>
Date: Thursday, March 11 2021 01:58:48 
DPDK git baseline: Repo:dpdk
  Branch: master
  CommitID:1e28e842e08428ff5716fbe909bf5acd0365aaf6

88917-88916 --> testing fail

Test environment and result as below:

+---------------------+----------------------+--------------------+----------------+-------------------+
|     Environment     | dpdk_mingw64_compile | dpdk_meson_compile | dpdk_unit_test | dpdk_compile_spdk |
+=====================+======================+====================+================+===================+
| Windows Server 2019 | FAIL                 | PASS               | SKIPPED        | SKIPPED           |
+---------------------+----------------------+--------------------+----------------+-------------------+
| Ubuntu 18.04 ARM    | SKIPPED              | PASS               | PASS           | SKIPPED           |
+---------------------+----------------------+--------------------+----------------+-------------------+
| FreeBSD 11.2        | SKIPPED              | PASS               | SKIPPED        | SKIPPED           |
+---------------------+----------------------+--------------------+----------------+-------------------+
| Ubuntu 18.04        | SKIPPED              | PASS               | PASS           | PASS              |
+---------------------+----------------------+--------------------+----------------+-------------------+
| RHEL 7              | SKIPPED              | PASS               | SKIPPED        | SKIPPED           |
+---------------------+----------------------+--------------------+----------------+-------------------+
| Fedora 32           | SKIPPED              | PASS               | SKIPPED        | SKIPPED           |
+---------------------+----------------------+--------------------+----------------+-------------------+
| CentOS 8            | SKIPPED              | PASS               | SKIPPED        | SKIPPED           |
+---------------------+----------------------+--------------------+----------------+-------------------+
| openSUSE Leap 15    | SKIPPED              | PASS               | SKIPPED        | SKIPPED           |
+---------------------+----------------------+--------------------+----------------+-------------------+
| RHEL8               | SKIPPED              | PASS               | SKIPPED        | SKIPPED           |
+---------------------+----------------------+--------------------+----------------+-------------------+
| Arch Linux          | SKIPPED              | PASS               | SKIPPED        | SKIPPED           |
+---------------------+----------------------+--------------------+----------------+-------------------+
| Fedora 31           | SKIPPED              | PASS               | SKIPPED        | PASS              |
+---------------------+----------------------+--------------------+----------------+-------------------+

==== 20 line log output for Windows Server 2019 (dpdk_mingw64_compile): ====
[199/277] Compiling C object drivers/libtmp_rte_net_i40e.a.p/net_i40e_i40e_hash.c.obj
[200/277] Compiling C object drivers/net/ice/base/libice_base.a.p/ice_nvm.c.obj
[201/277] Compiling C object drivers/libtmp_rte_net_i40e.a.p/net_i40e_i40e_rxtx_vec_sse.c.obj
[202/277] Compiling C object drivers/net/ice/base/libice_base.a.p/ice_controlq.c.obj
[203/277] Linking static target drivers/libtmp_rte_net_i40e.a
[204/277] Compiling C object drivers/net/ice/base/libice_base.a.p/ice_switch.c.obj
[205/277] Compiling C object drivers/net/ice/base/libice_base.a.p/ice_flex_pipe.c.obj
[206/277] Compiling C object drivers/net/ice/base/libice_base.a.p/ice_sched.c.obj
[207/277] Compiling C object drivers/net/ice/base/libice_base.a.p/ice_flow.c.obj
FAILED: drivers/net/ice/base/libice_base.a.p/ice_flow.c.obj
"gcc" "-Idrivers\net/ice\base\libice_base.a.p" "-Idrivers\net/ice\base" "-I..\drivers\net\ice\base" "-I." "-I.." "-Iconfig" "-I..\config" "-Ilib\librte_eal\include" "-I..\lib\librte_eal\include" "-Ilib\librte_eal\windows\include" "-I..\lib\librte_eal\windows\include" "-Ilib\librte_eal\x86\include" "-I..\lib\librte_eal\x86\include" "-Ilib\librte_eal\common" "-I..\lib\librte_eal\common" "-Ilib\librte_eal" "-I..\lib\librte_eal" "-Ilib\librte_kvargs" "-I..\lib\librte_kvargs" "-fdiagnostics-color=always" "-pipe" "-D_FILE_OFFSET_BITS=64" "-Wall" "-Winvalid-pch" "-Werror" "-O3" "-include" "rte_config.h" "-Wextra" "-Wcast-qual" "-Wdeprecated" "-Wformat" "-Wformat-nonliteral" "-Wformat-security" "-Wmissing-declarations" "-Wmissing-prototypes" "-Wnested-externs" "-Wold-style-definition" "-Wpointer-arith" "-Wsign-compare" "-Wstrict-prototypes" "-Wundef" "-Wwrite-strings" "-Wno-packed-not-aligned" "-Wno-missing-field-initializers" "-D_GNU_SOURCE" "-D_WIN32_WINNT=0x0A00" "-D__USE_MINGW_ANSI_STDIO" "-march=native" "-DALLOW_EXPERIMENTAL_API" "-DALLOW_INTERNAL_API" "-Wno-format-truncation" "-Wno-unused-value" "-Wno-unused-but-set-variable" "-Wno-unused-variable" "-Wno-unused-parameter" -MD -MQ drivers/net/ice/base/libice_base.a.p/ice_flow.c.obj -MF "drivers\net/ice\base\libice_base.a.p\ice_flow.c.obj.d" -o drivers/net/ice/base/libice_base.a.p/ice_flow.c.obj "-c" ../drivers/net/ice/base/ice_flow.c
{standard input}: Assembler messages:
{standard input}:1677: Error: invalid register for .seh_savexmm
{standard input}:3985: Error: invalid register for .seh_savexmm
[208/277] Compiling C object drivers/net/ice/base/libice_base.a.p/ice_dcb.c.obj
[209/277] Compiling C object drivers/net/ice/base/libice_base.a.p/ice_acl_ctrl.c.obj
[210/277] Generating rte_net_i40e.pmd.c with a custom command (wrapped by meson to set PATH)
[211/277] Compiling C object drivers/net/ice/base/libice_base.a.p/ice_common.c.obj
[212/277] Compiling C object drivers/libtmp_rte_net_ice.a.p/net_ice_ice_ethdev.c.obj
ninja: build stopped: subcommand failed.
==== End log output ====

Windows Server 2019
	Kernel: 10.0
	Compiler: clang 9.0 and gcc 8.1.0 (MinGW)

Ubuntu 18.04 ARM
	Kernel: 5.4.0-53-generic
	Compiler: gcc 9.3

FreeBSD 11.2
	Kernel: 11.2
	Compiler: gcc 8.3

Ubuntu 18.04
	Kernel: 4.15.0-generic
	Compiler: gcc 7.5

RHEL 7
	Kernel: 4.18.0-240.10.1.el8_3.x86_64
	Compiler: gcc 4.8.5 20150623 (Red Hat 4.8.5-44)

Fedora 32
	Kernel: 4.18.0-240.10.1.el8_3.x86_64
	Compiler: gcc 10.2.1

CentOS 8
	Kernel: 4.18.0.el8_0
	Compiler: gcc 8.3.1

openSUSE Leap 15
	Kernel: 4.12.14
	Compiler: gcc 7.4.1

RHEL8
	Kernel: 4.18.0-240.10.1.el8_3.x86_64
	Compiler: gcc 8.3.1 20191121 (Red Hat 8.3.1-5)

Arch Linux
	Kernel: latest
	Compiler: gcc latest

Fedora 31
	Kernel: 5.3.16
	Compiler: gcc 9.2.1

To view detailed results, visit:
https://lab.dpdk.org/results/dashboard/patchsets/15889/

UNH-IOL DPDK Community Lab

To manage your email subscriptions, visit: 
https://lab.dpdk.org/results/dashboard/preferences/subscriptions/


More information about the test-report mailing list