[dpdk-test-report] |FAILURE| [GIT MASTER] ba7edf2cd05e178e3d87e9ee68c536c5f758042f
dpdklab at iol.unh.edu
dpdklab at iol.unh.edu
Fri May 21 16:51:22 CEST 2021
_Testing issues_
Branch: dpdk-next-net
ba7edf2cd05e178e3d87e9ee68c536c5f758042f --> testing fail
Test environment and result as below:
+---------------------+----------------------+--------------------+-------------------+----------------+
| Environment | dpdk_mingw64_compile | dpdk_meson_compile | dpdk_compile_spdk | dpdk_unit_test |
+=====================+======================+====================+===================+================+
| Windows Server 2019 | PASS | PASS | SKIPPED | SKIPPED |
+---------------------+----------------------+--------------------+-------------------+----------------+
| Fedora 31 | SKIPPED | PASS | SKIPPED | PASS |
+---------------------+----------------------+--------------------+-------------------+----------------+
| CentOS 8 | SKIPPED | PASS | SKIPPED | PASS |
+---------------------+----------------------+--------------------+-------------------+----------------+
| Ubuntu 20.04 | SKIPPED | PASS | SKIPPED | SKIPPED |
+---------------------+----------------------+--------------------+-------------------+----------------+
| Ubuntu 18.04 ARM | SKIPPED | FAIL | SKIPPED | SKIPPED |
+---------------------+----------------------+--------------------+-------------------+----------------+
| Ubuntu 18.04 | SKIPPED | PASS | PASS | PASS |
+---------------------+----------------------+--------------------+-------------------+----------------+
| CentOS Stream 8 | SKIPPED | PASS | SKIPPED | PASS |
+---------------------+----------------------+--------------------+-------------------+----------------+
| Fedora 32 | SKIPPED | PASS | SKIPPED | PASS |
+---------------------+----------------------+--------------------+-------------------+----------------+
| RHEL 7 | SKIPPED | PASS | SKIPPED | PASS |
+---------------------+----------------------+--------------------+-------------------+----------------+
| RHEL8 | SKIPPED | PASS | SKIPPED | PASS |
+---------------------+----------------------+--------------------+-------------------+----------------+
| openSUSE Leap 15 | SKIPPED | PASS | SKIPPED | PASS |
+---------------------+----------------------+--------------------+-------------------+----------------+
| Arch Linux | SKIPPED | PASS | SKIPPED | PASS |
+---------------------+----------------------+--------------------+-------------------+----------------+
| FreeBSD 11.2 | SKIPPED | PASS | SKIPPED | SKIPPED |
+---------------------+----------------------+--------------------+-------------------+----------------+
==== 20 line log output for Ubuntu 18.04 ARM (dpdk_meson_compile): ====
[1190/2906] Generating rte_net_iavf_def with a custom command
[1191/2906] Generating rte_mempool_dpaa2.sym_chk with a custom command (wrapped by meson to capture output)
[1192/2906] Generating rte_net_ena.pmd.c with a custom command
[1193/2906] Generating rte_mempool_bucket.sym_chk with a custom command (wrapped by meson to capture output)
[1194/2906] Generating rte_net_failsafe.pmd.c with a custom command
[1195/2906] Generating rte_mempool_stack.sym_chk with a custom command (wrapped by meson to capture output)
[1196/2906] Generating rte_net_bnx2x.sym_chk with a custom command (wrapped by meson to capture output)
[1197/2906] Generating rte_net_fm10k.pmd.c with a custom command
[1198/2906] Generating rte_net_enic.pmd.c with a custom command
[1199/2906] Generating rte_net_dpaa.pmd.c with a custom command
[1200/2906] Generating rte_net_atlantic.sym_chk with a custom command (wrapped by meson to capture output)
[1201/2906] Generating rte_mempool_dpaa.sym_chk with a custom command (wrapped by meson to capture output)
[1202/2906] Generating eal.sym_chk with a custom command (wrapped by meson to capture output)
[1203/2906] Generating rte_bus_dpaa.sym_chk with a custom command (wrapped by meson to capture output)
[1204/2906] Generating rte_bus_fslmc.sym_chk with a custom command (wrapped by meson to capture output)
[1205/2906] Generating rte_common_mlx5.sym_chk with a custom command (wrapped by meson to capture output)
[1206/2906] Generating rte_common_cnxk.sym_chk with a custom command (wrapped by meson to capture output)
[1207/2906] Generating rte_common_sfc_efx.sym_chk with a custom command (wrapped by meson to capture output)
ninja: build stopped: subcommand failed.
[1] Error running command.
==== End log output ====
Windows Server 2019
Kernel: 10.0
Compiler: clang 9.0 and gcc 8.1.0 (MinGW)
Fedora 31
Kernel: 4.18.0-240.10.1.el8_3.x86_64
Compiler: gcc 9.3.1
CentOS 8
Kernel: 4.18.0-240.10.1.el8_3.x86_64
Compiler: gcc 8.3.1 20191121 (Red Hat 8.3.1-5)
Ubuntu 20.04
Kernel: 4.18.0-240.10.1.el8_3.x86_64
Compiler: gcc 9.3.0-17ubuntu1~20.04
Ubuntu 18.04 ARM
Kernel: 5.4.0-53-generic
Compiler: gcc 9.3
Ubuntu 18.04
Kernel: 4.18.0-240.10.1.el8_3.x86_64
Compiler: gcc 7.5.0-3ubuntu1~18.04
CentOS Stream 8
Kernel: 4.18.0-240.10.1.el8_3.x86_64
Compiler: gcc 8.4.1 20200928
Fedora 32
Kernel: 4.18.0-240.10.1.el8_3.x86_64
Compiler: gcc 10.2.1
RHEL 7
Kernel: 4.18.0-240.10.1.el8_3.x86_64
Compiler: gcc 4.8.5 20150623 (Red Hat 4.8.5-44)
RHEL8
Kernel: 4.18.0-240.10.1.el8_3.x86_64
Compiler: gcc 8.3.1 20191121 (Red Hat 8.3.1-5)
openSUSE Leap 15
Kernel: 4.18.0-240.10.1.el8_3.x86_64
Compiler: gcc 7.5.0
Arch Linux
Kernel: 4.18.0-240.10.1.el8_3.x86_64
Compiler: gcc 10.2.0
FreeBSD 11.2
Kernel: 11.2
Compiler: gcc 8.3
To view detailed results, visit:
https://lab.dpdk.org/results/dashboard/tarballs/15259/
UNH-IOL DPDK Community Lab
To manage your email subscriptions, visit:
https://lab.dpdk.org/results/dashboard/preferences/subscriptions/
More information about the test-report
mailing list