[dpdk-test-report] |FAILURE| pw93423-93422 [PATCH] [v8, 2/2] net/hns3: refactor SVE code compile method
dpdklab at iol.unh.edu
dpdklab at iol.unh.edu
Tue May 25 03:43:33 CEST 2021
Test-Label: iol-testing
Test-Status: FAILURE
http://dpdk.org/patch/93422
_Testing issues_
Submitter: Chengwen Feng <fengchengwen at huawei.com>
Date: Monday, May 24 2021 13:23:22
DPDK git baseline: Repo:dpdk
Branch: master
CommitID:66b3a54b9feab193a5cf8ad54606d745078587cc
93423-93422 --> testing fail
Test environment and result as below:
+---------------------+----------------------+-------------------+--------------------+----------------+
| Environment | dpdk_mingw64_compile | dpdk_compile_spdk | dpdk_meson_compile | dpdk_unit_test |
+=====================+======================+===================+====================+================+
| Windows Server 2019 | PASS | SKIPPED | PASS | SKIPPED |
+---------------------+----------------------+-------------------+--------------------+----------------+
| Ubuntu 18.04 | SKIPPED | PASS | PASS | PASS |
+---------------------+----------------------+-------------------+--------------------+----------------+
| Fedora 31 | SKIPPED | SKIPPED | PASS | PASS |
+---------------------+----------------------+-------------------+--------------------+----------------+
| CentOS 8 | SKIPPED | SKIPPED | PASS | PASS |
+---------------------+----------------------+-------------------+--------------------+----------------+
| Fedora 32 | SKIPPED | SKIPPED | PASS | PASS |
+---------------------+----------------------+-------------------+--------------------+----------------+
| Ubuntu 20.04 | SKIPPED | SKIPPED | PASS | SKIPPED |
+---------------------+----------------------+-------------------+--------------------+----------------+
| CentOS Stream 8 | SKIPPED | SKIPPED | PASS | PASS |
+---------------------+----------------------+-------------------+--------------------+----------------+
| RHEL 7 | SKIPPED | SKIPPED | PASS | PASS |
+---------------------+----------------------+-------------------+--------------------+----------------+
| RHEL8 | SKIPPED | SKIPPED | PASS | PASS |
+---------------------+----------------------+-------------------+--------------------+----------------+
| Arch Linux | SKIPPED | SKIPPED | PASS | PASS |
+---------------------+----------------------+-------------------+--------------------+----------------+
| openSUSE Leap 15 | SKIPPED | SKIPPED | PASS | PASS |
+---------------------+----------------------+-------------------+--------------------+----------------+
| FreeBSD 11.2 | SKIPPED | SKIPPED | PASS | SKIPPED |
+---------------------+----------------------+-------------------+--------------------+----------------+
| Ubuntu 18.04 ARM | SKIPPED | SKIPPED | PASS | FAIL |
+---------------------+----------------------+-------------------+--------------------+----------------+
==== 20 line log output for Ubuntu 18.04 ARM (dpdk_unit_test): ====
Summary of Failures:
3/96 DPDK:fast-tests / atomic_autotest FAIL 26.93s (killed by signal 9 SIGKILL)
38/96 DPDK:fast-tests / malloc_autotest FAIL 30.70s (killed by signal 9 SIGKILL)
48/96 DPDK:fast-tests / pflock_autotest FAIL 7.28s (killed by signal 9 SIGKILL)
76/96 DPDK:fast-tests / hash_readwrite_func_autotest FAIL 4.14s (killed by signal 9 SIGKILL)
77/96 DPDK:fast-tests / ipsec_autotest SKIP 0.47s
78/96 DPDK:fast-tests / kni_autotest SKIP 0.47s
82/96 DPDK:fast-tests / power_cpufreq_autotest SKIP 3.48s
84/96 DPDK:fast-tests / power_kvm_vm_autotest SKIP 0.52s
96/96 DPDK:fast-tests / compressdev_autotest SKIP 0.47s
Ok: 87
Expected Fail: 0
Fail: 4
Unexpected Pass: 0
Skipped: 5
Timeout: 0
Full log written to /home-local/jenkins-local/jenkins-agent/workspace/Arm-gigabyte-Unit-Test-DPDK/dpdk/build/meson-logs/testlog.txt
==== End log output ====
Windows Server 2019
Kernel: 10.0
Compiler: clang 9.0 and gcc 8.1.0 (MinGW)
Ubuntu 18.04
Kernel: 4.18.0-240.10.1.el8_3.x86_64
Compiler: gcc 7.5.0-3ubuntu1~18.04
Fedora 31
Kernel: 4.18.0-240.10.1.el8_3.x86_64
Compiler: gcc 9.3.1
CentOS 8
Kernel: 4.18.0-240.10.1.el8_3.x86_64
Compiler: gcc 8.3.1 20191121 (Red Hat 8.3.1-5)
Fedora 32
Kernel: 4.18.0-240.10.1.el8_3.x86_64
Compiler: gcc 10.2.1
Ubuntu 20.04
Kernel: 4.18.0-240.10.1.el8_3.x86_64
Compiler: gcc 9.3.0-17ubuntu1~20.04
CentOS Stream 8
Kernel: 4.18.0-240.10.1.el8_3.x86_64
Compiler: gcc 8.4.1 20200928
RHEL 7
Kernel: 4.18.0-240.10.1.el8_3.x86_64
Compiler: gcc 4.8.5 20150623 (Red Hat 4.8.5-44)
RHEL8
Kernel: 4.18.0-240.10.1.el8_3.x86_64
Compiler: gcc 8.3.1 20191121 (Red Hat 8.3.1-5)
Arch Linux
Kernel: 4.18.0-240.10.1.el8_3.x86_64
Compiler: gcc 10.2.0
openSUSE Leap 15
Kernel: 4.18.0-240.10.1.el8_3.x86_64
Compiler: gcc 7.5.0
FreeBSD 11.2
Kernel: 11.2
Compiler: gcc 8.3
Ubuntu 18.04 ARM
Kernel: 5.4.0-53-generic
Compiler: gcc 9.3
To view detailed results, visit:
https://lab.dpdk.org/results/dashboard/patchsets/17203/
UNH-IOL DPDK Community Lab
To manage your email subscriptions, visit:
https://lab.dpdk.org/results/dashboard/preferences/subscriptions/
More information about the test-report
mailing list