[dpdk-test-report] |FAILURE| [GIT MASTER] 87b8d1c656ea89139c49d2fc864efc554a451eda

dpdklab at iol.unh.edu dpdklab at iol.unh.edu
Thu Oct 7 18:16:34 CEST 2021


_Testing issues_

Branch: dpdk-next-crypto

87b8d1c656ea89139c49d2fc864efc554a451eda --> testing fail

Test environment and result as below:

+---------------------+--------------------+----------------------+-------------------+
|     Environment     | dpdk_meson_compile | dpdk_mingw64_compile | dpdk_compile_spdk |
+=====================+====================+======================+===================+
| Windows Server 2019 | PASS               | PASS                 | SKIPPED           |
+---------------------+--------------------+----------------------+-------------------+
| Fedora 31           | PASS               | SKIPPED              | SKIPPED           |
+---------------------+--------------------+----------------------+-------------------+
| FreeBSD 13          | PASS               | SKIPPED              | SKIPPED           |
+---------------------+--------------------+----------------------+-------------------+
| CentOS 8            | PASS               | SKIPPED              | SKIPPED           |
+---------------------+--------------------+----------------------+-------------------+
| openSUSE Leap 15    | PASS               | SKIPPED              | SKIPPED           |
+---------------------+--------------------+----------------------+-------------------+
| RHEL 7              | FAIL               | SKIPPED              | SKIPPED           |
+---------------------+--------------------+----------------------+-------------------+
| Fedora 32           | PASS               | SKIPPED              | SKIPPED           |
+---------------------+--------------------+----------------------+-------------------+
| Ubuntu 18.04        | PASS               | SKIPPED              | PASS              |
+---------------------+--------------------+----------------------+-------------------+
| Ubuntu 20.04        | PASS               | SKIPPED              | SKIPPED           |
+---------------------+--------------------+----------------------+-------------------+
| Arch Linux          | PASS               | SKIPPED              | SKIPPED           |
+---------------------+--------------------+----------------------+-------------------+
| CentOS Stream 8     | PASS               | SKIPPED              | SKIPPED           |
+---------------------+--------------------+----------------------+-------------------+
| RHEL8               | PASS               | SKIPPED              | SKIPPED           |
+---------------------+--------------------+----------------------+-------------------+
| Fedora 34           | PASS               | SKIPPED              | SKIPPED           |
+---------------------+--------------------+----------------------+-------------------+
| Fedora 33           | PASS               | SKIPPED              | SKIPPED           |
+---------------------+--------------------+----------------------+-------------------+
| Alpine              | PASS               | SKIPPED              | SKIPPED           |
+---------------------+--------------------+----------------------+-------------------+
| Fedora 34 clang     | PASS               | SKIPPED              | SKIPPED           |
+---------------------+--------------------+----------------------+-------------------+

==== 20 line log output for RHEL 7 (dpdk_meson_compile): ====
^
cc1: all warnings being treated as errors
[1456/2903] Compiling C object drivers/net/igc/base/libigc_base.a.p/igc_base.c.o
[1457/2903] Linking static target drivers/libtmp_rte_net_i40e.a
[1458/2903] Generating pipeline.sym_chk with a meson_exe.py custom command
[1459/2903] Compiling C object drivers/net/igc/base/libigc_base.a.p/igc_mac.c.o
[1460/2903] Compiling C object drivers/net/igc/base/libigc_base.a.p/igc_manage.c.o
[1461/2903] Compiling C object drivers/net/igc/base/libigc_base.a.p/igc_api.c.o
[1462/2903] Linking static target drivers/libtmp_rte_net_iavf.a
[1463/2903] Generating rte_net_hns3.sym_chk with a meson_exe.py custom command
[1464/2903] Compiling C object drivers/libtmp_rte_net_ice.a.p/net_ice_ice_dcf_vf_representor.c.o
[1465/2903] Generating symbol file lib/librte_hash.so.22.0.p/librte_hash.so.22.0.symbols
[1466/2903] Compiling C object drivers/libtmp_rte_net_ice.a.p/net_ice_ice_acl_filter.c.o
[1467/2903] Generating symbol file lib/librte_security.so.22.0.p/librte_security.so.22.0.symbols
[1468/2903] Compiling C object drivers/libtmp_rte_event_dpaa.a.p/event_dpaa_dpaa_eventdev.c.o
[1469/2903] Generating symbol file drivers/librte_common_cpt.so.22.0.p/librte_common_cpt.so.22.0.symbols
[1470/2903] Generating symbol file lib/librte_ethdev.so.22.0.p/librte_ethdev.so.22.0.symbols
[1471/2903] Generating rte_common_sfc_efx.sym_chk with a meson_exe.py custom command
[1472/2903] Generating rte_common_cnxk.sym_chk with a meson_exe.py custom command
ninja: build stopped: subcommand failed.
==== End log output ====

Windows Server 2019
	Kernel: 10.0
	Compiler: clang 9.0 and gcc 8.1.0 (MinGW)

Fedora 31
	Kernel: 4.18.0-240.10.1.el8_3.x86_64
	Compiler: gcc 9.3.1

FreeBSD 13
	Kernel: 13.0
	Compiler: clang 11.0.1

CentOS 8
	Kernel: 4.18.0-240.10.1.el8_3.x86_64
	Compiler: gcc 8.3.1 20191121 (Red Hat 8.3.1-5)

openSUSE Leap 15
	Kernel: 4.18.0-240.10.1.el8_3.x86_64
	Compiler: gcc 7.5.0

RHEL 7
	Kernel: 4.18.0-240.10.1.el8_3.x86_64
	Compiler: gcc 4.8.5 20150623 (Red Hat 4.8.5-44)

Fedora 32
	Kernel: 4.18.0-240.10.1.el8_3.x86_64
	Compiler: gcc 10.2.1

Ubuntu 18.04
	Kernel: 4.18.0-240.10.1.el8_3.x86_64
	Compiler: gcc 7.5.0-3ubuntu1~18.04

Ubuntu 20.04
	Kernel: 4.18.0-240.10.1.el8_3.x86_64
	Compiler: gcc 9.3.0-17ubuntu1~20.04

Arch Linux
	Kernel: 5.4.0-73-generic
	Compiler: gcc 11.1.0

CentOS Stream 8
	Kernel: 4.18.0-240.10.1.el8_3.x86_64
	Compiler: gcc 8.4.1 20200928

RHEL8
	Kernel: 4.18.0-240.10.1.el8_3.x86_64
	Compiler: gcc 8.3.1 20191121 (Red Hat 8.3.1-5)

Fedora 34
	Kernel: 5.4.0-72-generic
	Compiler: gcc 11.1.1 20210428 (Red Hat 11.1.1-1)

Fedora 33
	Kernel: 5.4.0-72-generic
	Compiler: gcc 10.3.1 20210422 (Red Hat 10.3.1-1)

Alpine
	Kernel: 5.4.0-73-generic
	Compiler: gcc (Alpine 10.3.1_git20210424) 10.3.1 20210424

Fedora 34 clang
	Kernel: 5.4.0-72-generic
	Compiler: clang 12.0.0 (Fedora 12.0.0-0.3.rc1.fc34)

To view detailed results, visit:
https://lab.dpdk.org/results/dashboard/tarballs/17043/

UNH-IOL DPDK Community Lab

To manage your email subscriptions, visit: 
https://lab.dpdk.org/results/dashboard/preferences/subscriptions/


More information about the test-report mailing list