[dpdk-test-report] |WARNING| pw97979 [PATCH] [v2] examples/l3fwd: add changes to use event vector

dpdklab at iol.unh.edu dpdklab at iol.unh.edu
Mon Sep 6 03:57:46 CEST 2021


Test-Label: iol-x86_64-compile-testing
Test-Status: WARNING
http://dpdk.org/patch/97979

_Testing issues_

Submitter: Shijith Thotton <sthotton at marvell.com>
Date: Saturday, September 04 2021 07:46:29 
DPDK git baseline: Repo:dpdk
  Branch: master
  CommitID:eeedef704c11bd74c367d62838700bdb8e5b573f

97979 --> testing fail

Test environment and result as below:

+---------------------+--------------------+-------------------+----------------------+
|     Environment     | dpdk_meson_compile | dpdk_compile_spdk | dpdk_mingw64_compile |
+=====================+====================+===================+======================+
| Fedora 31           | PASS               | SKIPPED           | SKIPPED              |
+---------------------+--------------------+-------------------+----------------------+
| Windows Server 2019 | PASS               | SKIPPED           | PASS                 |
+---------------------+--------------------+-------------------+----------------------+
| FreeBSD 13          | PASS               | SKIPPED           | SKIPPED              |
+---------------------+--------------------+-------------------+----------------------+
| Ubuntu 20.04        | PASS               | SKIPPED           | SKIPPED              |
+---------------------+--------------------+-------------------+----------------------+
| Fedora 32           | PASS               | SKIPPED           | SKIPPED              |
+---------------------+--------------------+-------------------+----------------------+
| Ubuntu 18.04        | PASS               | FAIL              | SKIPPED              |
+---------------------+--------------------+-------------------+----------------------+
| openSUSE Leap 15    | PASS               | SKIPPED           | SKIPPED              |
+---------------------+--------------------+-------------------+----------------------+
| RHEL 7              | PASS               | SKIPPED           | SKIPPED              |
+---------------------+--------------------+-------------------+----------------------+
| CentOS 8            | PASS               | SKIPPED           | SKIPPED              |
+---------------------+--------------------+-------------------+----------------------+
| CentOS Stream 8     | PASS               | SKIPPED           | SKIPPED              |
+---------------------+--------------------+-------------------+----------------------+
| RHEL8               | PASS               | SKIPPED           | SKIPPED              |
+---------------------+--------------------+-------------------+----------------------+
| Arch Linux          | PASS               | SKIPPED           | SKIPPED              |
+---------------------+--------------------+-------------------+----------------------+
| Fedora 34           | PASS               | SKIPPED           | SKIPPED              |
+---------------------+--------------------+-------------------+----------------------+
| Fedora 33           | PASS               | SKIPPED           | SKIPPED              |
+---------------------+--------------------+-------------------+----------------------+
| Alpine              | PASS               | SKIPPED           | SKIPPED              |
+---------------------+--------------------+-------------------+----------------------+
| Fedora 34 clang     | PASS               | SKIPPED           | SKIPPED              |
+---------------------+--------------------+-------------------+----------------------+

==== 20 line log output for Ubuntu 18.04 (dpdk_compile_spdk): ====
eth_q_conf.vector_mp =
^
[2810/3118] Linking target drivers/librte_baseband_fpga_lte_fec.so.22.0
[2811/3118] Generating symbol file lib/librte_fib.so.22.0.p/librte_fib.so.22.0.symbols
[2812/3118] Linking target drivers/librte_baseband_turbo_sw.so.22.0
[2813/3118] Generating symbol file drivers/librte_common_sfc_efx.so.22.0.p/librte_common_sfc_efx.so.22.0.symbols
[2814/3118] Compiling C object examples/dpdk-l3fwd.p/l3fwd_l3fwd_event.c.o
[2815/3118] Linking target drivers/librte_baseband_null.so.22.0
[2816/3118] Compiling C object examples/dpdk-l3fwd.p/l3fwd_l3fwd_event_generic.c.o
[2817/3118] Generating symbol file lib/librte_ethdev.so.22.0.p/librte_ethdev.so.22.0.symbols
[2818/3118] Generating symbol file lib/librte_cmdline.so.22.0.p/librte_cmdline.so.22.0.symbols
[2819/3118] Generating symbol file lib/librte_hash.so.22.0.p/librte_hash.so.22.0.symbols
[2820/3118] Generating symbol file lib/librte_security.so.22.0.p/librte_security.so.22.0.symbols
[2821/3118] Generating symbol file drivers/librte_common_cpt.so.22.0.p/librte_common_cpt.so.22.0.symbols
[2822/3118] Generating symbol file drivers/librte_baseband_acc100.so.22.0.p/librte_baseband_acc100.so.22.0.symbols
[2823/3118] Generating symbol file drivers/librte_baseband_fpga_5gnr_fec.so.22.0.p/librte_baseband_fpga_5gnr_fec.so.22.0.symbols
[2824/3118] Generating symbol file drivers/librte_crypto_scheduler.so.22.0.p/librte_crypto_scheduler.so.22.0.symbols
[2825/3118] Generating rte_common_cnxk.sym_chk with a custom command (wrapped by meson to capture output)
[2826/3118] Compiling C object examples/dpdk-l3fwd.p/l3fwd_l3fwd_em.c.o
ninja: build stopped: subcommand failed.
==== End log output ====

Fedora 31
	Kernel: 4.18.0-240.10.1.el8_3.x86_64
	Compiler: gcc 9.3.1

Windows Server 2019
	Kernel: 10.0
	Compiler: clang 9.0 and gcc 8.1.0 (MinGW)

FreeBSD 13
	Kernel: 13.0
	Compiler: clang 11.0.1

Ubuntu 20.04
	Kernel: 4.18.0-240.10.1.el8_3.x86_64
	Compiler: gcc 9.3.0-17ubuntu1~20.04

Fedora 32
	Kernel: 4.18.0-240.10.1.el8_3.x86_64
	Compiler: gcc 10.2.1

Ubuntu 18.04
	Kernel: 4.18.0-240.10.1.el8_3.x86_64
	Compiler: gcc 7.5.0-3ubuntu1~18.04

openSUSE Leap 15
	Kernel: 4.18.0-240.10.1.el8_3.x86_64
	Compiler: gcc 7.5.0

RHEL 7
	Kernel: 4.18.0-240.10.1.el8_3.x86_64
	Compiler: gcc 4.8.5 20150623 (Red Hat 4.8.5-44)

CentOS 8
	Kernel: 4.18.0-240.10.1.el8_3.x86_64
	Compiler: gcc 8.3.1 20191121 (Red Hat 8.3.1-5)

CentOS Stream 8
	Kernel: 4.18.0-240.10.1.el8_3.x86_64
	Compiler: gcc 8.4.1 20200928

RHEL8
	Kernel: 4.18.0-240.10.1.el8_3.x86_64
	Compiler: gcc 8.3.1 20191121 (Red Hat 8.3.1-5)

Arch Linux
	Kernel: 5.4.0-73-generic
	Compiler: gcc 11.1.0

Fedora 34
	Kernel: 5.4.0-72-generic
	Compiler: gcc 11.1.1 20210428 (Red Hat 11.1.1-1)

Fedora 33
	Kernel: 5.4.0-72-generic
	Compiler: gcc 10.3.1 20210422 (Red Hat 10.3.1-1)

Alpine
	Kernel: 5.4.0-73-generic
	Compiler: gcc (Alpine 10.3.1_git20210424) 10.3.1 20210424

Fedora 34 clang
	Kernel: 5.4.0-72-generic
	Compiler: clang 12.0.0 (Fedora 12.0.0-0.3.rc1.fc34)

To view detailed results, visit:
https://lab.dpdk.org/results/dashboard/patchsets/18550/

UNH-IOL DPDK Community Lab

To manage your email subscriptions, visit: 
https://lab.dpdk.org/results/dashboard/preferences/subscriptions/


More information about the test-report mailing list