[dpdk-test-report] |FAILURE| pw98248-98335 [PATCH] [v2, 13/13] net/bnxt: add enhancements to TF ULP

dpdklab at iol.unh.edu dpdklab at iol.unh.edu
Wed Sep 8 18:35:20 CEST 2021


Test-Label: iol-x86_64-unit-testing
Test-Status: FAILURE
http://dpdk.org/patch/98335

_Testing issues_

Submitter: Venkat Duvvuru <venkatkumar.duvvuru at broadcom.com>
Date: Wednesday, September 08 2021 05:06:43 
DPDK git baseline: Repo:dpdk
  Branch: master
  CommitID:b344eb5d941a7522ff27b6b7b5419f68c3fea9a0

98248-98335 --> testing fail

Test environment and result as below:

+------------------+----------------+
|   Environment    | dpdk_unit_test |
+==================+================+
| Ubuntu 18.04     | PASS           |
+------------------+----------------+
| Arch Linux       | PASS           |
+------------------+----------------+
| CentOS 8         | PASS           |
+------------------+----------------+
| CentOS Stream 8  | PASS           |
+------------------+----------------+
| Fedora 32        | PASS           |
+------------------+----------------+
| Fedora 31        | PASS           |
+------------------+----------------+
| openSUSE Leap 15 | PASS           |
+------------------+----------------+
| RHEL 7           | FAIL           |
+------------------+----------------+
| RHEL8            | PASS           |
+------------------+----------------+
| Fedora 34        | PASS           |
+------------------+----------------+
| Ubuntu 20.04     | PASS           |
+------------------+----------------+
| Fedora 33        | PASS           |
+------------------+----------------+
| Fedora 34 clang  | PASS           |
+------------------+----------------+

==== 20 line log output for RHEL 7 (dpdk_unit_test): ====
^
cc1: all warnings being treated as errors
[986/2885] Compiling C object drivers/libtmp_rte_net_bnxt.a.p/net_bnxt_tf_ulp_ulp_tun.c.o
[987/2885] Compiling C object drivers/libtmp_rte_net_bnxt.a.p/net_bnxt_tf_ulp_ulp_def_rules.c.o
[988/2885] Compiling C object drivers/libtmp_rte_net_bnxt.a.p/net_bnxt_tf_ulp_ulp_gen_tbl.c.o
[989/2885] Compiling C object drivers/libtmp_rte_net_bnxt.a.p/net_bnxt_tf_ulp_bnxt_tf_pmd_shim.c.o
[990/2885] Compiling C object drivers/libtmp_rte_net_bnxt.a.p/net_bnxt_tf_ulp_ulp_ha_mgr.c.o
[991/2885] Compiling C object drivers/libtmp_rte_net_bnxt.a.p/net_bnxt_tf_ulp_ulp_gen_hash.c.o
[992/2885] Compiling C object drivers/libtmp_rte_net_bnxt.a.p/net_bnxt_tf_ulp_ulp_rte_handler_tbl.c.o
[993/2885] Generating rte_bus_dpaa.sym_chk with a meson_exe.py custom command
[994/2885] Generating rte_bus_fslmc.sym_chk with a meson_exe.py custom command
[995/2885] Compiling C object drivers/libtmp_rte_net_bnxt.a.p/net_bnxt_tf_ulp_ulp_rte_parser.c.o
[996/2885] Compiling C object drivers/libtmp_rte_net_bnxt.a.p/net_bnxt_tf_ulp_ulp_mapper.c.o
[997/2885] Compiling C object drivers/libtmp_rte_net_bnxt.a.p/net_bnxt_tf_core_tf_core.c.o
[998/2885] Compiling C object drivers/libtmp_rte_net_bnxt.a.p/net_bnxt_bnxt_hwrm.c.o
[999/2885] Generating rte_common_mlx5.sym_chk with a meson_exe.py custom command
[1000/2885] Generating eal.sym_chk with a meson_exe.py custom command
[1001/2885] Generating rte_common_sfc_efx.sym_chk with a meson_exe.py custom command
[1002/2885] Generating rte_common_cnxk.sym_chk with a meson_exe.py custom command
ninja: build stopped: subcommand failed.
==== End log output ====

Ubuntu 18.04
	Kernel: 4.18.0-240.10.1.el8_3.x86_64
	Compiler: gcc 7.5.0-3ubuntu1~18.04

Arch Linux
	Kernel: 5.4.0-73-generic
	Compiler: gcc 11.1.0

CentOS 8
	Kernel: 4.18.0-240.10.1.el8_3.x86_64
	Compiler: gcc 8.3.1 20191121 (Red Hat 8.3.1-5)

CentOS Stream 8
	Kernel: 4.18.0-240.10.1.el8_3.x86_64
	Compiler: gcc 8.4.1 20200928

Fedora 32
	Kernel: 4.18.0-240.10.1.el8_3.x86_64
	Compiler: gcc 10.2.1

Fedora 31
	Kernel: 4.18.0-240.10.1.el8_3.x86_64
	Compiler: gcc 9.3.1

openSUSE Leap 15
	Kernel: 4.18.0-240.10.1.el8_3.x86_64
	Compiler: gcc 7.5.0

RHEL 7
	Kernel: 4.18.0-240.10.1.el8_3.x86_64
	Compiler: gcc 4.8.5 20150623 (Red Hat 4.8.5-44)

RHEL8
	Kernel: 4.18.0-240.10.1.el8_3.x86_64
	Compiler: gcc 8.3.1 20191121 (Red Hat 8.3.1-5)

Fedora 34
	Kernel: 5.4.0-72-generic
	Compiler: gcc 11.1.1 20210428 (Red Hat 11.1.1-1)

Ubuntu 20.04
	Kernel: 4.18.0-240.10.1.el8_3.x86_64
	Compiler: gcc 9.3.0-17ubuntu1~20.04

Fedora 33
	Kernel: 5.4.0-72-generic
	Compiler: gcc 10.3.1 20210422 (Red Hat 10.3.1-1)

Fedora 34 clang
	Kernel: 5.4.0-72-generic
	Compiler: clang 12.0.0 (Fedora 12.0.0-0.3.rc1.fc34)

To view detailed results, visit:
https://lab.dpdk.org/results/dashboard/patchsets/18613/

UNH-IOL DPDK Community Lab

To manage your email subscriptions, visit: 
https://lab.dpdk.org/results/dashboard/preferences/subscriptions/


More information about the test-report mailing list