[dpdk-test-report] |FAILURE| pw98932 [PATCH] telemetry: fix "in-memory" process socket conflicts

dpdklab at iol.unh.edu dpdklab at iol.unh.edu
Thu Sep 16 10:37:00 CEST 2021


Test-Label: iol-x86_64-compile-testing
Test-Status: FAILURE
http://dpdk.org/patch/98932

_Testing issues_

Submitter: Bruce Richardson <bruce.richardson at intel.com>
Date: Wednesday, September 15 2021 14:10:30 
DPDK git baseline: Repo:dpdk
  Branch: master
  CommitID:1c91ed5cdde164ca319c2c3b0ba5b4643db8e614

98932 --> testing fail

Test environment and result as below:

+---------------------+----------------------+--------------------+-------------------+
|     Environment     | dpdk_mingw64_compile | dpdk_meson_compile | dpdk_compile_spdk |
+=====================+======================+====================+===================+
| Windows Server 2019 | PASS                 | PASS               | SKIPPED           |
+---------------------+----------------------+--------------------+-------------------+
| openSUSE Leap 15    | SKIPPED              | PASS               | SKIPPED           |
+---------------------+----------------------+--------------------+-------------------+
| CentOS 8            | SKIPPED              | PASS               | SKIPPED           |
+---------------------+----------------------+--------------------+-------------------+
| Ubuntu 18.04        | SKIPPED              | PASS               | PASS              |
+---------------------+----------------------+--------------------+-------------------+
| CentOS Stream 8     | SKIPPED              | PASS               | SKIPPED           |
+---------------------+----------------------+--------------------+-------------------+
| Fedora 32           | SKIPPED              | PASS               | SKIPPED           |
+---------------------+----------------------+--------------------+-------------------+
| Fedora 31           | SKIPPED              | PASS               | SKIPPED           |
+---------------------+----------------------+--------------------+-------------------+
| Ubuntu 20.04        | SKIPPED              | PASS               | SKIPPED           |
+---------------------+----------------------+--------------------+-------------------+
| Arch Linux          | SKIPPED              | PASS               | SKIPPED           |
+---------------------+----------------------+--------------------+-------------------+
| RHEL8               | SKIPPED              | PASS               | SKIPPED           |
+---------------------+----------------------+--------------------+-------------------+
| RHEL 7              | SKIPPED              | PASS               | SKIPPED           |
+---------------------+----------------------+--------------------+-------------------+
| Fedora 34           | SKIPPED              | PASS               | SKIPPED           |
+---------------------+----------------------+--------------------+-------------------+
| Fedora 33           | SKIPPED              | PASS               | SKIPPED           |
+---------------------+----------------------+--------------------+-------------------+
| Alpine              | SKIPPED              | FAIL               | SKIPPED           |
+---------------------+----------------------+--------------------+-------------------+
| Fedora 34 clang     | SKIPPED              | PASS               | SKIPPED           |
+---------------------+----------------------+--------------------+-------------------+
| FreeBSD 13          | SKIPPED              | FAIL               | SKIPPED           |
+---------------------+----------------------+--------------------+-------------------+

==== 20 line log output for FreeBSD 13 (dpdk_meson_compile): ====
[26/2012] Compiling C object lib/librte_eal.a.p/eal_common_eal_common_options.c.o
[27/2012] Compiling C object lib/librte_eal.a.p/eal_common_eal_common_proc.c.o
[28/2012] Compiling C object lib/librte_eal.a.p/eal_common_eal_common_memzone.c.o
[29/2012] Compiling C object lib/librte_eal.a.p/eal_common_eal_common_string_fns.c.o
[30/2012] Compiling C object lib/librte_telemetry.a.p/telemetry_telemetry.c.o
FAILED: lib/librte_telemetry.a.p/telemetry_telemetry.c.o
ccache cc -Ilib/librte_telemetry.a.p -Ilib -I../lib -I. -I.. -Iconfig -I../config -Ilib/eal/include -I../lib/eal/include -Ilib/eal/freebsd/include -I../lib/eal/freebsd/include -Ilib/eal/x86/include -I../lib/eal/x86/include -Ilib/metrics -I../lib/metrics -Ilib/telemetry -I../lib/telemetry -fcolor-diagnostics -D_FILE_OFFSET_BITS=64 -Wall -Winvalid-pch -Werror -O3 -include rte_config.h -Wextra -Wcast-qual -Wdeprecated -Wformat -Wformat-nonliteral -Wformat-security -Wmissing-declarations -Wmissing-prototypes -Wnested-externs -Wold-style-definition -Wpointer-arith -Wsign-compare -Wstrict-prototypes -Wundef -Wwrite-strings -Wno-address-of-packed-member -Wno-missing-field-initializers -D_GNU_SOURCE -D__BSD_VISIBLE -fPIC -march=native -DALLOW_EXPERIMENTAL_API -DALLOW_INTERNAL_API -DRTE_LOG_DEFAULT_LOGTYPE=lib.telemetry -MD -MQ lib/librte_telemetry.a.p/telemetry_telemetry.c.o -MF lib/librte_telemetry.a.p/telemetry_telemetry.c.o.d -o lib/librte_telemetry.a.p/telemetry_telemetry.c.o -c ../lib/telemetry/telemetry.c
../lib/telemetry/telemetry.c:435:21: error: incompatible pointer types passing 'struct sockaddr_un *' to parameter of type 'const struct sockaddr *' [-Werror,-Wincompatible-pointer-types]
if (connect(sock, &sun, sizeof(sun)) == 0) {
^~~~
/usr/include/sys/socket.h:681:41: note: passing argument to parameter here
int     connect(int, const struct sockaddr *, socklen_t);
^
1 error generated.
[31/2012] Compiling C object lib/librte_eal.a.p/eal_common_eal_common_tailqs.c.o
[32/2012] Compiling C object lib/librte_eal.a.p/eal_common_eal_common_timer.c.o
[33/2012] Compiling C object lib/librte_eal.a.p/eal_common_eal_common_thread.c.o
[34/2012] Compiling C object lib/librte_eal.a.p/eal_common_eal_common_trace.c.o
[35/2012] Generating kvargs.sym_chk with a custom command (wrapped by meson to capture output)
ninja: build stopped: subcommand failed.
==== End log output ====

Windows Server 2019
	Kernel: 10.0
	Compiler: clang 9.0 and gcc 8.1.0 (MinGW)

openSUSE Leap 15
	Kernel: 4.18.0-240.10.1.el8_3.x86_64
	Compiler: gcc 7.5.0

CentOS 8
	Kernel: 4.18.0-240.10.1.el8_3.x86_64
	Compiler: gcc 8.3.1 20191121 (Red Hat 8.3.1-5)

Ubuntu 18.04
	Kernel: 4.18.0-240.10.1.el8_3.x86_64
	Compiler: gcc 7.5.0-3ubuntu1~18.04

CentOS Stream 8
	Kernel: 4.18.0-240.10.1.el8_3.x86_64
	Compiler: gcc 8.4.1 20200928

Fedora 32
	Kernel: 4.18.0-240.10.1.el8_3.x86_64
	Compiler: gcc 10.2.1

Fedora 31
	Kernel: 4.18.0-240.10.1.el8_3.x86_64
	Compiler: gcc 9.3.1

Ubuntu 20.04
	Kernel: 4.18.0-240.10.1.el8_3.x86_64
	Compiler: gcc 9.3.0-17ubuntu1~20.04

Arch Linux
	Kernel: 5.4.0-73-generic
	Compiler: gcc 11.1.0

RHEL8
	Kernel: 4.18.0-240.10.1.el8_3.x86_64
	Compiler: gcc 8.3.1 20191121 (Red Hat 8.3.1-5)

RHEL 7
	Kernel: 4.18.0-240.10.1.el8_3.x86_64
	Compiler: gcc 4.8.5 20150623 (Red Hat 4.8.5-44)

Fedora 34
	Kernel: 5.4.0-72-generic
	Compiler: gcc 11.1.1 20210428 (Red Hat 11.1.1-1)

Fedora 33
	Kernel: 5.4.0-72-generic
	Compiler: gcc 10.3.1 20210422 (Red Hat 10.3.1-1)

Alpine
	Kernel: 5.4.0-73-generic
	Compiler: gcc (Alpine 10.3.1_git20210424) 10.3.1 20210424

Fedora 34 clang
	Kernel: 5.4.0-72-generic
	Compiler: clang 12.0.0 (Fedora 12.0.0-0.3.rc1.fc34)

FreeBSD 13
	Kernel: 13.0
	Compiler: clang 11.0.1

To view detailed results, visit:
https://lab.dpdk.org/results/dashboard/patchsets/18767/

UNH-IOL DPDK Community Lab

To manage your email subscriptions, visit: 
https://lab.dpdk.org/results/dashboard/preferences/subscriptions/


More information about the test-report mailing list