[dpdk-test-report] |FAILURE| pw99189-99206 [PATCH] [v2, 20/20] net/ice/base: add API for parser profile initialization

dpdklab at iol.unh.edu dpdklab at iol.unh.edu
Tue Sep 21 12:17:01 CEST 2021


Test-Label: iol-x86_64-unit-testing
Test-Status: FAILURE
http://dpdk.org/patch/99206

_Testing issues_

Submitter: Qi Zhang <qi.z.zhang at intel.com>
Date: Friday, September 17 2021 14:43:22 
DPDK git baseline: Repo:dpdk
  Branch: master
  CommitID:4777674c4428f528fa2890d8afab551f6dd54c24

99189-99206 --> testing fail

Test environment and result as below:

+------------------+----------------+
|   Environment    | dpdk_unit_test |
+==================+================+
| Arch Linux       | PASS           |
+------------------+----------------+
| CentOS 8         | PASS           |
+------------------+----------------+
| CentOS Stream 8  | PASS           |
+------------------+----------------+
| Fedora 31        | PASS           |
+------------------+----------------+
| Fedora 32        | PASS           |
+------------------+----------------+
| RHEL 7           | FAIL           |
+------------------+----------------+
| RHEL8            | PASS           |
+------------------+----------------+
| Ubuntu 20.04     | PASS           |
+------------------+----------------+
| Fedora 34        | PASS           |
+------------------+----------------+
| Fedora 34 clang  | PASS           |
+------------------+----------------+
| Ubuntu 18.04     | PASS           |
+------------------+----------------+
| openSUSE Leap 15 | PASS           |
+------------------+----------------+
| Fedora 33        | PASS           |
+------------------+----------------+

==== 20 line log output for RHEL 7 (dpdk_unit_test): ====
^
cc1: all warnings being treated as errors
[1377/2900] Compiling C object drivers/net/ice/base/libice_base.a.p/ice_flow.c.o
[1378/2900] Compiling C object drivers/net/ice/base/libice_base.a.p/ice_flex_pipe.c.o
[1379/2900] Compiling C object drivers/libtmp_rte_net_ice.a.p/net_ice_ice_hash.c.o
[1380/2900] Compiling C object drivers/libtmp_rte_net_ice.a.p/net_ice_ice_generic_flow.c.o
[1381/2900] Compiling C object drivers/net/ice/base/libice_base.a.p/ice_switch.c.o
[1382/2900] Compiling C object drivers/libtmp_rte_net_ice.a.p/net_ice_ice_acl_filter.c.o
[1383/2900] Generating rte_common_mlx5.sym_chk with a meson_exe.py custom command
[1384/2900] Compiling C object drivers/libtmp_rte_net_ice.a.p/net_ice_ice_fdir_filter.c.o
[1385/2900] Generating rte_net_i40e.sym_chk with a meson_exe.py custom command
[1386/2900] Compiling C object drivers/libtmp_rte_net_ice.a.p/net_ice_ice_switch_filter.c.o
[1387/2900] Compiling C object drivers/libtmp_rte_net_ice.a.p/net_ice_ice_rxtx_vec_sse.c.o
[1388/2900] Compiling C object drivers/libtmp_rte_net_ice.a.p/net_ice_ice_ethdev.c.o
[1389/2900] Compiling C object drivers/libtmp_rte_net_ice.a.p/net_ice_ice_rxtx.c.o
[1390/2900] Compiling C object drivers/libtmp_rte_net_ice.a.p/net_ice_ice_rxtx_vec_avx2.c.o
[1391/2900] Generating eal.sym_chk with a meson_exe.py custom command
[1392/2900] Generating rte_common_sfc_efx.sym_chk with a meson_exe.py custom command
[1393/2900] Generating rte_common_cnxk.sym_chk with a meson_exe.py custom command
ninja: build stopped: subcommand failed.
==== End log output ====

Arch Linux
	Kernel: 5.4.0-73-generic
	Compiler: gcc 11.1.0

CentOS 8
	Kernel: 4.18.0-240.10.1.el8_3.x86_64
	Compiler: gcc 8.3.1 20191121 (Red Hat 8.3.1-5)

CentOS Stream 8
	Kernel: 4.18.0-240.10.1.el8_3.x86_64
	Compiler: gcc 8.4.1 20200928

Fedora 31
	Kernel: 4.18.0-240.10.1.el8_3.x86_64
	Compiler: gcc 9.3.1

Fedora 32
	Kernel: 4.18.0-240.10.1.el8_3.x86_64
	Compiler: gcc 10.2.1

RHEL 7
	Kernel: 4.18.0-240.10.1.el8_3.x86_64
	Compiler: gcc 4.8.5 20150623 (Red Hat 4.8.5-44)

RHEL8
	Kernel: 4.18.0-240.10.1.el8_3.x86_64
	Compiler: gcc 8.3.1 20191121 (Red Hat 8.3.1-5)

Ubuntu 20.04
	Kernel: 4.18.0-240.10.1.el8_3.x86_64
	Compiler: gcc 9.3.0-17ubuntu1~20.04

Fedora 34
	Kernel: 5.4.0-72-generic
	Compiler: gcc 11.1.1 20210428 (Red Hat 11.1.1-1)

Fedora 34 clang
	Kernel: 5.4.0-72-generic
	Compiler: clang 12.0.0 (Fedora 12.0.0-0.3.rc1.fc34)

Ubuntu 18.04
	Kernel: 4.18.0-240.10.1.el8_3.x86_64
	Compiler: gcc 7.5.0-3ubuntu1~18.04

openSUSE Leap 15
	Kernel: 4.18.0-240.10.1.el8_3.x86_64
	Compiler: gcc 7.5.0

Fedora 33
	Kernel: 5.4.0-72-generic
	Compiler: gcc 10.3.1 20210422 (Red Hat 10.3.1-1)

To view detailed results, visit:
https://lab.dpdk.org/results/dashboard/patchsets/18844/

UNH-IOL DPDK Community Lab

To manage your email subscriptions, visit: 
https://lab.dpdk.org/results/dashboard/preferences/subscriptions/


More information about the test-report mailing list