[dpdk-test-report] |FAILURE| pw99350-99351 [PATCH] [v3, 2/2] eal: add additional info if core mask too long

dpdklab at iol.unh.edu dpdklab at iol.unh.edu
Thu Sep 23 23:16:49 CEST 2021


Test-Label: iol-x86_64-compile-testing
Test-Status: FAILURE
http://dpdk.org/patch/99351

_Testing issues_

Submitter: David Hunt <david.hunt at intel.com>
Date: Tuesday, September 21 2021 11:50:15 
DPDK git baseline: Repo:dpdk
  Branch: master
  CommitID:ccf69617ce96e1b708c7644289ee8df4586f7556

99350-99351 --> testing fail

Test environment and result as below:

+---------------------+----------------------+--------------------+-------------------+
|     Environment     | dpdk_mingw64_compile | dpdk_meson_compile | dpdk_compile_spdk |
+=====================+======================+====================+===================+
| Windows Server 2019 | PASS                 | PASS               | SKIPPED           |
+---------------------+----------------------+--------------------+-------------------+
| FreeBSD 13          | SKIPPED              | FAIL               | SKIPPED           |
+---------------------+----------------------+--------------------+-------------------+
| Fedora 31           | SKIPPED              | PASS               | SKIPPED           |
+---------------------+----------------------+--------------------+-------------------+
| openSUSE Leap 15    | SKIPPED              | PASS               | SKIPPED           |
+---------------------+----------------------+--------------------+-------------------+
| Ubuntu 18.04        | SKIPPED              | PASS               | PASS              |
+---------------------+----------------------+--------------------+-------------------+
| Ubuntu 20.04        | SKIPPED              | PASS               | SKIPPED           |
+---------------------+----------------------+--------------------+-------------------+
| CentOS 8            | SKIPPED              | PASS               | SKIPPED           |
+---------------------+----------------------+--------------------+-------------------+
| Fedora 32           | SKIPPED              | PASS               | SKIPPED           |
+---------------------+----------------------+--------------------+-------------------+
| RHEL8               | SKIPPED              | PASS               | SKIPPED           |
+---------------------+----------------------+--------------------+-------------------+
| CentOS Stream 8     | SKIPPED              | PASS               | SKIPPED           |
+---------------------+----------------------+--------------------+-------------------+
| Arch Linux          | SKIPPED              | PASS               | SKIPPED           |
+---------------------+----------------------+--------------------+-------------------+
| RHEL 7              | SKIPPED              | PASS               | SKIPPED           |
+---------------------+----------------------+--------------------+-------------------+
| Fedora 34           | SKIPPED              | PASS               | SKIPPED           |
+---------------------+----------------------+--------------------+-------------------+
| Fedora 34 clang     | SKIPPED              | PASS               | SKIPPED           |
+---------------------+----------------------+--------------------+-------------------+
| Fedora 33           | SKIPPED              | PASS               | SKIPPED           |
+---------------------+----------------------+--------------------+-------------------+
| Alpine              | SKIPPED              | PASS               | SKIPPED           |
+---------------------+----------------------+--------------------+-------------------+

==== 20 line log output for FreeBSD 13 (dpdk_meson_compile): ====
[80/2012] Linking static target lib/librte_ring.a
[81/2012] Generating rte_rcu_def with a custom command
[82/2012] Compiling C object lib/librte_rcu.a.p/rcu_rte_rcu_qsbr.c.o
[83/2012] Generating rte_rcu_mingw with a custom command
[84/2012] Compiling C object lib/librte_eal.a.p/eal_common_eal_common_options.c.o
FAILED: lib/librte_eal.a.p/eal_common_eal_common_options.c.o
ccache cc -Ilib/librte_eal.a.p -Ilib -I../lib -I. -I.. -Iconfig -I../config -Ilib/eal/include -I../lib/eal/include -Ilib/eal/freebsd/include -I../lib/eal/freebsd/include -Ilib/eal/x86/include -I../lib/eal/x86/include -Ilib/eal/common -I../lib/eal/common -Ilib/eal -I../lib/eal -Ilib/kvargs -I../lib/kvargs -Ilib/metrics -I../lib/metrics -Ilib/telemetry -I../lib/telemetry -fcolor-diagnostics -D_FILE_OFFSET_BITS=64 -Wall -Winvalid-pch -Werror -O3 -include rte_config.h -Wextra -Wcast-qual -Wdeprecated -Wformat -Wformat-nonliteral -Wformat-security -Wmissing-declarations -Wmissing-prototypes -Wnested-externs -Wold-style-definition -Wpointer-arith -Wsign-compare -Wstrict-prototypes -Wundef -Wwrite-strings -Wno-address-of-packed-member -Wno-missing-field-initializers -D_GNU_SOURCE -D__BSD_VISIBLE -fPIC -march=native -DALLOW_EXPERIMENTAL_API -DALLOW_INTERNAL_API '-DABI_VERSION="22.0"' -DRTE_LIBEAL_USE_GETENTROPY -DRTE_LOG_DEFAULT_LOGTYPE=lib.eal -MD -MQ lib/librte_eal.a.p/eal_common_eal_common_options.c.o -MF lib/librte_eal.a.p/eal_common_eal_common_options.c.o.d -o lib/librte_eal.a.p/eal_common_eal_common_options.c.o -c ../lib/eal/common/eal_common_options.c
../lib/eal/common/eal_common_options.c:767:42: error: size argument in 'strlcpy' call appears to be size of the source; expected the size of the destination [-Werror,-Wstrlcpy-strlcat-size]
strlcpy(coremask_copy, coremask, strlen(coremask)+1);
~~~~~~~^~~~~~~~~~~
../lib/eal/common/eal_common_options.c:936:42: error: size argument in 'strlcpy' call appears to be size of the source; expected the size of the destination [-Werror,-Wstrlcpy-strlcat-size]
strlcpy(corelist_copy, corelist, strlen(corelist)+1);
~~~~~~~^~~~~~~~~~~
2 errors generated.
[85/2012] Linking static target lib/librte_rcu.a
[86/2012] Compiling C object lib/librte_mempool.a.p/mempool_rte_mempool.c.o
[87/2012] Generating symbol file lib/librte_kvargs.so.22.0.p/librte_kvargs.so.22.0.symbols
[88/2012] Generating symbol file lib/librte_telemetry.so.22.0.p/librte_telemetry.so.22.0.symbols
[89/2012] Generating ring.sym_chk with a custom command (wrapped by meson to capture output)
ninja: build stopped: subcommand failed.
==== End log output ====

Windows Server 2019
	Kernel: 10.0
	Compiler: clang 9.0 and gcc 8.1.0 (MinGW)

FreeBSD 13
	Kernel: 13.0
	Compiler: clang 11.0.1

Fedora 31
	Kernel: 4.18.0-240.10.1.el8_3.x86_64
	Compiler: gcc 9.3.1

openSUSE Leap 15
	Kernel: 4.18.0-240.10.1.el8_3.x86_64
	Compiler: gcc 7.5.0

Ubuntu 18.04
	Kernel: 4.18.0-240.10.1.el8_3.x86_64
	Compiler: gcc 7.5.0-3ubuntu1~18.04

Ubuntu 20.04
	Kernel: 4.18.0-240.10.1.el8_3.x86_64
	Compiler: gcc 9.3.0-17ubuntu1~20.04

CentOS 8
	Kernel: 4.18.0-240.10.1.el8_3.x86_64
	Compiler: gcc 8.3.1 20191121 (Red Hat 8.3.1-5)

Fedora 32
	Kernel: 4.18.0-240.10.1.el8_3.x86_64
	Compiler: gcc 10.2.1

RHEL8
	Kernel: 4.18.0-240.10.1.el8_3.x86_64
	Compiler: gcc 8.3.1 20191121 (Red Hat 8.3.1-5)

CentOS Stream 8
	Kernel: 4.18.0-240.10.1.el8_3.x86_64
	Compiler: gcc 8.4.1 20200928

Arch Linux
	Kernel: 5.4.0-73-generic
	Compiler: gcc 11.1.0

RHEL 7
	Kernel: 4.18.0-240.10.1.el8_3.x86_64
	Compiler: gcc 4.8.5 20150623 (Red Hat 4.8.5-44)

Fedora 34
	Kernel: 5.4.0-72-generic
	Compiler: gcc 11.1.1 20210428 (Red Hat 11.1.1-1)

Fedora 34 clang
	Kernel: 5.4.0-72-generic
	Compiler: clang 12.0.0 (Fedora 12.0.0-0.3.rc1.fc34)

Fedora 33
	Kernel: 5.4.0-72-generic
	Compiler: gcc 10.3.1 20210422 (Red Hat 10.3.1-1)

Alpine
	Kernel: 5.4.0-73-generic
	Compiler: gcc (Alpine 10.3.1_git20210424) 10.3.1 20210424

To view detailed results, visit:
https://lab.dpdk.org/results/dashboard/patchsets/18875/

UNH-IOL DPDK Community Lab

To manage your email subscriptions, visit: 
https://lab.dpdk.org/results/dashboard/preferences/subscriptions/


More information about the test-report mailing list