|FAILURE| [GIT MASTER] abfe2cb0b40b3ceeb44df642c9d28a06bdfc9fb4
    dpdklab at iol.unh.edu 
    dpdklab at iol.unh.edu
       
    Sat Dec  3 07:38:23 CET 2022
    
    
  
_Testing issues_
Branch: tags/v20.11
abfe2cb0b40b3ceeb44df642c9d28a06bdfc9fb4 --> testing fail
Test environment and result as below:
+------------------------------------+--------------------+----------------+
|            Environment             | dpdk_meson_compile | dpdk_unit_test |
+====================================+====================+================+
| Ubuntu 20.04 ARM GCC Cross Compile | PASS               | SKIPPED        |
+------------------------------------+--------------------+----------------+
| Ubuntu 20.04 ARM GCC Native        | PASS               | PASS           |
+------------------------------------+--------------------+----------------+
| Ubuntu 20.04 ARM Clang Native      | PASS               | PASS           |
+------------------------------------+--------------------+----------------+
| Ubuntu 20.04 ARM SVE               | PASS               | SKIPPED        |
+------------------------------------+--------------------+----------------+
| Ubuntu 22.04                       | SKIPPED            | FAIL           |
+------------------------------------+--------------------+----------------+
| RHEL 7                             | SKIPPED            | PASS           |
+------------------------------------+--------------------+----------------+
| Debian Buster                      | SKIPPED            | PASS           |
+------------------------------------+--------------------+----------------+
| CentOS Stream 9                    | SKIPPED            | PASS           |
+------------------------------------+--------------------+----------------+
| RHEL8                              | SKIPPED            | FAIL           |
+------------------------------------+--------------------+----------------+
| openSUSE Leap 15                   | SKIPPED            | FAIL           |
+------------------------------------+--------------------+----------------+
==== 20 line log output for openSUSE Leap 15 (dpdk_unit_test): ====
49/59 DPDK:fast-tests / power_autotest        OK       0.52 s
50/59 DPDK:fast-tests / reorder_autotest      OK       0.57 s
51/59 DPDK:fast-tests / service_autotest      OK       5.40 s
52/59 DPDK:fast-tests / thash_autotest        OK       0.55 s
53/59 DPDK:fast-tests / trace_autotest        OK       0.50 s
54/59 DPDK:fast-tests / telemetry_json_autotest  OK       0.47 s
55/59 DPDK:fast-tests / telemetry_data_autotest  OK       0.48 s
56/59 DPDK:fast-tests / ring_pmd_autotest     OK       0.51 s
57/59 DPDK:fast-tests / bitratestats_autotest  OK       0.55 s
58/59 DPDK:fast-tests / latencystats_autotest  OK       0.50 s
59/59 DPDK:fast-tests / pdump_autotest        OK       0.50 s
Ok:                   56
Expected Fail:         0
Fail:                  2
Unexpected Pass:       0
Skipped:               1
Timeout:               0
Full log written to /home-local/jenkins-local/jenkins-agent/workspace/Generic-Unit-Test-DPDK at 2/dpdk/build/meson-logs/testlog.txt
==== End log output ====
Ubuntu 20.04 ARM GCC Cross Compile
	Kernel: 5.4.0-72-generic
	Compiler: aarch64-linux-gnu-gcc (Ubuntu 9.3.0-17ubuntu1~20.04) 9.3.0
Ubuntu 20.04 ARM GCC Native
	Kernel: 5.4.0-53-generic
	Compiler: gcc 9.3
Ubuntu 20.04 ARM Clang Native
	Kernel: 5.4.0-53-generic
	Compiler: clang 10.0.0-4ubuntu1
Ubuntu 20.04 ARM SVE
	Kernel: 5.4.0-80-generic
	Compiler: gcc 10.3.0 (Ubuntu 10.3.0-1ubuntu1~20.04)
Ubuntu 22.04
	Kernel: 4.18.0-240.10.1.el8_3.x86_64
	Compiler: gcc 11.3.0
RHEL 7
	Kernel: 4.18.0-240.10.1.el8_3.x86_64
	Compiler: gcc 4.8.5 20150623 (Red Hat 4.8.5-44)
Debian Buster
	Kernel: 5.4.0-122-generic
	Compiler: gcc 8.3.0-6
CentOS Stream 9
	Kernel: 4.18.0-240.10.1.el8_3.x86_64
	Compiler: gcc 11.3.1 20220421
RHEL8
	Kernel: 4.18.0-240.10.1.el8_3.x86_64
	Compiler: gcc 8.3.1 20191121 (Red Hat 8.3.1-5)
openSUSE Leap 15
	Kernel: 4.18.0-240.10.1.el8_3.x86_64
	Compiler: gcc 7.5.0
To view detailed results, visit:
https://lab.dpdk.org/results/dashboard/tarballs/22504/
UNH-IOL DPDK Community Lab
To manage your email subscriptions, visit: 
https://lab.dpdk.org/results/dashboard/preferences/subscriptions/
    
    
More information about the test-report
mailing list