|FAILURE| [GIT MASTER] abfe2cb0b40b3ceeb44df642c9d28a06bdfc9fb4
    dpdklab at iol.unh.edu 
    dpdklab at iol.unh.edu
       
    Sat Dec  3 07:39:19 CET 2022
    
    
  
_Testing issues_
Branch: tags/v20.11
abfe2cb0b40b3ceeb44df642c9d28a06bdfc9fb4 --> testing fail
Test environment and result as below:
+------------------+----------------+
|   Environment    | dpdk_unit_test |
+==================+================+
| Ubuntu 22.04     | FAIL           |
+------------------+----------------+
| RHEL 7           | PASS           |
+------------------+----------------+
| Debian Buster    | PASS           |
+------------------+----------------+
| CentOS Stream 9  | PASS           |
+------------------+----------------+
| RHEL8            | FAIL           |
+------------------+----------------+
| openSUSE Leap 15 | FAIL           |
+------------------+----------------+
| Ubuntu 20.04     | PASS           |
+------------------+----------------+
| Debian Bullseye  | PASS           |
+------------------+----------------+
| CentOS Stream 8  | FAIL           |
+------------------+----------------+
==== 20 line log output for CentOS Stream 8 (dpdk_unit_test): ====
84/94 DPDK:fast-tests / service_autotest      OK       3.56 s
85/94 DPDK:fast-tests / thash_autotest        OK       0.20 s
86/94 DPDK:fast-tests / trace_autotest        OK       0.22 s
87/94 DPDK:fast-tests / telemetry_json_autotest  OK       0.17 s
88/94 DPDK:fast-tests / telemetry_data_autotest  OK       0.18 s
89/94 DPDK:fast-tests / ring_pmd_autotest     OK       0.22 s
90/94 DPDK:fast-tests / event_eth_tx_adapter_autotest  OK       0.47 s
91/94 DPDK:fast-tests / bitratestats_autotest  OK       0.22 s
92/94 DPDK:fast-tests / latencystats_autotest  OK       0.28 s
93/94 DPDK:fast-tests / pdump_autotest        OK       5.23 s
94/94 DPDK:fast-tests / compressdev_autotest  SKIP     0.22 s
Ok:                   88
Expected Fail:         0
Fail:                  1
Unexpected Pass:       0
Skipped:               5
Timeout:               0
Full log written to /home-local/jenkins-local/jenkins-agent/workspace/Generic-Unit-Test-DPDK at 3/dpdk/build/meson-logs/testlog.txt
==== End log output ====
Ubuntu 22.04
	Kernel: 4.18.0-240.10.1.el8_3.x86_64
	Compiler: gcc 11.3.0
RHEL 7
	Kernel: 4.18.0-240.10.1.el8_3.x86_64
	Compiler: gcc 4.8.5 20150623 (Red Hat 4.8.5-44)
Debian Buster
	Kernel: 5.4.0-122-generic
	Compiler: gcc 8.3.0-6
CentOS Stream 9
	Kernel: 4.18.0-240.10.1.el8_3.x86_64
	Compiler: gcc 11.3.1 20220421
RHEL8
	Kernel: 4.18.0-240.10.1.el8_3.x86_64
	Compiler: gcc 8.3.1 20191121 (Red Hat 8.3.1-5)
openSUSE Leap 15
	Kernel: 4.18.0-240.10.1.el8_3.x86_64
	Compiler: gcc 7.5.0
Ubuntu 20.04
	Kernel: 4.18.0-240.10.1.el8_3.x86_64
	Compiler: gcc 9.3.0-17ubuntu1~20.04
Debian Bullseye
	Kernel: 5.4.0-122-generic
	Compiler: gcc 10.2.1-6
CentOS Stream 8
	Kernel: 4.18.0-240.10.1.el8_3.x86_64
	Compiler: gcc 8.4.1 20200928
To view detailed results, visit:
https://lab.dpdk.org/results/dashboard/tarballs/22504/
UNH-IOL DPDK Community Lab
To manage your email subscriptions, visit: 
https://lab.dpdk.org/results/dashboard/preferences/subscriptions/
    
    
More information about the test-report
mailing list