|FAILURE| [GIT MASTER] abfe2cb0b40b3ceeb44df642c9d28a06bdfc9fb4
    dpdklab at iol.unh.edu 
    dpdklab at iol.unh.edu
       
    Sat Dec  3 18:11:49 CET 2022
    
    
  
_Testing issues_
Branch: tags/v20.11
abfe2cb0b40b3ceeb44df642c9d28a06bdfc9fb4 --> testing fail
Test environment and result as below:
+------------------------------------+--------------------+----------------+
|            Environment             | dpdk_meson_compile | dpdk_unit_test |
+====================================+====================+================+
| Ubuntu 20.04 ARM GCC Native        | PASS               | PASS           |
+------------------------------------+--------------------+----------------+
| Ubuntu 20.04 ARM Clang Native      | PASS               | PASS           |
+------------------------------------+--------------------+----------------+
| Ubuntu 20.04 ARM GCC Cross Compile | PASS               | SKIPPED        |
+------------------------------------+--------------------+----------------+
| Ubuntu 20.04 ARM SVE               | PASS               | SKIPPED        |
+------------------------------------+--------------------+----------------+
| CentOS Stream 8                    | SKIPPED            | FAIL           |
+------------------------------------+--------------------+----------------+
| Ubuntu 22.04                       | SKIPPED            | PASS           |
+------------------------------------+--------------------+----------------+
| CentOS Stream 9                    | SKIPPED            | FAIL           |
+------------------------------------+--------------------+----------------+
| RHEL8                              | SKIPPED            | FAIL           |
+------------------------------------+--------------------+----------------+
| openSUSE Leap 15                   | SKIPPED            | FAIL           |
+------------------------------------+--------------------+----------------+
| Debian Bullseye                    | SKIPPED            | FAIL           |
+------------------------------------+--------------------+----------------+
| Ubuntu 20.04                       | SKIPPED            | FAIL           |
+------------------------------------+--------------------+----------------+
| RHEL 7                             | SKIPPED            | FAIL           |
+------------------------------------+--------------------+----------------+
| Debian Buster                      | SKIPPED            | PASS           |
+------------------------------------+--------------------+----------------+
==== 20 line log output for RHEL 7 (dpdk_unit_test): ====
84/94 DPDK:fast-tests / service_autotest      OK       4.22 s
85/94 DPDK:fast-tests / thash_autotest        OK       0.24 s
86/94 DPDK:fast-tests / trace_autotest        OK       0.28 s
87/94 DPDK:fast-tests / telemetry_json_autotest  OK       0.20 s
88/94 DPDK:fast-tests / telemetry_data_autotest  OK       0.22 s
89/94 DPDK:fast-tests / ring_pmd_autotest     OK       0.24 s
90/94 DPDK:fast-tests / event_eth_tx_adapter_autotest  OK       0.61 s
91/94 DPDK:fast-tests / bitratestats_autotest  OK       0.30 s
92/94 DPDK:fast-tests / latencystats_autotest  OK       0.35 s
93/94 DPDK:fast-tests / pdump_autotest        OK       5.19 s
94/94 DPDK:fast-tests / compressdev_autotest  SKIP     0.28 s
Ok:                   88
Expected Fail:         0
Fail:                  1
Unexpected Pass:       0
Skipped:               5
Timeout:               0
Full log written to /home-local/jenkins-local/jenkins-agent/workspace/Generic-Unit-Test-DPDK at 2/dpdk/build/meson-logs/testlog.txt
==== End log output ====
Ubuntu 20.04 ARM GCC Native
	Kernel: 5.4.0-53-generic
	Compiler: gcc 9.3
Ubuntu 20.04 ARM Clang Native
	Kernel: 5.4.0-53-generic
	Compiler: clang 10.0.0-4ubuntu1
Ubuntu 20.04 ARM GCC Cross Compile
	Kernel: 5.4.0-72-generic
	Compiler: aarch64-linux-gnu-gcc (Ubuntu 9.3.0-17ubuntu1~20.04) 9.3.0
Ubuntu 20.04 ARM SVE
	Kernel: 5.4.0-80-generic
	Compiler: gcc 10.3.0 (Ubuntu 10.3.0-1ubuntu1~20.04)
CentOS Stream 8
	Kernel: 4.18.0-240.10.1.el8_3.x86_64
	Compiler: gcc 8.4.1 20200928
Ubuntu 22.04
	Kernel: Container Host Kernel
	Compiler: gcc 12.2.1-2
CentOS Stream 9
	Kernel: 4.18.0-240.10.1.el8_3.x86_64
	Compiler: gcc 11.3.1 20220421
RHEL8
	Kernel: 4.18.0-240.10.1.el8_3.x86_64
	Compiler: gcc 8.3.1 20191121 (Red Hat 8.3.1-5)
openSUSE Leap 15
	Kernel: 4.18.0-240.10.1.el8_3.x86_64
	Compiler: gcc 7.5.0
Debian Bullseye
	Kernel: 5.4.0-122-generic
	Compiler: gcc 10.2.1-6
Ubuntu 20.04
	Kernel: 4.18.0-240.10.1.el8_3.x86_64
	Compiler: gcc 9.3.0-17ubuntu1~20.04
RHEL 7
	Kernel: 4.18.0-240.10.1.el8_3.x86_64
	Compiler: gcc 4.8.5 20150623 (Red Hat 4.8.5-44)
Debian Buster
	Kernel: 5.4.0-122-generic
	Compiler: gcc 8.3.0-6
To view detailed results, visit:
https://lab.dpdk.org/results/dashboard/tarballs/22516/
UNH-IOL DPDK Community Lab
To manage your email subscriptions, visit: 
https://lab.dpdk.org/results/dashboard/preferences/subscriptions/
    
    
More information about the test-report
mailing list