|FAILURE| [GIT MASTER] abfe2cb0b40b3ceeb44df642c9d28a06bdfc9fb4
    dpdklab at iol.unh.edu 
    dpdklab at iol.unh.edu
       
    Tue Dec  6 08:16:11 CET 2022
    
    
  
_Testing issues_
Branch: tags/v20.11
abfe2cb0b40b3ceeb44df642c9d28a06bdfc9fb4 --> testing fail
Test environment and result as below:
+-------------------------------+--------------------+----------------------+----------------+
|          Environment          | dpdk_meson_compile | dpdk_mingw64_compile | dpdk_unit_test |
+===============================+====================+======================+================+
| Windows Server 2019           | PASS               | PASS                 | SKIPPED        |
+-------------------------------+--------------------+----------------------+----------------+
| FreeBSD 13                    | PASS               | SKIPPED              | SKIPPED        |
+-------------------------------+--------------------+----------------------+----------------+
| CentOS Stream 8               | PASS               | SKIPPED              | FAIL           |
+-------------------------------+--------------------+----------------------+----------------+
| CentOS Stream 9               | PASS               | SKIPPED              | FAIL           |
+-------------------------------+--------------------+----------------------+----------------+
| Debian Bullseye               | PASS               | SKIPPED              | PASS           |
+-------------------------------+--------------------+----------------------+----------------+
| openSUSE Leap 15              | PASS               | SKIPPED              | FAIL           |
+-------------------------------+--------------------+----------------------+----------------+
| Ubuntu 20.04 ARM GCC Native   | PASS               | SKIPPED              | PASS           |
+-------------------------------+--------------------+----------------------+----------------+
| Ubuntu 20.04 ARM Clang Native | PASS               | SKIPPED              | PASS           |
+-------------------------------+--------------------+----------------------+----------------+
| Ubuntu 22.04                  | PASS               | SKIPPED              | PASS           |
+-------------------------------+--------------------+----------------------+----------------+
| Debian Buster                 | PASS               | SKIPPED              | PASS           |
+-------------------------------+--------------------+----------------------+----------------+
| RHEL 7                        | PASS               | SKIPPED              | FAIL           |
+-------------------------------+--------------------+----------------------+----------------+
| Ubuntu 20.04                  | PASS               | SKIPPED              | PASS           |
+-------------------------------+--------------------+----------------------+----------------+
| RHEL8                         | PASS               | SKIPPED              | PASS           |
+-------------------------------+--------------------+----------------------+----------------+
==== 20 line log output for RHEL 7 (dpdk_unit_test): ====
84/94 DPDK:fast-tests / service_autotest      OK       4.60 s
85/94 DPDK:fast-tests / thash_autotest        OK       0.39 s
86/94 DPDK:fast-tests / trace_autotest        OK       0.36 s
87/94 DPDK:fast-tests / telemetry_json_autotest  OK       0.22 s
88/94 DPDK:fast-tests / telemetry_data_autotest  OK       0.31 s
89/94 DPDK:fast-tests / ring_pmd_autotest     OK       0.29 s
90/94 DPDK:fast-tests / event_eth_tx_adapter_autotest  OK       0.85 s
91/94 DPDK:fast-tests / bitratestats_autotest  OK       0.22 s
92/94 DPDK:fast-tests / latencystats_autotest  OK       0.28 s
93/94 DPDK:fast-tests / pdump_autotest        OK       5.34 s
94/94 DPDK:fast-tests / compressdev_autotest  SKIP     0.35 s
Ok:                   86
Expected Fail:         0
Fail:                  2
Unexpected Pass:       0
Skipped:               5
Timeout:               1
Full log written to /home-local/jenkins-local/jenkins-agent/workspace/Generic-Unit-Test-DPDK at 2/dpdk/build/meson-logs/testlog.txt
==== End log output ====
Windows Server 2019
	Kernel: 10.0
	Compiler: clang 14.0 and gcc 8.1.0 (MinGW)
FreeBSD 13
	Kernel: 13.0
	Compiler: clang 11.0.1
CentOS Stream 8
	Kernel: 4.18.0-240.10.1.el8_3.x86_64
	Compiler: gcc 8.4.1 20200928
CentOS Stream 9
	Kernel: 4.18.0-240.10.1.el8_3.x86_64
	Compiler: gcc 11.3.1 20220421
Debian Bullseye
	Kernel: 5.4.0-122-generic
	Compiler: gcc 10.2.1-6
openSUSE Leap 15
	Kernel: 4.18.0-240.10.1.el8_3.x86_64
	Compiler: gcc 7.5.0
Ubuntu 20.04 ARM GCC Native
	Kernel: 5.4.0-53-generic
	Compiler: gcc 9.3
Ubuntu 20.04 ARM Clang Native
	Kernel: 5.4.0-53-generic
	Compiler: clang 10.0.0-4ubuntu1
Ubuntu 22.04
	Kernel: Container Host Kernel
	Compiler: gcc 12.2.1-2
Debian Buster
	Kernel: 5.4.0-122-generic
	Compiler: gcc 8.3.0-6
RHEL 7
	Kernel: 4.18.0-240.10.1.el8_3.x86_64
	Compiler: gcc 4.8.5 20150623 (Red Hat 4.8.5-44)
Ubuntu 20.04
	Kernel: 4.18.0-240.10.1.el8_3.x86_64
	Compiler: gcc 9.3.0-17ubuntu1~20.04
RHEL8
	Kernel: 4.18.0-240.10.1.el8_3.x86_64
	Compiler: gcc 8.3.1 20191121 (Red Hat 8.3.1-5)
To view detailed results, visit:
https://lab.dpdk.org/results/dashboard/tarballs/22540/
UNH-IOL DPDK Community Lab
To manage your email subscriptions, visit: 
https://lab.dpdk.org/results/dashboard/preferences/subscriptions/
    
    
More information about the test-report
mailing list