|FAILURE| pw121037 [PATCH] eventdev: add trace points
    dpdklab at iol.unh.edu 
    dpdklab at iol.unh.edu
       
    Mon Dec 19 17:25:39 CET 2022
    
    
  
Test-Label: iol-x86_64-unit-testing
Test-Status: FAILURE
http://dpdk.org/patch/121037
_Testing issues_
Submitter: Amit Prakash Shukla <amitprakashs at marvell.com>
Date: Monday, December 19 2022 14:11:14 
DPDK git baseline: Repo:dpdk
  Branch: master
  CommitID:c581c49cd3fcaff596fbe566e270b442e6326c79
121037 --> testing fail
Test environment and result as below:
+---------------------+----------------+
|     Environment     | dpdk_unit_test |
+=====================+================+
| Windows Server 2019 | PASS           |
+---------------------+----------------+
| Ubuntu 22.04        | FAIL           |
+---------------------+----------------+
| openSUSE Leap 15    | FAIL           |
+---------------------+----------------+
| RHEL 7              | FAIL           |
+---------------------+----------------+
| CentOS Stream 8     | FAIL           |
+---------------------+----------------+
| Ubuntu 20.04        | FAIL           |
+---------------------+----------------+
| CentOS Stream 9     | FAIL           |
+---------------------+----------------+
| Debian Buster       | FAIL           |
+---------------------+----------------+
| Debian Bullseye     | FAIL           |
+---------------------+----------------+
| RHEL8               | FAIL           |
+---------------------+----------------+
==== 20 line log output for RHEL8 (dpdk_unit_test): ====
60/70 DPDK:fast-tests / trace_autotest_with_traces  OK       0.30 s
61/70 DPDK:fast-tests / metrics_autotest      OK       0.43 s
62/70 DPDK:fast-tests / telemetry_json_autotest  OK       0.48 s
63/70 DPDK:fast-tests / telemetry_data_autotest  OK       0.55 s
64/70 DPDK:fast-tests / table_autotest        OK      18.41 s
65/70 DPDK:fast-tests / ring_pmd_autotest     OK       0.45 s
66/70 DPDK:fast-tests / bitratestats_autotest  OK       0.86 s
67/70 DPDK:fast-tests / latencystats_autotest  OK       0.41 s
68/70 DPDK:fast-tests / pdump_autotest        OK       1.78 s
69/70 DPDK:fast-tests / vdev_autotest         OK       0.43 s
70/70 DPDK:fast-tests / telemetry_all         SKIP     0.01 s
Ok:                   65
Expected Fail:         0
Fail:                  1
Unexpected Pass:       0
Skipped:               4
Timeout:               0
Full log written to /home-local/jenkins-local/jenkins-agent/workspace/Generic-Unit-Test-DPDK/dpdk/build/meson-logs/testlog.txt
==== End log output ====
Windows Server 2019
	Kernel: 10.0
	Compiler: clang 14.0 and gcc 8.1.0 (MinGW)
Ubuntu 22.04
	Kernel: Container Host Kernel
	Compiler: gcc 11.3.1-2
openSUSE Leap 15
	Kernel: 4.18.0-240.10.1.el8_3.x86_64
	Compiler: gcc 7.5.0
RHEL 7
	Kernel: 4.18.0-240.10.1.el8_3.x86_64
	Compiler: gcc 4.8.5 20150623 (Red Hat 4.8.5-44)
CentOS Stream 8
	Kernel: 4.18.0-240.10.1.el8_3.x86_64
	Compiler: gcc 8.4.1 20200928
Ubuntu 20.04
	Kernel: 4.18.0-240.10.1.el8_3.x86_64
	Compiler: gcc 9.3.0-17ubuntu1~20.04
CentOS Stream 9
	Kernel: 4.18.0-240.10.1.el8_3.x86_64
	Compiler: gcc 11.3.1 20220421
Debian Buster
	Kernel: 5.4.0-122-generic
	Compiler: gcc 8.3.0-6
Debian Bullseye
	Kernel: 5.4.0-122-generic
	Compiler: gcc 10.2.1-6
RHEL8
	Kernel: 4.18.0-240.10.1.el8_3.x86_64
	Compiler: gcc 8.3.1 20191121 (Red Hat 8.3.1-5)
To view detailed results, visit:
https://lab.dpdk.org/results/dashboard/patchsets/24770/
UNH-IOL DPDK Community Lab
To manage your email subscriptions, visit: 
https://lab.dpdk.org/results/dashboard/preferences/subscriptions/
    
    
More information about the test-report
mailing list