|FAILURE| [GIT MASTER] 7a21adb82bd075fbc6418eca877459f5e6c3d229
    dpdklab at iol.unh.edu 
    dpdklab at iol.unh.edu
       
    Tue Dec 20 06:18:05 CET 2022
    
    
  
_Testing issues_
Branch: tags/v21.11
7a21adb82bd075fbc6418eca877459f5e6c3d229 --> testing fail
Test environment and result as below:
+-------------------------------+--------------------+----------------------+----------------+
|          Environment          | dpdk_meson_compile | dpdk_mingw64_compile | dpdk_unit_test |
+===============================+====================+======================+================+
| FreeBSD 13                    | PASS               | SKIPPED              | SKIPPED        |
+-------------------------------+--------------------+----------------------+----------------+
| Windows Server 2019           | PASS               | PASS                 | PASS           |
+-------------------------------+--------------------+----------------------+----------------+
| Ubuntu 20.04 ARM GCC Native   | PASS               | SKIPPED              | PASS           |
+-------------------------------+--------------------+----------------------+----------------+
| Ubuntu 20.04 ARM Clang Native | PASS               | SKIPPED              | PASS           |
+-------------------------------+--------------------+----------------------+----------------+
| CentOS Stream 8               | PASS               | SKIPPED              | PASS           |
+-------------------------------+--------------------+----------------------+----------------+
| CentOS Stream 9               | PASS               | SKIPPED              | PASS           |
+-------------------------------+--------------------+----------------------+----------------+
| Debian Buster                 | PASS               | SKIPPED              | PASS           |
+-------------------------------+--------------------+----------------------+----------------+
| Debian Bullseye               | PASS               | SKIPPED              | PASS           |
+-------------------------------+--------------------+----------------------+----------------+
| Ubuntu 22.04                  | PASS               | SKIPPED              | PASS           |
+-------------------------------+--------------------+----------------------+----------------+
| RHEL 7                        | PASS               | SKIPPED              | FAIL           |
+-------------------------------+--------------------+----------------------+----------------+
| RHEL8                         | PASS               | SKIPPED              | PASS           |
+-------------------------------+--------------------+----------------------+----------------+
| openSUSE Leap 15              | PASS               | SKIPPED              | FAIL           |
+-------------------------------+--------------------+----------------------+----------------+
| Ubuntu 20.04                  | PASS               | SKIPPED              | PASS           |
+-------------------------------+--------------------+----------------------+----------------+
==== 20 line log output for openSUSE Leap 15 (dpdk_unit_test): ====
89/99 DPDK:fast-tests / trace_autotest        OK       0.17 s
90/99 DPDK:fast-tests / metrics_autotest      OK       0.29 s
91/99 DPDK:fast-tests / telemetry_json_autotest  OK       0.17 s
92/99 DPDK:fast-tests / telemetry_data_autotest  OK       0.32 s
93/99 DPDK:fast-tests / ring_pmd_autotest     OK       0.17 s
94/99 DPDK:fast-tests / event_eth_tx_adapter_autotest  OK       1.06 s
95/99 DPDK:fast-tests / bitratestats_autotest  OK       0.17 s
96/99 DPDK:fast-tests / latencystats_autotest  OK       0.29 s
97/99 DPDK:fast-tests / pdump_autotest        OK       5.41 s
98/99 DPDK:fast-tests / vdev_autotest         OK       0.31 s
99/99 DPDK:fast-tests / compressdev_autotest  SKIP     0.18 s
Ok:                   91
Expected Fail:         0
Fail:                  1
Unexpected Pass:       0
Skipped:               7
Timeout:               0
Full log written to /home-local/jenkins-local/jenkins-agent/workspace/Generic-Unit-Test-DPDK/dpdk/build/meson-logs/testlog.txt
==== End log output ====
FreeBSD 13
	Kernel: 13.0
	Compiler: clang 11.0.1
Windows Server 2019
	Kernel: 10.0
	Compiler: clang 14.0 and gcc 8.1.0 (MinGW)
Ubuntu 20.04 ARM GCC Native
	Kernel: 5.4.0-53-generic
	Compiler: gcc 9.3
Ubuntu 20.04 ARM Clang Native
	Kernel: 5.4.0-53-generic
	Compiler: clang 10.0.0-4ubuntu1
CentOS Stream 8
	Kernel: 4.18.0-240.10.1.el8_3.x86_64
	Compiler: gcc 8.4.1 20200928
CentOS Stream 9
	Kernel: 4.18.0-240.10.1.el8_3.x86_64
	Compiler: gcc 11.3.1 20220421
Debian Buster
	Kernel: 5.4.0-122-generic
	Compiler: gcc 8.3.0-6
Debian Bullseye
	Kernel: 5.4.0-122-generic
	Compiler: gcc 10.2.1-6
Ubuntu 22.04
	Kernel: Container Host Kernel
	Compiler: gcc 11.3.1-2
RHEL 7
	Kernel: 4.18.0-240.10.1.el8_3.x86_64
	Compiler: gcc 4.8.5 20150623 (Red Hat 4.8.5-44)
RHEL8
	Kernel: 4.18.0-240.10.1.el8_3.x86_64
	Compiler: gcc 8.3.1 20191121 (Red Hat 8.3.1-5)
openSUSE Leap 15
	Kernel: 4.18.0-240.10.1.el8_3.x86_64
	Compiler: gcc 7.5.0
Ubuntu 20.04
	Kernel: 4.18.0-240.10.1.el8_3.x86_64
	Compiler: gcc 9.3.0-17ubuntu1~20.04
To view detailed results, visit:
https://lab.dpdk.org/results/dashboard/tarballs/22678/
UNH-IOL DPDK Community Lab
To manage your email subscriptions, visit: 
https://lab.dpdk.org/results/dashboard/preferences/subscriptions/
    
    
More information about the test-report
mailing list