|FAILURE| [GIT MASTER] 9dae7a15aea76313c592c11db44e1386e85f86fe
    dpdklab at iol.unh.edu 
    dpdklab at iol.unh.edu
       
    Mon Dec 26 08:02:50 CET 2022
    
    
  
_Testing issues_
Branch: tags/v22.11
9dae7a15aea76313c592c11db44e1386e85f86fe --> testing fail
Test environment and result as below:
+---------------------+----------------+
|     Environment     | dpdk_unit_test |
+=====================+================+
| Windows Server 2019 | PASS           |
+---------------------+----------------+
| CentOS Stream 8     | PASS           |
+---------------------+----------------+
| openSUSE Leap 15    | PASS           |
+---------------------+----------------+
| Ubuntu 22.04        | PASS           |
+---------------------+----------------+
| CentOS Stream 9     | PASS           |
+---------------------+----------------+
| Debian Buster       | PASS           |
+---------------------+----------------+
| RHEL 7              | PASS           |
+---------------------+----------------+
| Debian Bullseye     | PASS           |
+---------------------+----------------+
| RHEL8               | FAIL           |
+---------------------+----------------+
| Ubuntu 20.04        | PASS           |
+---------------------+----------------+
==== 20 line log output for RHEL8 (dpdk_unit_test): ====
93/103 DPDK:fast-tests / telemetry_json_autotest  OK       0.18 s
94/103 DPDK:fast-tests / telemetry_data_autotest  OK       0.18 s
95/103 DPDK:fast-tests / table_autotest        OK      11.29 s
96/103 DPDK:fast-tests / ring_pmd_autotest     OK       0.28 s
97/103 DPDK:fast-tests / event_eth_tx_adapter_autotest  OK       0.67 s
98/103 DPDK:fast-tests / bitratestats_autotest  OK       0.17 s
99/103 DPDK:fast-tests / latencystats_autotest  OK       0.27 s
100/103 DPDK:fast-tests / pdump_autotest        OK       5.22 s
101/103 DPDK:fast-tests / vdev_autotest         OK       0.18 s
102/103 DPDK:fast-tests / compressdev_autotest  SKIP     0.21 s
103/103 DPDK:fast-tests / telemetry_all         SKIP     0.01 s
Ok:                   93
Expected Fail:         0
Fail:                  1
Unexpected Pass:       0
Skipped:               9
Timeout:               0
Full log written to /home-local/jenkins-local/jenkins-agent/workspace/Generic-Unit-Test-DPDK at 3/dpdk/build/meson-logs/testlog.txt
==== End log output ====
Windows Server 2019
	Kernel: 10.0
	Compiler: clang 14.0 and gcc 8.1.0 (MinGW)
CentOS Stream 8
	Kernel: 4.18.0-240.10.1.el8_3.x86_64
	Compiler: gcc 8.4.1 20200928
openSUSE Leap 15
	Kernel: 4.18.0-240.10.1.el8_3.x86_64
	Compiler: gcc 7.5.0
Ubuntu 22.04
	Kernel: Container Host Kernel
	Compiler: clang 14.0.5-1.fc36
CentOS Stream 9
	Kernel: 4.18.0-240.10.1.el8_3.x86_64
	Compiler: gcc 11.3.1 20220421
Debian Buster
	Kernel: 5.4.0-122-generic
	Compiler: gcc 8.3.0-6
RHEL 7
	Kernel: 4.18.0-240.10.1.el8_3.x86_64
	Compiler: gcc 4.8.5 20150623 (Red Hat 4.8.5-44)
Debian Bullseye
	Kernel: 5.4.0-122-generic
	Compiler: gcc 10.2.1-6
RHEL8
	Kernel: 4.18.0-240.10.1.el8_3.x86_64
	Compiler: gcc 8.3.1 20191121 (Red Hat 8.3.1-5)
Ubuntu 20.04
	Kernel: 4.18.0-240.10.1.el8_3.x86_64
	Compiler: gcc 9.3.0-17ubuntu1~20.04
To view detailed results, visit:
https://lab.dpdk.org/results/dashboard/tarballs/22737/
UNH-IOL DPDK Community Lab
To manage your email subscriptions, visit: 
https://lab.dpdk.org/results/dashboard/preferences/subscriptions/
    
    
More information about the test-report
mailing list