|FAILURE| pw108584 [PATCH] vhost: fix external message handlers

dpdklab at iol.unh.edu dpdklab at iol.unh.edu
Tue Mar 8 02:56:45 CET 2022


Test-Label: iol-aarch64-unit-testing
Test-Status: FAILURE
http://dpdk.org/patch/108584

_Testing issues_

Submitter: David Marchand <david.marchand at redhat.com>
Date: Monday, March 07 2022 18:11:01 
DPDK git baseline: Repo:dpdk
  Branch: master
  CommitID:2479a1e9a8886c93ba4c8a7aa2a35a04302f1aae

108584 --> testing fail

Test environment and result as below:

+-------------------------------+----------------+--------------+
|          Environment          | dpdk_unit_test | lpm_autotest |
+===============================+================+==============+
| Ubuntu 20.04 ARM Clang Native | FAIL           | SKIPPED      |
+-------------------------------+----------------+--------------+
| Ubuntu 20.04 ARM GCC Native   | PASS           | SKIPPED      |
+-------------------------------+----------------+--------------+
| Ubuntu 20.04 ARM SVE          | SKIPPED        | PASS         |
+-------------------------------+----------------+--------------+

==== 20 line log output for Ubuntu 20.04 ARM Clang Native (dpdk_unit_test): ====
[503/3485] Generating lib/flow_classify.sym_chk with a custom command (wrapped by meson to capture output)
[504/3485] Generating lib/mbuf.sym_chk with a custom command (wrapped by meson to capture output)
[505/3485] Generating lib/node.sym_chk with a custom command (wrapped by meson to capture output)
[506/3485] Generating lib/dmadev.sym_chk with a custom command (wrapped by meson to capture output)
[507/3485] Generating lib/power.sym_chk with a custom command (wrapped by meson to capture output)
[508/3485] Generating lib/hash.sym_chk with a custom command (wrapped by meson to capture output)
[509/3485] Generating lib/regexdev.sym_chk with a custom command (wrapped by meson to capture output)
[510/3485] Generating lib/port.sym_chk with a custom command (wrapped by meson to capture output)
[511/3485] Generating lib/mempool.sym_chk with a custom command (wrapped by meson to capture output)
[512/3485] Generating lib/gpudev.sym_chk with a custom command (wrapped by meson to capture output)
[513/3485] Generating lib/table.sym_chk with a custom command (wrapped by meson to capture output)
[514/3485] Generating lib/cmdline.sym_chk with a custom command (wrapped by meson to capture output)
[515/3485] Generating lib/compressdev.sym_chk with a custom command (wrapped by meson to capture output)
[516/3485] Generating lib/graph.sym_chk with a custom command (wrapped by meson to capture output)
[517/3485] Generating lib/cryptodev.sym_chk with a custom command (wrapped by meson to capture output)
[518/3485] Generating lib/eventdev.sym_chk with a custom command (wrapped by meson to capture output)
[519/3485] Generating lib/pipeline.sym_chk with a custom command (wrapped by meson to capture output)
[520/3485] Generating lib/ethdev.sym_chk with a custom command (wrapped by meson to capture output)
[521/3485] Generating lib/eal.sym_chk with a custom command (wrapped by meson to capture output)
ninja: build stopped: subcommand failed.
==== End log output ====

Ubuntu 20.04 ARM Clang Native
	Kernel: 5.4.0-53-generic
	Compiler: clang 10.0.0-4ubuntu1

Ubuntu 20.04 ARM GCC Native
	Kernel: 5.4.0-53-generic
	Compiler: gcc 9.3

Ubuntu 20.04 ARM SVE
	Kernel: 5.4.0-80-generic
	Compiler: gcc 10.3.0 (Ubuntu 10.3.0-1ubuntu1~20.04)

To view detailed results, visit:
https://lab.dpdk.org/results/dashboard/patchsets/21423/

UNH-IOL DPDK Community Lab

To manage your email subscriptions, visit: 
https://lab.dpdk.org/results/dashboard/preferences/subscriptions/


More information about the test-report mailing list