|FAILURE| pw108584 [PATCH] vhost: fix external message handlers

dpdklab at iol.unh.edu dpdklab at iol.unh.edu
Tue Mar 8 06:32:38 CET 2022


Test-Label: iol-x86_64-unit-testing
Test-Status: FAILURE
http://dpdk.org/patch/108584

_Testing issues_

Submitter: David Marchand <david.marchand at redhat.com>
Date: Monday, March 07 2022 18:11:01 
DPDK git baseline: Repo:dpdk
  Branch: master
  CommitID:2479a1e9a8886c93ba4c8a7aa2a35a04302f1aae

108584 --> testing fail

Test environment and result as below:

+------------------+----------------+
|   Environment    | dpdk_unit_test |
+==================+================+
| Ubuntu 18.04     | PASS           |
+------------------+----------------+
| openSUSE Leap 15 | PASS           |
+------------------+----------------+
| CentOS 8         | PASS           |
+------------------+----------------+
| Ubuntu 20.04     | PASS           |
+------------------+----------------+
| Fedora 31        | PASS           |
+------------------+----------------+
| RHEL 7           | PASS           |
+------------------+----------------+
| Fedora 34 clang  | FAIL           |
+------------------+----------------+
| Arch Linux       | PASS           |
+------------------+----------------+
| Fedora 32        | PASS           |
+------------------+----------------+
| RHEL8            | PASS           |
+------------------+----------------+
| CentOS Stream 8  | PASS           |
+------------------+----------------+
| Fedora 34        | PASS           |
+------------------+----------------+
| Fedora 33        | PASS           |
+------------------+----------------+

==== 20 line log output for Fedora 34 clang (dpdk_unit_test): ====
In file included from ../lib/vhost/vhost.c:22:
../lib/vhost/vhost_user.h:158:1: error: attribute '__packed__' is ignored, place it after "struct" to apply attribute to type declaration [-Werror,-Wignored-attributes]
__rte_packed struct vhu_msg_context {
^
../lib/eal/include/rte_common.h:86:37: note: expanded from macro '__rte_packed'
#define __rte_packed __attribute__((__packed__))
^
1 error generated.
[430/3342] Compiling C object 'lib/76b5a35@@rte_vhost at sta/vhost_vhost_crypto.c.o'.
FAILED: lib/76b5a35@@rte_vhost at sta/vhost_vhost_crypto.c.o
clang -Ilib/76b5a35@@rte_vhost at sta -Ilib -I../lib -Ilib/vhost -I../lib/vhost -I. -I../ -Iconfig -I../config -Ilib/eal/include -I../lib/eal/include -Ilib/eal/linux/include -I../lib/eal/linux/include -Ilib/eal/x86/include -I../lib/eal/x86/include -Ilib/eal/common -I../lib/eal/common -Ilib/eal -I../lib/eal -Ilib/kvargs -I../lib/kvargs -Ilib/telemetry/../metrics -I../lib/telemetry/../metrics -Ilib/telemetry -I../lib/telemetry -Ilib/ethdev -I../lib/ethdev -Ilib/net -I../lib/net -Ilib/mbuf -I../lib/mbuf -Ilib/mempool -I../lib/mempool -Ilib/ring -I../lib/ring -Ilib/meter -I../lib/meter -Ilib/cryptodev -I../lib/cryptodev -Ilib/rcu -I../lib/rcu -Ilib/hash -I../lib/hash -Ilib/pci -I../lib/pci -Ilib/dmadev -I../lib/dmadev -Xclang -fcolor-diagnostics -pipe -D_FILE_OFFSET_BITS=64 -Wall -Winvalid-pch -Wextra -Werror -O3 -include rte_config.h -Wcast-qual -Wdeprecated -Wformat -Wformat-nonliteral -Wformat-security -Wmissing-declarations -Wmissing-prototypes -Wnested-externs -Wold-style-definition -Wpointer-arith -Wsign-compare -Wstrict-prototypes -Wundef -Wwrite-strings -Wno-address-of-packed-member -Wno-missing-field-initializers -D_GNU_SOURCE -fPIC -march=native -DALLOW_EXPERIMENTAL_API -DALLOW_INTERNAL_API -DVHOST_CLANG_UNROLL_PRAGMA -fno-strict-aliasing -DRTE_LOG_DEFAULT_LOGTYPE=lib.vhost  -MD -MQ 'lib/76b5a35@@rte_vhost at sta/vhost_vhost_crypto.c.o' -MF 'lib/76b5a35@@rte_vhost at sta/vhost_vhost_crypto.c.o.d' -o 'lib/76b5a35@@rte_vhost at sta/vhost_vhost_crypto.c.o' -c ../lib/vhost/vhost_crypto.c
In file included from ../lib/vhost/vhost_crypto.c:12:
../lib/vhost/vhost_user.h:158:1: error: attribute '__packed__' is ignored, place it after "struct" to apply attribute to type declaration [-Werror,-Wignored-attributes]
__rte_packed struct vhu_msg_context {
^
../lib/eal/include/rte_common.h:86:37: note: expanded from macro '__rte_packed'
#define __rte_packed __attribute__((__packed__))
^
1 error generated.
ninja: build stopped: subcommand failed.
==== End log output ====

Ubuntu 18.04
	Kernel: 4.18.0-240.10.1.el8_3.x86_64
	Compiler: gcc 7.5.0-3ubuntu1~18.04

openSUSE Leap 15
	Kernel: 4.18.0-240.10.1.el8_3.x86_64
	Compiler: gcc 7.5.0

CentOS 8
	Kernel: 4.18.0-240.10.1.el8_3.x86_64
	Compiler: gcc 8.3.1 20191121 (Red Hat 8.3.1-5)

Ubuntu 20.04
	Kernel: 4.18.0-240.10.1.el8_3.x86_64
	Compiler: gcc 9.3.0-17ubuntu1~20.04

Fedora 31
	Kernel: 4.18.0-240.10.1.el8_3.x86_64
	Compiler: gcc 9.3.1

RHEL 7
	Kernel: 4.18.0-240.10.1.el8_3.x86_64
	Compiler: gcc 4.8.5 20150623 (Red Hat 4.8.5-44)

Fedora 34 clang
	Kernel: 5.4.0-72-generic
	Compiler: clang 12.0.0 (Fedora 12.0.0-0.3.rc1.fc34)

Arch Linux
	Kernel: 5.4.0-73-generic
	Compiler: gcc 11.1.0

Fedora 32
	Kernel: 4.18.0-240.10.1.el8_3.x86_64
	Compiler: gcc 10.2.1

RHEL8
	Kernel: 4.18.0-240.10.1.el8_3.x86_64
	Compiler: gcc 8.3.1 20191121 (Red Hat 8.3.1-5)

CentOS Stream 8
	Kernel: 4.18.0-240.10.1.el8_3.x86_64
	Compiler: gcc 8.4.1 20200928

Fedora 34
	Kernel: 5.4.0-72-generic
	Compiler: gcc 11.1.1 20210428 (Red Hat 11.1.1-1)

Fedora 33
	Kernel: 5.4.0-72-generic
	Compiler: gcc 10.3.1 20210422 (Red Hat 10.3.1-1)

To view detailed results, visit:
https://lab.dpdk.org/results/dashboard/patchsets/21423/

UNH-IOL DPDK Community Lab

To manage your email subscriptions, visit: 
https://lab.dpdk.org/results/dashboard/preferences/subscriptions/


More information about the test-report mailing list