|FAILURE| pw108787 [PATCH] ethtool: added list command to list all available commands
dpdklab at iol.unh.edu
dpdklab at iol.unh.edu
Mon Mar 21 16:11:45 CET 2022
Test-Label: iol-aarch64-compile-testing
Test-Status: FAILURE
http://dpdk.org/patch/108787
_Testing issues_
Submitter: huzaifa.rahman <huzaifa.rahman at emumba.com>
Date: Monday, March 21 2022 14:25:47
DPDK git baseline: Repo:dpdk
Branch: master
CommitID:80c5b4d6355d1dbece8dd1f812d374f3e24086bc
108787 --> testing fail
Test environment and result as below:
+----------------------------------------+--------------------+
| Environment | dpdk_meson_compile |
+========================================+====================+
| Ubuntu 20.04 ARM GCC Native | PASS |
+----------------------------------------+--------------------+
| Ubuntu 20.04 ARM Clang Native | PASS |
+----------------------------------------+--------------------+
| Ubuntu 20.04 ARM GCC Cross Compile | FAIL |
+----------------------------------------+--------------------+
| Ubuntu 20.04 aarch32 GCC Cross Compile | FAIL |
+----------------------------------------+--------------------+
| Ubuntu 20.04 ARM SVE | PASS |
+----------------------------------------+--------------------+
| Ubuntu 20.04 ARM Clang Cross Compile | FAIL |
+----------------------------------------+--------------------+
==== 20 line log output for Ubuntu 20.04 ARM Clang Cross Compile (dpdk_meson_compile): ====
[3115/3281] Compiling C object 'examples/c590b3c@@dpdk-distributor at exe/distributor_main.c.o'.
[3116/3281] Linking target examples/dpdk-distributor.
[3117/3281] Compiling C object 'examples/c590b3c@@dpdk-cmdline at exe/cmdline_main.c.o'.
[3118/3281] Linking target examples/dpdk-cmdline.
[3119/3281] Linking target examples/dpdk-dma.
[3120/3281] Compiling C object 'examples/c590b3c@@dpdk-ethtool at exe/ethtool_ethtool-app_ethapp.c.o'.
FAILED: examples/c590b3c@@dpdk-ethtool at exe/ethtool_ethtool-app_ethapp.c.o
clang -Iexamples/c590b3c@@dpdk-ethtool at exe -Iexamples -I../examples -I../examples/ethtool/lib -I../examples/ethtool/ethtool-app -I. -I../ -Iconfig -I../config -Ilib/eal/include -I../lib/eal/include -Ilib/eal/linux/include -I../lib/eal/linux/include -Ilib/eal/arm/include -I../lib/eal/arm/include -Ilib/eal/common -I../lib/eal/common -Ilib/eal -I../lib/eal -Ilib/kvargs -I../lib/kvargs -Ilib/telemetry/../metrics -I../lib/telemetry/../metrics -Ilib/telemetry -I../lib/telemetry -Ilib/mempool -I../lib/mempool -Ilib/ring -I../lib/ring -Ilib/net -I../lib/net -Ilib/mbuf -I../lib/mbuf -Ilib/ethdev -I../lib/ethdev -Ilib/meter -I../lib/meter -Ilib/cmdline -I../lib/cmdline -Idrivers/bus/pci -I../drivers/bus/pci -I../drivers/bus/pci/linux -Ilib/pci -I../lib/pci -Idrivers/net/ixgbe -I../drivers/net/ixgbe -Idrivers/net/ixgbe/base -I../drivers/net/ixgbe/base -Idrivers/bus/vdev -I../drivers/bus/vdev -Ilib/hash -I../lib/hash -Ilib/rcu -I../lib/rcu -Ilib/security -I../lib/security -Ilib/cryptodev -I../lib/cryptodev -Xclang -fcolor-diagnostics -pipe -D_FILE_OFFSET_BITS=64 -Wall -Winvalid-pch -Wextra -Werror -O3 -include rte_config.h -Wcast-qual -Wdeprecated -Wformat -Wformat-nonliteral -Wformat-security -Wmissing-declarations -Wmissing-prototypes -Wnested-externs -Wold-style-definition -Wpointer-arith -Wsign-compare -Wstrict-prototypes -Wundef -Wwrite-strings -Wno-address-of-packed-member -Wno-missing-field-initializers -D_GNU_SOURCE -march=armv8-a+crc -DALLOW_EXPERIMENTAL_API -target aarch64-linux-gnu --sysroot /usr/aarch64-linux-gnu -MD -MQ 'examples/c590b3c@@dpdk-ethtool at exe/ethtool_ethtool-app_ethapp.c.o' -MF 'examples/c590b3c@@dpdk-ethtool at exe/ethtool_ethtool-app_ethapp.c.o.d' -o 'examples/c590b3c@@dpdk-ethtool at exe/ethtool_ethtool-app_ethapp.c.o' -c ../examples/ethtool/ethtool-app/ethapp.c
../examples/ethtool/ethtool-app/ethapp.c:139:1: error: no previous prototype for function 'list_cmd' [-Werror,-Wmissing-prototypes]
list_cmd(unsigned int sr, const char *name, const char *format, const char *description)
^
../examples/ethtool/ethtool-app/ethapp.c:138:1: note: declare 'static' if the function is not intended to be used outside of this translation unit
void
^
static
../examples/ethtool/ethtool-app/ethapp.c:154:18: error: unused parameter 'ctx' [-Werror,-Wunused-parameter]
struct cmdline *ctx,
^
2 errors generated.
ninja: build stopped: subcommand failed.
==== End log output ====
Ubuntu 20.04 ARM GCC Native
Kernel: 5.4.0-53-generic
Compiler: gcc 9.3
Ubuntu 20.04 ARM Clang Native
Kernel: 5.4.0-53-generic
Compiler: clang 10.0.0-4ubuntu1
Ubuntu 20.04 ARM GCC Cross Compile
Kernel: 5.4.0-72-generic
Compiler: aarch64-linux-gnu-gcc (Ubuntu 9.3.0-17ubuntu1~20.04) 9.3.0
Ubuntu 20.04 aarch32 GCC Cross Compile
Kernel: 5.4.0-72-generic
Compiler: gcc 9.3.0
Ubuntu 20.04 ARM SVE
Kernel: 5.4.0-80-generic
Compiler: gcc 10.3.0 (Ubuntu 10.3.0-1ubuntu1~20.04)
Ubuntu 20.04 ARM Clang Cross Compile
Kernel: 5.4.0-72-generic
Compiler: clang version 10.0.0-4ubuntu1
To view detailed results, visit:
https://lab.dpdk.org/results/dashboard/patchsets/21531/
UNH-IOL DPDK Community Lab
To manage your email subscriptions, visit:
https://lab.dpdk.org/results/dashboard/preferences/subscriptions/
More information about the test-report
mailing list