|FAILURE| pw108796 [PATCH] app/testpmd: fix quit testpmd with vfs and pf

dpdklab at iol.unh.edu dpdklab at iol.unh.edu
Tue Mar 22 09:00:02 CET 2022


Test-Label: iol-aarch64-unit-testing
Test-Status: FAILURE
http://dpdk.org/patch/108796

_Testing issues_

Submitter: Ke Zhang <ke1x.zhang at intel.com>
Date: Tuesday, March 22 2022 07:18:33 
DPDK git baseline: Repo:dpdk
  Branch: master
  CommitID:1d5e58e9b6962cb00fc5c7369cbf4e3b932a9b8e

108796 --> testing fail

Test environment and result as below:

+-------------------------------+--------------+----------------+
|          Environment          | lpm_autotest | dpdk_unit_test |
+===============================+==============+================+
| Ubuntu 20.04 ARM SVE          | PASS         | SKIPPED        |
+-------------------------------+--------------+----------------+
| Ubuntu 20.04 ARM GCC Native   | SKIPPED      | PASS           |
+-------------------------------+--------------+----------------+
| Ubuntu 20.04 ARM Clang Native | SKIPPED      | FAIL           |
+-------------------------------+--------------+----------------+

==== 20 line log output for Ubuntu 20.04 ARM Clang Native (dpdk_unit_test): ====
if (ports != NULL) {
^~~~~    ~~~~
1 error generated.
[3213/3485] Generating drivers/rte_baseband_turbo_sw.sym_chk with a custom command (wrapped by meson to capture output)
[3214/3485] Generating drivers/rte_baseband_la12xx.sym_chk with a custom command (wrapped by meson to capture output)
[3215/3485] Generating drivers/rte_baseband_null.sym_chk with a custom command (wrapped by meson to capture output)
[3216/3485] Generating drivers/rte_event_opdl.sym_chk with a custom command (wrapped by meson to capture output)
[3217/3485] Generating drivers/rte_event_dpaa2.sym_chk with a custom command (wrapped by meson to capture output)
[3218/3485] Generating drivers/rte_baseband_fpga_lte_fec.sym_chk with a custom command (wrapped by meson to capture output)
[3219/3485] Generating drivers/rte_baseband_acc100.sym_chk with a custom command (wrapped by meson to capture output)
[3220/3485] Generating drivers/rte_baseband_fpga_5gnr_fec.sym_chk with a custom command (wrapped by meson to capture output)
[3221/3485] Generating drivers/rte_event_octeontx.sym_chk with a custom command (wrapped by meson to capture output)
[3222/3485] Generating drivers/rte_common_mlx5.sym_chk with a custom command (wrapped by meson to capture output)
[3223/3485] Generating drivers/rte_event_sw.sym_chk with a custom command (wrapped by meson to capture output)
[3224/3485] Generating lib/ethdev.sym_chk with a custom command (wrapped by meson to capture output)
[3225/3485] Generating lib/eal.sym_chk with a custom command (wrapped by meson to capture output)
[3226/3485] Generating drivers/rte_common_sfc_efx.sym_chk with a custom command (wrapped by meson to capture output)
[3227/3485] Generating drivers/rte_event_cnxk.pmd.c with a custom command
[3228/3485] Generating drivers/rte_common_cnxk.sym_chk with a custom command (wrapped by meson to capture output)
ninja: build stopped: subcommand failed.
==== End log output ====

Ubuntu 20.04 ARM SVE
	Kernel: 5.4.0-80-generic
	Compiler: gcc 10.3.0 (Ubuntu 10.3.0-1ubuntu1~20.04)

Ubuntu 20.04 ARM GCC Native
	Kernel: 5.4.0-53-generic
	Compiler: gcc 9.3

Ubuntu 20.04 ARM Clang Native
	Kernel: 5.4.0-53-generic
	Compiler: clang 10.0.0-4ubuntu1

To view detailed results, visit:
https://lab.dpdk.org/results/dashboard/patchsets/21537/

UNH-IOL DPDK Community Lab

To manage your email subscriptions, visit: 
https://lab.dpdk.org/results/dashboard/preferences/subscriptions/


More information about the test-report mailing list