|FAILURE| [GIT MASTER] dec4b1b89ec3e34c26537e3acd76b628d75d7253
dpdklab at iol.unh.edu
dpdklab at iol.unh.edu
Thu Mar 24 06:38:51 CET 2022
_Testing issues_
Branch: tags/v21.11
dec4b1b89ec3e34c26537e3acd76b628d75d7253 --> testing fail
Test environment and result as below:
+---------------------+--------------------+----------------------+
| Environment | dpdk_meson_compile | dpdk_mingw64_compile |
+=====================+====================+======================+
| Windows Server 2019 | FAIL | PASS |
+---------------------+--------------------+----------------------+
| FreeBSD 13 | PASS | SKIPPED |
+---------------------+--------------------+----------------------+
| openSUSE Leap 15 | PASS | SKIPPED |
+---------------------+--------------------+----------------------+
| CentOS 8 | PASS | SKIPPED |
+---------------------+--------------------+----------------------+
| Fedora 31 | PASS | SKIPPED |
+---------------------+--------------------+----------------------+
| Fedora 32 | PASS | SKIPPED |
+---------------------+--------------------+----------------------+
| Ubuntu 18.04 | PASS | SKIPPED |
+---------------------+--------------------+----------------------+
| CentOS Stream 8 | PASS | SKIPPED |
+---------------------+--------------------+----------------------+
| Ubuntu 20.04 | PASS | SKIPPED |
+---------------------+--------------------+----------------------+
| Fedora 33 | PASS | SKIPPED |
+---------------------+--------------------+----------------------+
| RHEL 7 | PASS | SKIPPED |
+---------------------+--------------------+----------------------+
| Arch Linux | PASS | SKIPPED |
+---------------------+--------------------+----------------------+
| Fedora 34 | PASS | SKIPPED |
+---------------------+--------------------+----------------------+
| Alpine | PASS | SKIPPED |
+---------------------+--------------------+----------------------+
| RHEL8 | PASS | SKIPPED |
+---------------------+--------------------+----------------------+
| Fedora 34 clang | PASS | SKIPPED |
+---------------------+--------------------+----------------------+
==== 20 line log output for Windows Server 2019 (dpdk_meson_compile): ====
[533/617] Compiling C object drivers/a715181@@rte_net_ixgbe at sha/meson-generated_.._rte_net_ixgbe.pmd.c.obj.
[534/617] Compiling C object drivers/a715181@@rte_net_ixgbe at sta/meson-generated_.._rte_net_ixgbe.pmd.c.obj.
[535/617] Linking static target drivers/librte_net_ixgbe.a.
[536/617] Compiling C object drivers/a715181@@tmp_rte_net_mlx5 at sta/net_mlx5_mlx5_txpp.c.obj.
[537/617] Compiling C object drivers/a715181@@tmp_rte_net_mlx5 at sta/net_mlx5_mlx5_flow.c.obj.
FAILED: drivers/a715181@@tmp_rte_net_mlx5 at sta/net_mlx5_mlx5_flow.c.obj
clang @drivers/a715181@@tmp_rte_net_mlx5 at sta/net_mlx5_mlx5_flow.c.obj.rsp
../drivers/net/mlx5/mlx5_flow.c:9939:23: error: incomplete definition of type 'struct rte_pci_device'
switch (priv->pci_dev->id.device_id) {
~~~~~~~~~~~~~^
..\drivers\net/mlx5/mlx5.h:154:9: note: forward declaration of 'struct rte_pci_device'
struct rte_pci_device *pci_dev; /**< Backend PCI device. */
^
1 error generated.
[538/617] Generating rte_net_ixgbe_mingw with a custom command.
[539/617] Compiling C object drivers/a715181@@tmp_rte_net_octeontx_ep at sta/net_octeontx_ep_otx_ep_vf.c.obj.
[540/617] Compiling C object drivers/a715181@@tmp_rte_net_mlx5 at sta/net_mlx5_mlx5_flow_flex.c.obj.
[541/617] Compiling C object drivers/a715181@@tmp_rte_net_mlx5 at sta/net_mlx5_mlx5_tx_empw.c.obj.
[542/617] Compiling C object drivers/a715181@@tmp_rte_net_mlx5 at sta/net_mlx5_mlx5_tx_nompw.c.obj.
ninja: build stopped: subcommand failed.
==== End log output ====
Windows Server 2019
Kernel: 10.0
Compiler: clang 9.0 and gcc 8.1.0 (MinGW)
FreeBSD 13
Kernel: 13.0
Compiler: clang 11.0.1
openSUSE Leap 15
Kernel: 4.18.0-240.10.1.el8_3.x86_64
Compiler: gcc 7.5.0
CentOS 8
Kernel: 4.18.0-240.10.1.el8_3.x86_64
Compiler: gcc 8.3.1 20191121 (Red Hat 8.3.1-5)
Fedora 31
Kernel: 4.18.0-240.10.1.el8_3.x86_64
Compiler: gcc 9.3.1
Fedora 32
Kernel: 4.18.0-240.10.1.el8_3.x86_64
Compiler: gcc 10.2.1
Ubuntu 18.04
Kernel: 4.18.0-240.10.1.el8_3.x86_64
Compiler: gcc 7.5.0-3ubuntu1~18.04
CentOS Stream 8
Kernel: 4.18.0-240.10.1.el8_3.x86_64
Compiler: gcc 8.4.1 20200928
Ubuntu 20.04
Kernel: 4.18.0-240.10.1.el8_3.x86_64
Compiler: gcc 9.3.0-17ubuntu1~20.04
Fedora 33
Kernel: 5.4.0-72-generic
Compiler: gcc 10.3.1 20210422 (Red Hat 10.3.1-1)
RHEL 7
Kernel: 4.18.0-240.10.1.el8_3.x86_64
Compiler: gcc 4.8.5 20150623 (Red Hat 4.8.5-44)
Arch Linux
Kernel: 5.4.0-73-generic
Compiler: gcc 11.1.0
Fedora 34
Kernel: 5.4.0-72-generic
Compiler: gcc 11.1.1 20210428 (Red Hat 11.1.1-1)
Alpine
Kernel: 5.4.0-73-generic
Compiler: gcc (Alpine 10.3.1_git20210424) 10.3.1 20210424
RHEL8
Kernel: 4.18.0-240.10.1.el8_3.x86_64
Compiler: gcc 8.3.1 20191121 (Red Hat 8.3.1-5)
Fedora 34 clang
Kernel: 5.4.0-72-generic
Compiler: clang 12.0.0 (Fedora 12.0.0-0.3.rc1.fc34)
To view detailed results, visit:
https://lab.dpdk.org/results/dashboard/tarballs/19233/
UNH-IOL DPDK Community Lab
To manage your email subscriptions, visit:
https://lab.dpdk.org/results/dashboard/preferences/subscriptions/
More information about the test-report
mailing list