|FAILURE| pw108952-108960 [PATCH] [v2, 9/9] net/ice: add warning log for unsupported configuration

dpdklab at iol.unh.edu dpdklab at iol.unh.edu
Tue Mar 29 07:05:02 CEST 2022


Test-Label: iol-aarch64-unit-testing
Test-Status: FAILURE
http://dpdk.org/patch/108960

_Testing issues_

Submitter: Wenjun Wu <wenjun1.wu at intel.com>
Date: Tuesday, March 29 2022 02:03:08 
DPDK git baseline: Repo:dpdk
  Branch: master
  CommitID:1d5e58e9b6962cb00fc5c7369cbf4e3b932a9b8e

108952-108960 --> testing fail

Test environment and result as below:

+-------------------------------+----------------+--------------+
|          Environment          | dpdk_unit_test | lpm_autotest |
+===============================+================+==============+
| Ubuntu 20.04 ARM Clang Native | FAIL           | SKIPPED      |
+-------------------------------+----------------+--------------+
| Ubuntu 20.04 ARM GCC Native   | FAIL           | SKIPPED      |
+-------------------------------+----------------+--------------+
| Ubuntu 20.04 ARM SVE          | SKIPPED        | PASS         |
+-------------------------------+----------------+--------------+

==== 20 line log output for Ubuntu 20.04 ARM GCC Native (dpdk_unit_test): ====
[1957/3486] Generating drivers/rte_net_octeontx_ep.sym_chk with a custom command (wrapped by meson to capture output)
[1958/3486] Generating drivers/rte_net_nfp.sym_chk with a custom command (wrapped by meson to capture output)
[1959/3486] Generating drivers/rte_net_pfe.sym_chk with a custom command (wrapped by meson to capture output)
[1960/3486] Generating drivers/rte_net_i40e.sym_chk with a custom command (wrapped by meson to capture output)
[1961/3486] Generating lib/pipeline.sym_chk with a custom command (wrapped by meson to capture output)
[1962/3486] Generating drivers/rte_net_ixgbe.sym_chk with a custom command (wrapped by meson to capture output)
[1963/3486] Generating drivers/rte_bus_dpaa.sym_chk with a custom command (wrapped by meson to capture output)
[1964/3486] Compiling C object drivers/libtmp_rte_net_ice.a.p/net_ice_ice_fdir_filter.c.o
[1965/3486] Generating drivers/rte_bus_fslmc.sym_chk with a custom command (wrapped by meson to capture output)
[1966/3486] Compiling C object drivers/libtmp_rte_net_ice.a.p/net_ice_ice_switch_filter.c.o
[1967/3486] Generating drivers/rte_common_mlx5.sym_chk with a custom command (wrapped by meson to capture output)
[1968/3486] Compiling C object drivers/net/ice/base/libice_base.a.p/ice_common.c.o
[1969/3486] Generating lib/ethdev.sym_chk with a custom command (wrapped by meson to capture output)
[1970/3486] Compiling C object drivers/net/ice/base/libice_base.a.p/ice_sched.c.o
[1971/3486] Compiling C object drivers/libtmp_rte_net_ice.a.p/net_ice_ice_ethdev.c.o
[1972/3486] Compiling C object drivers/libtmp_rte_net_ice.a.p/net_ice_ice_rxtx.c.o
[1973/3486] Generating drivers/rte_common_sfc_efx.sym_chk with a custom command (wrapped by meson to capture output)
[1974/3486] Generating lib/eal.sym_chk with a custom command (wrapped by meson to capture output)
[1975/3486] Generating drivers/rte_common_cnxk.sym_chk with a custom command (wrapped by meson to capture output)
ninja: build stopped: subcommand failed.
==== End log output ====

Ubuntu 20.04 ARM Clang Native
	Kernel: 5.4.0-53-generic
	Compiler: clang 10.0.0-4ubuntu1

Ubuntu 20.04 ARM GCC Native
	Kernel: 5.4.0-53-generic
	Compiler: gcc 9.3

Ubuntu 20.04 ARM SVE
	Kernel: 5.4.0-80-generic
	Compiler: gcc 10.3.0 (Ubuntu 10.3.0-1ubuntu1~20.04)

To view detailed results, visit:
https://lab.dpdk.org/results/dashboard/patchsets/21600/

UNH-IOL DPDK Community Lab

To manage your email subscriptions, visit: 
https://lab.dpdk.org/results/dashboard/preferences/subscriptions/


More information about the test-report mailing list